{"id":9602,"date":"2020-10-23T09:55:42","date_gmt":"2020-10-23T12:55:42","guid":{"rendered":"https:\/\/paz.church\/saopaulo\/?page_id=9602"},"modified":"2021-06-02T18:32:49","modified_gmt":"2021-06-02T21:32:49","slug":"contribua","status":"publish","type":"page","link":"https:\/\/paz.church\/belohorizonte\/contribua\/","title":{"rendered":"Contribua"},"content":{"rendered":"<div id=\"pl-9602\"  class=\"panel-layout\" ><div id=\"pg-9602-0\"  class=\"panel-grid panel-has-style\" ><div class=\"siteorigin-panels-stretch panel-row-style panel-row-style-for-9602-0\" data-stretch-type=\"full\" ><div id=\"pgc-9602-0-0\"  class=\"panel-grid-cell\" ><div id=\"panel-9602-0-0-0\" class=\"so-panel widget widget_sow-editor panel-first-child panel-last-child\" data-index=\"0\" ><div\n\t\t\t\n\t\t\tclass=\"so-widget-sow-editor so-widget-sow-editor-base\"\n\t\t\t\n\t\t>\n<div class=\"siteorigin-widget-tinymce textwidget\">\n\t<p>Sua generosidade est\u00e1 transformando o mundo! O avan\u00e7o do Reino de Deus em v\u00e1rios pa\u00edses, a restaura\u00e7\u00e3o de fam\u00edlias e o socorro aos necessitados atrav\u00e9s da a\u00e7\u00e3o social da igreja, tem sido beneficiados com o seu fiel apoio financeiro.<\/p>\n<p>Contribua a qualquer hora, em qualquer lugar.<\/p>\n<\/div>\n<\/div><\/div><\/div><\/div><\/div><div id=\"pg-9602-1\"  class=\"panel-grid panel-has-style\" ><div id=\"doar02\" class=\"panel-row-style panel-row-style-for-9602-1\" ><div id=\"pgc-9602-1-0\"  class=\"panel-grid-cell\" ><div id=\"panel-9602-1-0-0\" class=\"so-panel widget widget_media_image panel-first-child panel-last-child\" data-index=\"1\" ><div class=\"panel-widget-style panel-widget-style-for-9602-1-0-0\" ><img loading=\"lazy\" decoding=\"async\" class=\"image \" src=\"https:\/\/paz.church\/saoluis\/wp-content\/uploads\/2020\/11\/Pix-icone.png\" alt=\"\" width=\"64\" height=\"64\" \/><\/div><\/div><\/div><div id=\"pgc-9602-1-1\"  class=\"panel-grid-cell\" ><div id=\"panel-9602-1-1-0\" class=\"so-panel widget widget_sow-headline panel-first-child\" data-index=\"2\" ><div\n\t\t\t\n\t\t\tclass=\"so-widget-sow-headline so-widget-sow-headline-default-1d186b115fdc-9602\"\n\t\t\t\n\t\t><div class=\"sow-headline-container \">\n\t\t\t\t\t\t\t<h3 class=\"sow-headline\">\n\t\t\t\t\t\tPix\t\t\t\t\t\t<\/h3>\n\t\t\t\t\t\t<\/div>\n<\/div><\/div><div id=\"panel-9602-1-1-1\" class=\"so-panel widget widget_sow-editor panel-last-child\" data-index=\"3\" ><div\n\t\t\t\n\t\t\tclass=\"so-widget-sow-editor so-widget-sow-editor-base\"\n\t\t\t\n\t\t>\n<div class=\"siteorigin-widget-tinymce textwidget\">\n\t<p>Voc\u00ea pode fazer a sua contribui\u00e7\u00e3o atrav\u00e9s da Chave\/CNPJ ou pelo QR Code.<br \/>\nCNPJ: 20.764.399\/0001-94<\/p>\n<\/div>\n<\/div><\/div><\/div><div id=\"pgc-9602-1-2\"  class=\"panel-grid-cell\" ><div id=\"panel-9602-1-2-0\" class=\"so-panel widget widget_sow-image panel-first-child panel-last-child\" data-index=\"4\" ><div\n\t\t\t\n\t\t\tclass=\"so-widget-sow-image so-widget-sow-image-default-d856d782ea5f-9602\"\n\t\t\t\n\t\t>\n\n<div class=\"sow-image-container\">\n\t\t<img loading=\"lazy\" decoding=\"async\" src=\"https:\/\/paz.church\/belohorizonte\/wp-content\/uploads\/2021\/05\/pix-1-e1620951693292.jpeg\" width=\"189\" height=\"197\" sizes=\"auto, (max-width: 189px) 100vw, 189px\" title=\"pix\" alt=\"\" \t\tclass=\"so-widget-image\"\/>\n\t<\/div>\n\n<\/div><\/div><\/div><\/div><\/div><div id=\"pg-9602-2\"  class=\"panel-grid panel-has-style\" ><div id=\"doar02\" class=\"panel-row-style panel-row-style-for-9602-2\" ><div id=\"pgc-9602-2-0\"  class=\"panel-grid-cell\" ><div id=\"panel-9602-2-0-0\" class=\"so-panel widget widget_sow-icon panel-first-child panel-last-child\" data-index=\"5\" ><div\n\t\t\t\n\t\t\tclass=\"so-widget-sow-icon so-widget-sow-icon-default-b6d7bacdc231-9602\"\n\t\t\t\n\t\t>\n<div class=\"sow-icon-container sow-icon\">\n\t\t\t<span class=\"sow-icon-fontawesome sow-fas\" data-sow-icon=\"&#xf4b9;\"\n\t\t \n\t\taria-hidden=\"true\"><\/span>\t<\/div>\n<\/div><\/div><\/div><div id=\"pgc-9602-2-1\"  class=\"panel-grid-cell\" ><div id=\"panel-9602-2-1-0\" class=\"so-panel widget widget_sow-headline panel-first-child\" data-index=\"6\" ><div\n\t\t\t\n\t\t\tclass=\"so-widget-sow-headline so-widget-sow-headline-default-1d186b115fdc-9602\"\n\t\t\t\n\t\t><div class=\"sow-headline-container \">\n\t\t\t\t\t\t\t<h3 class=\"sow-headline\">\n\t\t\t\t\t\tConta banc\u00e1ria\t\t\t\t\t\t<\/h3>\n\t\t\t\t\t\t<\/div>\n<\/div><\/div><div id=\"panel-9602-2-1-1\" class=\"so-panel widget widget_sow-editor panel-last-child\" data-index=\"7\" ><div\n\t\t\t\n\t\t\tclass=\"so-widget-sow-editor so-widget-sow-editor-base\"\n\t\t\t\n\t\t>\n<div class=\"siteorigin-widget-tinymce textwidget\">\n\t<p><strong>Caixa Econ\u00f4mica Federal<\/strong> (Banco 104)<br \/>\nAg\u00eancia: 2986<br \/>\nConta Corrente: 2136-0<br \/>\nOpera\u00e7\u00e3o: 003<br \/>\nCNPJ: 20.764.399\/0001-94<br \/>\nIgreja da Paz Minas Gerais<\/p>\n<\/div>\n<\/div><\/div><\/div><\/div><\/div><div id=\"pg-9602-3\"  class=\"panel-grid panel-has-style\" ><div class=\"panel-row-style panel-row-style-for-9602-3\" ><div id=\"pgc-9602-3-0\"  class=\"panel-grid-cell\" ><div id=\"panel-9602-3-0-0\" class=\"so-panel widget widget_sow-editor panel-first-child panel-last-child\" data-index=\"8\" ><div\n\t\t\t\n\t\t\tclass=\"so-widget-sow-editor so-widget-sow-editor-base\"\n\t\t\t\n\t\t>\n<div class=\"siteorigin-widget-tinymce textwidget\">\n\t<p style=\"text-align: center;\"><strong><em>\u201cE Deus pode dar muito mais do que voc\u00eas precisam para que voc\u00eas tenham sempre tudo o que necessitam e ainda mais do que o necess\u00e1rio para fazerem todo tipo de boas obras.\u201d<\/em><br \/>\n<\/strong>(2 Cor\u00edntios 9.8 NTLH)<\/p>\n<\/div>\n<\/div><\/div><\/div><\/div><\/div><\/div>","protected":false},"excerpt":{"rendered":"<p>Sua generosidade est\u00e1 transformando o mundo! O avan\u00e7o do Reino de Deus em v\u00e1rios pa\u00edses, a restaura\u00e7\u00e3o de fam\u00edlias e o socorro aos necessitados atrav\u00e9s da a\u00e7\u00e3o social da igreja, tem sido beneficiados com o seu fiel apoio financeiro. Contribua a qualquer hora, em qualquer lugar. Voc\u00ea pode fazer a sua contribui\u00e7\u00e3o atrav\u00e9s da Chave\/CNPJContinue reading &rarr;<\/p>\n","protected":false},"author":1,"featured_media":11702,"parent":0,"menu_order":0,"comment_status":"closed","ping_status":"closed","template":"","meta":{"footnotes":""},"class_list":["post-9602","page","type-page","status-publish","has-post-thumbnail","has-thumb"],"aioseo_notices":[],"_links":{"self":[{"href":"https:\/\/paz.church\/belohorizonte\/wp-json\/wp\/v2\/pages\/9602","targetHints":{"allow":["GET"]}}],"collection":[{"href":"https:\/\/paz.church\/belohorizonte\/wp-json\/wp\/v2\/pages"}],"about":[{"href":"https:\/\/paz.church\/belohorizonte\/wp-json\/wp\/v2\/types\/page"}],"author":[{"embeddable":true,"href":"https:\/\/paz.church\/belohorizonte\/wp-json\/wp\/v2\/users\/1"}],"replies":[{"embeddable":true,"href":"https:\/\/paz.church\/belohorizonte\/wp-json\/wp\/v2\/comments?post=9602"}],"version-history":[{"count":37,"href":"https:\/\/paz.church\/belohorizonte\/wp-json\/wp\/v2\/pages\/9602\/revisions"}],"predecessor-version":[{"id":11666,"href":"https:\/\/paz.church\/belohorizonte\/wp-json\/wp\/v2\/pages\/9602\/revisions\/11666"}],"wp:featuredmedia":[{"embeddable":true,"href":"https:\/\/paz.church\/belohorizonte\/wp-json\/wp\/v2\/media\/11702"}],"wp:attachment":[{"href":"https:\/\/paz.church\/belohorizonte\/wp-json\/wp\/v2\/media?parent=9602"}],"curies":[{"name":"wp","href":"https:\/\/api.w.org\/{rel}","templated":true}]}}