{"id":1249,"date":"2018-12-11T21:10:16","date_gmt":"2018-12-11T23:10:16","guid":{"rendered":"https:\/\/paz.church\/saopaulo\/?page_id=1249"},"modified":"2022-09-28T23:36:19","modified_gmt":"2022-09-29T02:36:19","slug":"pastores","status":"publish","type":"page","link":"https:\/\/paz.church\/fortaleza\/pastores\/","title":{"rendered":"Nossos pastores"},"content":{"rendered":"<div id=\"pl-1249\"  class=\"panel-layout\" ><div id=\"pg-1249-0\"  class=\"panel-grid panel-has-style\" ><div id=\"Team01\" class=\"panel-row-style panel-row-style-for-1249-0\" ><div id=\"pgc-1249-0-0\"  class=\"panel-grid-cell\" ><div id=\"colunas-widget\" class=\"panel-cell-style panel-cell-style-for-1249-0-0\" ><div id=\"panel-1249-0-0-0\" class=\"so-panel widget widget_sow-headline panel-first-child panel-last-child\" data-index=\"0\" ><div class=\"titulo panel-widget-style panel-widget-style-for-1249-0-0-0\" ><div\n\t\t\t\n\t\t\tclass=\"so-widget-sow-headline so-widget-sow-headline-default-b0e2e7a73887-1249\"\n\t\t\t\n\t\t><div class=\"sow-headline-container \">\n\t<h3 class='sow-headline'>Pastores Seniores<\/h3><\/div>\n<\/div><\/div><\/div><\/div><\/div><\/div><\/div><a id=\"bordas\"><\/a><div id=\"pg-1249-1\"  class=\"panel-grid panel-has-style\"  data-extraid=\"bordas\" ><div class=\"bordas panel-row-style panel-row-style-for-1249-1\" id=\"team\" ><div id=\"pgc-1249-1-0\"  class=\"panel-grid-cell\" ><div id=\"panel-1249-1-0-0\" class=\"so-panel widget widget_sow-image panel-first-child panel-last-child\" data-index=\"1\" ><div\n\t\t\t\n\t\t\tclass=\"so-widget-sow-image so-widget-sow-image-default-8b5b6f678277-1249\"\n\t\t\t\n\t\t>\n\n<div class=\"sow-image-container\">\n\t\t<img decoding=\"async\" src=\"https:\/\/paz.church\/fortaleza\/wp-content\/uploads\/2022\/09\/DPSDOCLICK-3-330x330.jpg\" width=\"330\" height=\"330\" srcset=\"https:\/\/paz.church\/fortaleza\/wp-content\/uploads\/2022\/09\/DPSDOCLICK-3-330x330.jpg 330w, https:\/\/paz.church\/fortaleza\/wp-content\/uploads\/2022\/09\/DPSDOCLICK-3-180x180.jpg 180w, https:\/\/paz.church\/fortaleza\/wp-content\/uploads\/2022\/09\/DPSDOCLICK-3-426x426.jpg 426w, https:\/\/paz.church\/fortaleza\/wp-content\/uploads\/2022\/09\/DPSDOCLICK-3-75x75.jpg 75w\" sizes=\"(max-width: 330px) 100vw, 330px\" title=\"DPSDOCLICK\" alt=\"\" loading=\"lazy\" \t\tclass=\"so-widget-image\"\/>\n\t<\/div>\n\n<\/div><\/div><\/div><div id=\"pgc-1249-1-1\"  class=\"panel-grid-cell\" ><div id=\"panel-1249-1-1-0\" class=\"so-panel widget widget_sow-editor panel-first-child\" data-index=\"2\" ><div\n\t\t\t\n\t\t\tclass=\"so-widget-sow-editor so-widget-sow-editor-base\"\n\t\t\t\n\t\t><h3 class=\"widget-title\">Sandro &amp; Albea Oliveira<\/h3>\n<div class=\"siteorigin-widget-tinymce textwidget\">\n\t<p>Pastores Seniors da Paz Fortaleza, presidem a Base Regional Cear\u00e1 da Paz Church. Disc\u00edpulos dos pastores Abe e Andr\u00e9a Huber, possuem ampla experi\u00eancia na din\u00e2mica da igreja em c\u00e9lulas com \u00eanfase no discipulado. S\u00e3o apaixonados pela obra mission\u00e1ria e t\u00eam dedicado suas vidas ao pastoreio, cuidado e salva\u00e7\u00e3o e de muitas pessoas. S\u00e3o os pais de Paulo, Isabelle e Lais.<\/p>\n<\/div>\n<\/div><\/div><div id=\"panel-1249-1-1-1\" class=\"so-panel widget widget_sow-social-media-buttons panel-last-child\" data-index=\"3\" ><div class=\"redessociais panel-widget-style panel-widget-style-for-1249-1-1-1\" ><div\n\t\t\t\n\t\t\tclass=\"so-widget-sow-social-media-buttons so-widget-sow-social-media-buttons-flat-470f2fe66bc6-1249\"\n\t\t\t\n\t\t>\n\n<div class=\"social-media-button-container\">\n\t\n\t\t<a class=\"sow-social-media-button-facebook-0 sow-social-media-button\" title=\"Paz Church | Fortaleza em Facebook\" aria-label=\"Paz Church | Fortaleza em Facebook\" target=\"_blank\" rel=\"noopener noreferrer\" href=\"https:\/\/www.facebook.com\/PazFortalezaCE\" >\n\t\t\t<span>\n\t\t\t\t\t\t\t\t<span class=\"sow-icon-fontawesome sow-fab\" data-sow-icon=\"&#xf39e;\"\n\t\t \n\t\taria-hidden=\"true\"><\/span>\t\t\t\t\t\t\t<\/span>\n\t\t<\/a>\n\t\n\t\t<a class=\"sow-social-media-button-instagram-0 sow-social-media-button\" title=\"Paz Church | Fortaleza em Instagram\" aria-label=\"Paz Church | Fortaleza em Instagram\" target=\"_blank\" rel=\"noopener noreferrer\" href=\"https:\/\/instagram.com\/pr_san\" >\n\t\t\t<span>\n\t\t\t\t\t\t\t\t<span class=\"sow-icon-fontawesome sow-fab\" data-sow-icon=\"&#xf16d;\"\n\t\t \n\t\taria-hidden=\"true\"><\/span>\t\t\t\t\t\t\t<\/span>\n\t\t<\/a>\n\t\n\t\t<a class=\"sow-social-media-button-twitter-0 sow-social-media-button\" title=\"Paz Church | Fortaleza em Twitter\" aria-label=\"Paz Church | Fortaleza em Twitter\" target=\"_blank\" rel=\"noopener noreferrer\" href=\"https:\/\/twitter.com\/pr_san\" >\n\t\t\t<span>\n\t\t\t\t\t\t\t\t<span class=\"sow-icon-fontawesome sow-fab\" data-sow-icon=\"&#xf099;\"\n\t\t \n\t\taria-hidden=\"true\"><\/span>\t\t\t\t\t\t\t<\/span>\n\t\t<\/a>\n\t\n\t\t<a class=\"sow-social-media-button-youtube-0 sow-social-media-button\" title=\"Paz Church | Fortaleza em Youtube\" aria-label=\"Paz Church | Fortaleza em Youtube\" target=\"_blank\" rel=\"noopener noreferrer\" href=\"https:\/\/www.youtube.com\/PazFortaleza\" >\n\t\t\t<span>\n\t\t\t\t\t\t\t\t<span class=\"sow-icon-fontawesome sow-fab\" data-sow-icon=\"&#xf167;\"\n\t\t \n\t\taria-hidden=\"true\"><\/span>\t\t\t\t\t\t\t<\/span>\n\t\t<\/a>\n\t<\/div>\n<\/div><\/div><\/div><\/div><\/div><\/div><\/div>","protected":false},"excerpt":{"rendered":"<p>Pastores Seniors da Paz Fortaleza, presidem a Base Regional Cear\u00e1 da Paz Church. Disc\u00edpulos dos pastores Abe e Andr\u00e9a Huber, possuem ampla experi\u00eancia na din\u00e2mica da igreja em c\u00e9lulas com \u00eanfase no discipulado. S\u00e3o apaixonados pela obra mission\u00e1ria e t\u00eam dedicado suas vidas ao pastoreio, cuidado e salva\u00e7\u00e3o e de muitas pessoas. S\u00e3o os paisContinue reading &rarr;<\/p>\n","protected":false},"author":1,"featured_media":19797,"parent":0,"menu_order":0,"comment_status":"closed","ping_status":"closed","template":"","meta":{"_seopress_robots_primary_cat":"","footnotes":""},"_links":{"self":[{"href":"https:\/\/paz.church\/fortaleza\/wp-json\/wp\/v2\/pages\/1249"}],"collection":[{"href":"https:\/\/paz.church\/fortaleza\/wp-json\/wp\/v2\/pages"}],"about":[{"href":"https:\/\/paz.church\/fortaleza\/wp-json\/wp\/v2\/types\/page"}],"author":[{"embeddable":true,"href":"https:\/\/paz.church\/fortaleza\/wp-json\/wp\/v2\/users\/1"}],"replies":[{"embeddable":true,"href":"https:\/\/paz.church\/fortaleza\/wp-json\/wp\/v2\/comments?post=1249"}],"version-history":[{"count":58,"href":"https:\/\/paz.church\/fortaleza\/wp-json\/wp\/v2\/pages\/1249\/revisions"}],"predecessor-version":[{"id":19826,"href":"https:\/\/paz.church\/fortaleza\/wp-json\/wp\/v2\/pages\/1249\/revisions\/19826"}],"wp:featuredmedia":[{"embeddable":true,"href":"https:\/\/paz.church\/fortaleza\/wp-json\/wp\/v2\/media\/19797"}],"wp:attachment":[{"href":"https:\/\/paz.church\/fortaleza\/wp-json\/wp\/v2\/media?parent=1249"}],"curies":[{"name":"wp","href":"https:\/\/api.w.org\/{rel}","templated":true}]}}