{"id":1252,"date":"2018-12-11T21:11:24","date_gmt":"2018-12-11T23:11:24","guid":{"rendered":"https:\/\/paz.church\/saopaulo\/?page_id=1252"},"modified":"2022-10-02T16:08:30","modified_gmt":"2022-10-02T19:08:30","slug":"contribua","status":"publish","type":"page","link":"https:\/\/paz.church\/fortaleza\/contribua\/","title":{"rendered":"Contribua"},"content":{"rendered":"<div id=\"pl-1252\"  class=\"panel-layout\" ><a id=\"bordas\"><\/a><div id=\"pg-1252-0\"  class=\"panel-grid panel-has-style\"  data-extraid=\"bordas\" ><div class=\"bordas panel-row-style panel-row-style-for-1252-0\" ><div id=\"pgc-1252-0-0\"  class=\"panel-grid-cell\" ><div id=\"panel-1252-0-0-0\" class=\"so-panel widget widget_sow-editor panel-first-child panel-last-child\" data-index=\"0\" ><div\n\t\t\t\n\t\t\tclass=\"so-widget-sow-editor so-widget-sow-editor-base\"\n\t\t\t\n\t\t>\n<div class=\"siteorigin-widget-tinymce textwidget\">\n\t<p>Sua generosidade est\u00e1 transformando o mundo! O avan\u00e7o do Reino de Deus em v\u00e1rios pa\u00edses, a restaura\u00e7\u00e3o de fam\u00edlias e o socorro aos necessitados atrav\u00e9s da a\u00e7\u00e3o social da igreja, tem sido beneficiados com o seu fiel apoio financeiro.<\/p>\n<p>Contribua a qualquer hora, em qualquer lugar.<\/p>\n<\/div>\n<\/div><\/div><\/div><\/div><\/div><a id=\"bordas\"><\/a><div id=\"pg-1252-1\"  class=\"panel-grid panel-has-style\"  data-extraid=\"bordas\" ><div class=\"bordas panel-row-style panel-row-style-for-1252-1\" ><div id=\"pgc-1252-1-0\"  class=\"panel-grid-cell\" ><div id=\"panel-1252-1-0-0\" class=\"so-panel widget widget_media_image panel-first-child panel-last-child\" data-index=\"1\" ><div class=\"panel-widget-style panel-widget-style-for-1252-1-0-0\" ><img loading=\"lazy\" decoding=\"async\" class=\"image \" src=\"https:\/\/paz.church\/saoluis\/wp-content\/uploads\/2020\/11\/Pix-icone.png\" alt=\"\" width=\"64\" height=\"64\" \/><\/div><\/div><\/div><div id=\"pgc-1252-1-1\"  class=\"panel-grid-cell\" ><div id=\"panel-1252-1-1-0\" class=\"so-panel widget widget_sow-headline panel-first-child\" data-index=\"2\" ><div\n\t\t\t\n\t\t\tclass=\"so-widget-sow-headline so-widget-sow-headline-default-a311599587c3-1252\"\n\t\t\t\n\t\t><div class=\"sow-headline-container \">\n\t<h3 class='sow-headline'>Pix<\/h3><\/div>\n<\/div><\/div><div id=\"panel-1252-1-1-1\" class=\"so-panel widget widget_sow-editor panel-last-child\" data-index=\"3\" ><div\n\t\t\t\n\t\t\tclass=\"so-widget-sow-editor so-widget-sow-editor-base\"\n\t\t\t\n\t\t>\n<div class=\"siteorigin-widget-tinymce textwidget\">\n\t<p>Voc\u00ea pode fazer a sua contribui\u00e7\u00e3o atrav\u00e9s da Chave\/CNPJ ou pelo QR Code.<br \/>\nCNPJ: 07.791.560\/0001-50<\/p>\n<\/div>\n<\/div><\/div><\/div><div id=\"pgc-1252-1-2\"  class=\"panel-grid-cell\" ><div id=\"panel-1252-1-2-0\" class=\"so-panel widget widget_sow-image panel-first-child panel-last-child\" data-index=\"4\" ><div\n\t\t\t\n\t\t\tclass=\"so-widget-sow-image so-widget-sow-image-default-d856d782ea5f-1252\"\n\t\t\t\n\t\t>\n\n<div class=\"sow-image-container\">\n\t\t<img decoding=\"async\" src=\"https:\/\/paz.church\/fortaleza\/wp-content\/uploads\/2022\/10\/WhatsApp-Image-2022-09-21-at-16.55.08.jpeg\" width=\"1000\" height=\"1000\" srcset=\"https:\/\/paz.church\/fortaleza\/wp-content\/uploads\/2022\/10\/WhatsApp-Image-2022-09-21-at-16.55.08.jpeg 1000w, https:\/\/paz.church\/fortaleza\/wp-content\/uploads\/2022\/10\/WhatsApp-Image-2022-09-21-at-16.55.08-300x300.jpeg 300w, https:\/\/paz.church\/fortaleza\/wp-content\/uploads\/2022\/10\/WhatsApp-Image-2022-09-21-at-16.55.08-180x180.jpeg 180w, https:\/\/paz.church\/fortaleza\/wp-content\/uploads\/2022\/10\/WhatsApp-Image-2022-09-21-at-16.55.08-768x768.jpeg 768w, https:\/\/paz.church\/fortaleza\/wp-content\/uploads\/2022\/10\/WhatsApp-Image-2022-09-21-at-16.55.08-330x330.jpeg 330w, https:\/\/paz.church\/fortaleza\/wp-content\/uploads\/2022\/10\/WhatsApp-Image-2022-09-21-at-16.55.08-426x426.jpeg 426w, https:\/\/paz.church\/fortaleza\/wp-content\/uploads\/2022\/10\/WhatsApp-Image-2022-09-21-at-16.55.08-75x75.jpeg 75w\" sizes=\"(max-width: 1000px) 100vw, 1000px\" title=\"WhatsApp Image 2022-09-21 at 16.55.08\" alt=\"\" loading=\"lazy\" \t\tclass=\"so-widget-image\"\/>\n\t<\/div>\n\n<\/div><\/div><\/div><\/div><\/div><a id=\"bordas\"><\/a><div id=\"pg-1252-2\"  class=\"panel-grid panel-has-style\"  data-extraid=\"bordas\" ><div class=\"bordas panel-row-style panel-row-style-for-1252-2\" ><div id=\"pgc-1252-2-0\"  class=\"panel-grid-cell\" ><div id=\"panel-1252-2-0-0\" class=\"so-panel widget widget_sow-icon panel-first-child panel-last-child\" data-index=\"5\" ><div\n\t\t\t\n\t\t\tclass=\"so-widget-sow-icon so-widget-sow-icon-default-b6d7bacdc231-1252\"\n\t\t\t\n\t\t>\n<div class=\"sow-icon-container sow-icon\">\n\t\t\t<span class=\"sow-icon-icomoon\" data-sow-icon=\"&#xe93f;\"\n\t\t \n\t\taria-hidden=\"true\"><\/span>\t<\/div>\n<\/div><\/div><\/div><div id=\"pgc-1252-2-1\"  class=\"panel-grid-cell\" ><div id=\"panel-1252-2-1-0\" class=\"so-panel widget widget_sow-headline panel-first-child\" data-index=\"6\" ><div\n\t\t\t\n\t\t\tclass=\"so-widget-sow-headline so-widget-sow-headline-default-a311599587c3-1252\"\n\t\t\t\n\t\t><div class=\"sow-headline-container \">\n\t<h3 class='sow-headline'>Doa\u00e7\u00e3o online<\/h3><\/div>\n<\/div><\/div><div id=\"panel-1252-2-1-1\" class=\"so-panel widget widget_sow-editor panel-last-child\" data-index=\"7\" ><div\n\t\t\t\n\t\t\tclass=\"so-widget-sow-editor so-widget-sow-editor-base\"\n\t\t\t\n\t\t>\n<div class=\"siteorigin-widget-tinymce textwidget\">\n\t<p>Contribua com cart\u00e3o de cr\u00e9dito, d\u00e9bito, boleto ou transfer\u00eancia online. Em um ambiente 100% seguro.<\/p>\n<\/div>\n<\/div><\/div><\/div><div id=\"pgc-1252-2-2\"  class=\"panel-grid-cell\" ><div id=\"panel-1252-2-2-0\" class=\"so-panel widget widget_sow-button panel-first-child panel-last-child\" data-index=\"8\" ><div\n\t\t\t\n\t\t\tclass=\"so-widget-sow-button so-widget-sow-button-flat-083eb5a40b94-1252\"\n\t\t\t\n\t\t><div class=\"ow-button-base ow-button-align-center\">\n\t<a\n\thref=\"https:\/\/pag.ae\/7VRKyhdG6\"\n\t\tclass=\"ow-icon-placement-left\" target=\"_blank\" rel=\"noopener noreferrer\" \t>\n\t\t<span>\n\t\t\t\n\t\t\tClique aqui\t\t<\/span>\n\t<\/a>\n<\/div>\n<\/div><\/div><\/div><\/div><\/div><div id=\"pg-1252-3\"  class=\"panel-grid panel-has-style\" ><div id=\"doar02\" class=\"panel-row-style panel-row-style-for-1252-3\" ><div id=\"pgc-1252-3-0\"  class=\"panel-grid-cell\" ><div id=\"panel-1252-3-0-0\" class=\"so-panel widget widget_sow-icon panel-first-child panel-last-child\" data-index=\"9\" ><div\n\t\t\t\n\t\t\tclass=\"so-widget-sow-icon so-widget-sow-icon-default-b6d7bacdc231-1252\"\n\t\t\t\n\t\t>\n<div class=\"sow-icon-container sow-icon\">\n\t\t\t<span class=\"sow-icon-fontawesome sow-fas\" data-sow-icon=\"&#xf4b9;\"\n\t\t \n\t\taria-hidden=\"true\"><\/span>\t<\/div>\n<\/div><\/div><\/div><div id=\"pgc-1252-3-1\"  class=\"panel-grid-cell\" ><div id=\"panel-1252-3-1-0\" class=\"so-panel widget widget_sow-headline panel-first-child\" data-index=\"10\" ><div\n\t\t\t\n\t\t\tclass=\"so-widget-sow-headline so-widget-sow-headline-default-1d186b115fdc-1252\"\n\t\t\t\n\t\t><div class=\"sow-headline-container \">\n\t<h3 class='sow-headline'>Contas banc\u00e1rias<\/h3><\/div>\n<\/div><\/div><div id=\"panel-1252-3-1-1\" class=\"so-panel widget widget_siteorigin-panels-builder panel-last-child\" data-index=\"11\" ><div id=\"pl-w5eaf73bcadf03\"  class=\"panel-layout\" ><div id=\"pg-w5eaf73bcadf03-0\"  class=\"panel-grid panel-no-style\" ><div id=\"pgc-w5eaf73bcadf03-0-0\"  class=\"panel-grid-cell\" ><div id=\"panel-w5eaf73bcadf03-0-0-0\" class=\"so-panel widget widget_sow-editor panel-first-child panel-last-child\" data-index=\"0\" ><div\n\t\t\t\n\t\t\tclass=\"so-widget-sow-editor so-widget-sow-editor-base\"\n\t\t\t\n\t\t>\n<div class=\"siteorigin-widget-tinymce textwidget\">\n\t<p><strong>Banco do Brasil<br \/>\n<\/strong>Ag\u00eancia: 2793-6<br \/>\nConta Corrente:127822-3<br \/>\nCNPJ: 07.791.560\/0001-50<br \/>\nIgreja da Paz Fortaleza<\/p>\n<\/div>\n<\/div><\/div><\/div><div id=\"pgc-w5eaf73bcadf03-0-1\"  class=\"panel-grid-cell\" ><div id=\"panel-w5eaf73bcadf03-0-1-0\" class=\"so-panel widget widget_sow-editor panel-first-child panel-last-child\" data-index=\"1\" ><div\n\t\t\t\n\t\t\tclass=\"so-widget-sow-editor so-widget-sow-editor-base\"\n\t\t\t\n\t\t>\n<div class=\"siteorigin-widget-tinymce textwidget\">\n\t<p><strong>Ita\u00fa<br \/>\n<\/strong>Ag\u00eancia: 3827<br \/>\nConta Corrente: 63919-0<br \/>\nCNPJ: 07.791.560\/0001-50<br \/>\nIgreja da Paz Fortaleza<\/p>\n<\/div>\n<\/div><\/div><\/div><\/div><div id=\"pg-w5eaf73bcadf03-1\"  class=\"panel-grid panel-no-style\" ><div id=\"pgc-w5eaf73bcadf03-1-0\"  class=\"panel-grid-cell\" ><div id=\"panel-w5eaf73bcadf03-1-0-0\" class=\"so-panel widget widget_sow-editor panel-first-child panel-last-child\" data-index=\"2\" ><div\n\t\t\t\n\t\t\tclass=\"so-widget-sow-editor so-widget-sow-editor-base\"\n\t\t\t\n\t\t>\n<div class=\"siteorigin-widget-tinymce textwidget\">\n\t<p><strong>Caixa Econ\u00f4mica<br \/>\n<\/strong>Ag\u00eancia: 4420<br \/>\nConta Corrente: 399-8 \/ Op: 003<br \/>\nCNPJ: 07.791.560\/0001-50<br \/>\nIgreja da Paz Fortaleza<\/p>\n<\/div>\n<\/div><\/div><\/div><div id=\"pgc-w5eaf73bcadf03-1-1\"  class=\"panel-grid-cell\" ><div id=\"panel-w5eaf73bcadf03-1-1-0\" class=\"so-panel widget widget_sow-editor panel-first-child panel-last-child\" data-index=\"3\" ><div\n\t\t\t\n\t\t\tclass=\"so-widget-sow-editor so-widget-sow-editor-base\"\n\t\t\t\n\t\t>\n<div class=\"siteorigin-widget-tinymce textwidget\">\n\t<p><strong>Santander<br \/>\n<\/strong>Ag\u00eancia: 1584<br \/>\nConta Corrente: 13001892-6<br \/>\nCNPJ: 07.791.560\/0001-50<br \/>\nIgreja da Paz Fortaleza<\/p>\n<\/div>\n<\/div><\/div><\/div><\/div><\/div><\/div><\/div><\/div><\/div><div id=\"pg-1252-4\"  class=\"panel-grid panel-has-style\" ><div class=\"panel-row-style panel-row-style-for-1252-4\" ><div id=\"pgc-1252-4-0\"  class=\"panel-grid-cell\" ><div id=\"panel-1252-4-0-0\" class=\"so-panel widget widget_sow-editor panel-first-child panel-last-child\" data-index=\"12\" ><div\n\t\t\t\n\t\t\tclass=\"so-widget-sow-editor so-widget-sow-editor-base\"\n\t\t\t\n\t\t>\n<div class=\"siteorigin-widget-tinymce textwidget\">\n\t<p style=\"text-align: center;\"><strong><em>\u201cE Deus pode dar muito mais do que voc\u00eas precisam para que voc\u00eas tenham sempre tudo o que necessitam e ainda mais do que o necess\u00e1rio para fazerem todo tipo de boas obras.\u201d<\/em><br \/>\n<\/strong>(2 Cor\u00edntios 9.8 NTLH)<\/p>\n<\/div>\n<\/div><\/div><\/div><\/div><\/div><\/div>","protected":false},"excerpt":{"rendered":"<p>Sua generosidade est\u00e1 transformando o mundo! O avan\u00e7o do Reino de Deus em v\u00e1rios pa\u00edses, a restaura\u00e7\u00e3o de fam\u00edlias e o socorro aos necessitados atrav\u00e9s da a\u00e7\u00e3o social da igreja, tem sido beneficiados com o seu fiel apoio financeiro. Contribua a qualquer hora, em qualquer lugar. Voc\u00ea pode fazer a sua contribui\u00e7\u00e3o atrav\u00e9s da Chave\/CNPJContinue reading &rarr;<\/p>\n","protected":false},"author":1,"featured_media":16942,"parent":0,"menu_order":0,"comment_status":"closed","ping_status":"closed","template":"","meta":{"_seopress_robots_primary_cat":"","footnotes":""},"_links":{"self":[{"href":"https:\/\/paz.church\/fortaleza\/wp-json\/wp\/v2\/pages\/1252"}],"collection":[{"href":"https:\/\/paz.church\/fortaleza\/wp-json\/wp\/v2\/pages"}],"about":[{"href":"https:\/\/paz.church\/fortaleza\/wp-json\/wp\/v2\/types\/page"}],"author":[{"embeddable":true,"href":"https:\/\/paz.church\/fortaleza\/wp-json\/wp\/v2\/users\/1"}],"replies":[{"embeddable":true,"href":"https:\/\/paz.church\/fortaleza\/wp-json\/wp\/v2\/comments?post=1252"}],"version-history":[{"count":82,"href":"https:\/\/paz.church\/fortaleza\/wp-json\/wp\/v2\/pages\/1252\/revisions"}],"predecessor-version":[{"id":19853,"href":"https:\/\/paz.church\/fortaleza\/wp-json\/wp\/v2\/pages\/1252\/revisions\/19853"}],"wp:featuredmedia":[{"embeddable":true,"href":"https:\/\/paz.church\/fortaleza\/wp-json\/wp\/v2\/media\/16942"}],"wp:attachment":[{"href":"https:\/\/paz.church\/fortaleza\/wp-json\/wp\/v2\/media?parent=1252"}],"curies":[{"name":"wp","href":"https:\/\/api.w.org\/{rel}","templated":true}]}}