{"id":24651,"date":"2026-04-02T10:32:31","date_gmt":"2026-04-02T13:32:31","guid":{"rendered":"https:\/\/paz.church\/fortaleza\/?page_id=24651"},"modified":"2026-04-02T10:37:58","modified_gmt":"2026-04-02T13:37:58","slug":"casas-de-paz-3","status":"publish","type":"page","link":"https:\/\/paz.church\/fortaleza\/casas-de-paz-3\/","title":{"rendered":"Casas de Paz 2026"},"content":{"rendered":"<div id=\"pl-24651\"  class=\"panel-layout\" ><div id=\"pg-24651-0\"  class=\"panel-grid panel-has-style\" ><div id=\"ministerios\" class=\"panel-row-style panel-row-style-for-24651-0\" ><div id=\"pgc-24651-0-0\"  class=\"panel-grid-cell\" ><div class=\"bordas panel-cell-style panel-cell-style-for-24651-0-0\" ><div id=\"panel-24651-0-0-0\" class=\"so-panel widget widget_sow-headline panel-first-child\" data-index=\"0\" ><div\n\t\t\t\n\t\t\tclass=\"so-widget-sow-headline so-widget-sow-headline-default-925fb3d03f59-24651\"\n\t\t\t\n\t\t><div class=\"sow-headline-container \">\n\t<h1 class='sow-headline'>Treinamento<\/h1><\/div>\n<\/div><\/div><div id=\"panel-24651-0-0-1\" class=\"so-panel widget widget_sow-video\" data-index=\"1\" ><div\n\t\t\t\n\t\t\tclass=\"so-widget-sow-video so-widget-sow-video-default-f379b959fc93-24651\"\n\t\t\t\n\t\t>\n<div class=\"sow-video-wrapper no-controls\">\n\t\t\t<iframe loading=\"lazy\" title=\"TREINAMENTO | CASAS DE PAZ 2026\" width=\"1440\" height=\"810\" src=\"https:\/\/www.youtube.com\/embed\/CnM_oJfaQj4?feature=oembed&enablejsapi=1\" frameborder=\"0\" allow=\"accelerometer; autoplay; clipboard-write; encrypted-media; gyroscope; picture-in-picture; web-share\" referrerpolicy=\"strict-origin-when-cross-origin\" allowfullscreen><\/iframe>\t<\/div>\n<\/div><\/div><div id=\"panel-24651-0-0-2\" class=\"so-panel widget widget_siteorigin-panels-builder panel-last-child\" data-index=\"2\" ><div id=\"pl-w69af04b22d13f\"  class=\"panel-layout\" ><div id=\"pg-w69af04b22d13f-0\"  class=\"panel-grid panel-no-style\" ><div id=\"pgc-w69af04b22d13f-0-0\"  class=\"panel-grid-cell\" ><div id=\"panel-w69af04b22d13f-0-0-0\" class=\"so-panel widget widget_sow-editor panel-first-child panel-last-child\" data-index=\"0\" ><div class=\"panel-widget-style panel-widget-style-for-w69af04b22d13f-0-0-0\" ><div\n\t\t\t\n\t\t\tclass=\"so-widget-sow-editor so-widget-sow-editor-base\"\n\t\t\t\n\t\t>\n<div class=\"siteorigin-widget-tinymce textwidget\">\n\t<p style=\"text-align: center !important;\"><strong>Estudo da Li\u00e7\u00e3o 1:<\/strong><\/p>\n<\/div>\n<\/div><\/div><\/div><\/div><\/div><div id=\"pg-w69af04b22d13f-1\"  class=\"panel-grid panel-no-style\" ><div id=\"pgc-w69af04b22d13f-1-0\"  class=\"panel-grid-cell\" ><div id=\"panel-w69af04b22d13f-1-0-0\" class=\"so-panel widget widget_sow-button panel-first-child panel-last-child\" data-index=\"1\" ><div\n\t\t\t\n\t\t\tclass=\"so-widget-sow-button so-widget-sow-button-flat-083eb5a40b94\"\n\t\t\t\n\t\t><div class=\"ow-button-base ow-button-align-center\">\n\t<a\n\thref=\"https:\/\/www.mediafire.com\/file_premium\/fo9kpzyccoh5411\/Estudo_Casas_de_Paz_2026_-_Lic%25CC%25A7a%25CC%2583o_01_-_versa%25CC%2583o_celular.pdf\/file\"\n\t\tclass=\"ow-icon-placement-left\" target=\"_blank\" rel=\"noopener noreferrer\" \t>\n\t\t<span>\n\t\t\t\n\t\t\tPara o Celular\t\t<\/span>\n\t<\/a>\n<\/div>\n<\/div><\/div><\/div><div id=\"pgc-w69af04b22d13f-1-1\"  class=\"panel-grid-cell\" ><div id=\"panel-w69af04b22d13f-1-1-0\" class=\"so-panel widget widget_sow-button panel-first-child panel-last-child\" data-index=\"2\" ><div\n\t\t\t\n\t\t\tclass=\"so-widget-sow-button so-widget-sow-button-flat-083eb5a40b94\"\n\t\t\t\n\t\t><div class=\"ow-button-base ow-button-align-center\">\n\t<a\n\thref=\"https:\/\/www.mediafire.com\/file_premium\/051lm738bh6ysw0\/Estudo_das_Casas_de_Paz_-_Lic%25CC%25A7a%25CC%2583o_01_-_Imprimir_-_a4.pdf\/file\"\n\t\tclass=\"ow-icon-placement-left\" \t>\n\t\t<span>\n\t\t\t\n\t\t\tPara Imprimir\t\t<\/span>\n\t<\/a>\n<\/div>\n<\/div><\/div><\/div><\/div><\/div><\/div><\/div><\/div><div id=\"pgc-24651-0-1\"  class=\"panel-grid-cell\" ><div class=\"bordas panel-cell-style panel-cell-style-for-24651-0-1\" ><div id=\"panel-24651-0-1-0\" class=\"so-panel widget widget_sow-headline panel-first-child\" data-index=\"3\" ><div\n\t\t\t\n\t\t\tclass=\"so-widget-sow-headline so-widget-sow-headline-default-925fb3d03f59-24651\"\n\t\t\t\n\t\t><div class=\"sow-headline-container \">\n\t<h1 class='sow-headline'>1\u00aa Semana<\/h1><\/div>\n<\/div><\/div><div id=\"panel-24651-0-1-1\" class=\"so-panel widget widget_siteorigin-panels-builder panel-last-child\" data-index=\"4\" ><div id=\"pl-w69cd8c2dc0c37\"  class=\"panel-layout\" ><div id=\"pg-w69cd8c2dc0c37-0\"  class=\"panel-grid panel-no-style\" ><div id=\"pgc-w69cd8c2dc0c37-0-0\"  class=\"panel-grid-cell\" ><div id=\"panel-w69cd8c2dc0c37-0-0-0\" class=\"so-panel widget widget_sow-editor panel-first-child panel-last-child\" data-index=\"0\" ><div class=\"panel-widget-style panel-widget-style-for-w69cd8c2dc0c37-0-0-0\" ><div\n\t\t\t\n\t\t\tclass=\"so-widget-sow-editor so-widget-sow-editor-base\"\n\t\t\t\n\t\t>\n<div class=\"siteorigin-widget-tinymce textwidget\">\n\t<p style=\"text-align: center !important;\"><strong>Estudo da Li\u00e7\u00e3o 1:<\/strong><\/p>\n<\/div>\n<\/div><\/div><\/div><\/div><\/div><div id=\"pg-w69cd8c2dc0c37-1\"  class=\"panel-grid panel-no-style\" ><div id=\"pgc-w69cd8c2dc0c37-1-0\"  class=\"panel-grid-cell\" ><div id=\"panel-w69cd8c2dc0c37-1-0-0\" class=\"so-panel widget widget_sow-button panel-first-child panel-last-child\" data-index=\"1\" ><div\n\t\t\t\n\t\t\tclass=\"so-widget-sow-button so-widget-sow-button-flat-083eb5a40b94\"\n\t\t\t\n\t\t><div class=\"ow-button-base ow-button-align-center\">\n\t<a\n\thref=\"https:\/\/www.mediafire.com\/file_premium\/fo9kpzyccoh5411\/Estudo_Casas_de_Paz_2026_-_Lic%25CC%25A7a%25CC%2583o_01_-_versa%25CC%2583o_celular.pdf\/file\"\n\t\tclass=\"ow-icon-placement-left\" target=\"_blank\" rel=\"noopener noreferrer\" \t>\n\t\t<span>\n\t\t\t\n\t\t\tPara o Celular\t\t<\/span>\n\t<\/a>\n<\/div>\n<\/div><\/div><\/div><div id=\"pgc-w69cd8c2dc0c37-1-1\"  class=\"panel-grid-cell\" ><div id=\"panel-w69cd8c2dc0c37-1-1-0\" class=\"so-panel widget widget_sow-button panel-first-child panel-last-child\" data-index=\"2\" ><div\n\t\t\t\n\t\t\tclass=\"so-widget-sow-button so-widget-sow-button-flat-083eb5a40b94\"\n\t\t\t\n\t\t><div class=\"ow-button-base ow-button-align-center\">\n\t<a\n\thref=\"https:\/\/www.mediafire.com\/file_premium\/051lm738bh6ysw0\/Estudo_das_Casas_de_Paz_-_Lic%25CC%25A7a%25CC%2583o_01_-_Imprimir_-_a4.pdf\/file\"\n\t\tclass=\"ow-icon-placement-left\" \t>\n\t\t<span>\n\t\t\t\n\t\t\tPara Imprimir\t\t<\/span>\n\t<\/a>\n<\/div>\n<\/div><\/div><\/div><\/div><\/div><\/div><\/div><\/div><\/div><\/div><div id=\"pg-24651-1\"  class=\"panel-grid panel-has-style\" ><div id=\"ministerios\" class=\"panel-row-style panel-row-style-for-24651-1\" ><div id=\"pgc-24651-1-0\"  class=\"panel-grid-cell\" ><div class=\"bordas panel-cell-style panel-cell-style-for-24651-1-0\" ><div id=\"panel-24651-1-0-0\" class=\"so-panel widget widget_sow-headline panel-first-child\" data-index=\"5\" ><div\n\t\t\t\n\t\t\tclass=\"so-widget-sow-headline so-widget-sow-headline-default-925fb3d03f59-24651\"\n\t\t\t\n\t\t><div class=\"sow-headline-container \">\n\t<h1 class='sow-headline'>2\u00aa Semana | Casais<\/h1><\/div>\n<\/div><\/div><div id=\"panel-24651-1-0-1\" class=\"so-panel widget widget_sow-video\" data-index=\"6\" ><div\n\t\t\t\n\t\t\tclass=\"so-widget-sow-video so-widget-sow-video-default-f379b959fc93-24651\"\n\t\t\t\n\t\t>\n<div class=\"sow-video-wrapper no-controls\">\n\t\t\t<iframe loading=\"lazy\" title=\"CASAS DE PAZ | JOS\u00c9 CARLOS  E ANG\u00c9LICA PER\u00c9A\" width=\"1440\" height=\"810\" src=\"https:\/\/www.youtube.com\/embed\/4ryBJcEZyXA?feature=oembed&enablejsapi=1\" frameborder=\"0\" allow=\"accelerometer; autoplay; clipboard-write; encrypted-media; gyroscope; picture-in-picture; web-share\" referrerpolicy=\"strict-origin-when-cross-origin\" allowfullscreen><\/iframe>\t<\/div>\n<\/div><\/div><div id=\"panel-24651-1-0-2\" class=\"so-panel widget widget_siteorigin-panels-builder panel-last-child\" data-index=\"7\" ><div id=\"pl-w69cd8c2e28c53\"  class=\"panel-layout\" ><div id=\"pg-w69cd8c2e28c53-0\"  class=\"panel-grid panel-no-style\" ><div id=\"pgc-w69cd8c2e28c53-0-0\"  class=\"panel-grid-cell\" ><div id=\"panel-w69cd8c2e28c53-0-0-0\" class=\"so-panel widget widget_sow-editor panel-first-child panel-last-child\" data-index=\"0\" ><div class=\"panel-widget-style panel-widget-style-for-w69cd8c2e28c53-0-0-0\" ><div\n\t\t\t\n\t\t\tclass=\"so-widget-sow-editor so-widget-sow-editor-base\"\n\t\t\t\n\t\t>\n<div class=\"siteorigin-widget-tinymce textwidget\">\n\t<p style=\"text-align: center !important;\"><strong>Para baixar:<\/strong><\/p>\n<\/div>\n<\/div><\/div><\/div><\/div><\/div><div id=\"pg-w69cd8c2e28c53-1\"  class=\"panel-grid panel-no-style\" ><div id=\"pgc-w69cd8c2e28c53-1-0\"  class=\"panel-grid-cell\" ><div id=\"panel-w69cd8c2e28c53-1-0-0\" class=\"so-panel widget widget_sow-button panel-first-child panel-last-child\" data-index=\"1\" ><div\n\t\t\t\n\t\t\tclass=\"so-widget-sow-button so-widget-sow-button-flat-083eb5a40b94\"\n\t\t\t\n\t\t><div class=\"ow-button-base ow-button-align-center\">\n\t<a\n\thref=\"https:\/\/www.mediafire.com\/file_premium\/6wo6pceydi2hajq\/Instruc%25CC%25A7o%25CC%2583es_para_as_Casas_de_Paz_2026_-_Lic%25CC%25A7a%25CC%2583o_02_-_TESTEMUNHO_JOSE%25CC%2581_CARLOS_E_ANGE%25CC%2581LICA_PERE%25CC%2581A_-_Versa%25CC%2583o_Celular.pdf\/file\"\n\t\tclass=\"ow-icon-placement-left\" target=\"_blank\" rel=\"noopener noreferrer\" \t>\n\t\t<span>\n\t\t\t\n\t\t\tInstru\u00e7\u00f5es para Telefone\t\t<\/span>\n\t<\/a>\n<\/div>\n<\/div><\/div><\/div><div id=\"pgc-w69cd8c2e28c53-1-1\"  class=\"panel-grid-cell\" ><div id=\"panel-w69cd8c2e28c53-1-1-0\" class=\"so-panel widget widget_sow-button panel-first-child panel-last-child\" data-index=\"2\" ><div\n\t\t\t\n\t\t\tclass=\"so-widget-sow-button so-widget-sow-button-flat-083eb5a40b94\"\n\t\t\t\n\t\t><div class=\"ow-button-base ow-button-align-center\">\n\t<a\n\thref=\"https:\/\/www.mediafire.com\/file_premium\/azahyidg5sn96nu\/Casas_De_Paz_-_Testemunho_-_Per%25C3%25A9a.mp4\/file\"\n\t\tclass=\"ow-icon-placement-left\" \t>\n\t\t<span>\n\t\t\t\n\t\t\tBaixar V\u00eddeo\t\t<\/span>\n\t<\/a>\n<\/div>\n<\/div><\/div><\/div><\/div><\/div><\/div><\/div><\/div><div id=\"pgc-24651-1-1\"  class=\"panel-grid-cell\" ><div class=\"bordas panel-cell-style panel-cell-style-for-24651-1-1\" ><div id=\"panel-24651-1-1-0\" class=\"so-panel widget widget_sow-headline panel-first-child\" data-index=\"8\" ><div\n\t\t\t\n\t\t\tclass=\"so-widget-sow-headline so-widget-sow-headline-default-925fb3d03f59-24651\"\n\t\t\t\n\t\t><div class=\"sow-headline-container \">\n\t<h1 class='sow-headline'>2\u00aa Semana | Jovens<\/h1><\/div>\n<\/div><\/div><div id=\"panel-24651-1-1-1\" class=\"so-panel widget widget_sow-video\" data-index=\"9\" ><div\n\t\t\t\n\t\t\tclass=\"so-widget-sow-video so-widget-sow-video-default-f379b959fc93-24651\"\n\t\t\t\n\t\t>\n<div class=\"sow-video-wrapper no-controls\">\n\t\t\t<iframe loading=\"lazy\" title=\"Casas de Paz  | Mateus Clark\" width=\"1440\" height=\"810\" src=\"https:\/\/www.youtube.com\/embed\/QP51Gy3CnoY?feature=oembed&enablejsapi=1\" frameborder=\"0\" allow=\"accelerometer; autoplay; clipboard-write; encrypted-media; gyroscope; picture-in-picture; web-share\" referrerpolicy=\"strict-origin-when-cross-origin\" allowfullscreen><\/iframe>\t<\/div>\n<\/div><\/div><div id=\"panel-24651-1-1-2\" class=\"so-panel widget widget_siteorigin-panels-builder panel-last-child\" data-index=\"10\" ><div id=\"pl-w69cd8f05d515f\"  class=\"panel-layout\" ><div id=\"pg-w69cd8f05d515f-0\"  class=\"panel-grid panel-no-style\" ><div id=\"pgc-w69cd8f05d515f-0-0\"  class=\"panel-grid-cell\" ><div id=\"panel-w69cd8f05d515f-0-0-0\" class=\"so-panel widget widget_sow-editor panel-first-child panel-last-child\" data-index=\"0\" ><div class=\"panel-widget-style panel-widget-style-for-w69cd8f05d515f-0-0-0\" ><div\n\t\t\t\n\t\t\tclass=\"so-widget-sow-editor so-widget-sow-editor-base\"\n\t\t\t\n\t\t>\n<div class=\"siteorigin-widget-tinymce textwidget\">\n\t<p style=\"text-align: center !important;\"><strong>Para baixar:<\/strong><\/p>\n<\/div>\n<\/div><\/div><\/div><\/div><\/div><div id=\"pg-w69cd8f05d515f-1\"  class=\"panel-grid panel-no-style\" ><div id=\"pgc-w69cd8f05d515f-1-0\"  class=\"panel-grid-cell\" ><div id=\"panel-w69cd8f05d515f-1-0-0\" class=\"so-panel widget widget_sow-button panel-first-child panel-last-child\" data-index=\"1\" ><div\n\t\t\t\n\t\t\tclass=\"so-widget-sow-button so-widget-sow-button-flat-083eb5a40b94\"\n\t\t\t\n\t\t><div class=\"ow-button-base ow-button-align-center\">\n\t<a\n\thref=\"https:\/\/youtu.be\/QP51Gy3CnoY?si=WAZul0LvgB43Vev6\"\n\t\tclass=\"ow-icon-placement-left\" target=\"_blank\" rel=\"noopener noreferrer\" \t>\n\t\t<span>\n\t\t\t\n\t\t\tInstru\u00e7\u00f5es\t\t<\/span>\n\t<\/a>\n<\/div>\n<\/div><\/div><\/div><div id=\"pgc-w69cd8f05d515f-1-1\"  class=\"panel-grid-cell\" ><div id=\"panel-w69cd8f05d515f-1-1-0\" class=\"so-panel widget widget_sow-button panel-first-child panel-last-child\" data-index=\"2\" ><div\n\t\t\t\n\t\t\tclass=\"so-widget-sow-button so-widget-sow-button-flat-083eb5a40b94\"\n\t\t\t\n\t\t><div class=\"ow-button-base ow-button-align-center\">\n\t<a\n\thref=\"https:\/\/www.mediafire.com\/file_premium\/yuyr9u8y1ktj6b3\/Casas_De_Paz_-_Mateus_Clark__-_Fidel.mp4\/file\"\n\t\tclass=\"ow-icon-placement-left\" \t>\n\t\t<span>\n\t\t\t\n\t\t\tBaixar V\u00eddeo\t\t<\/span>\n\t<\/a>\n<\/div>\n<\/div><\/div><\/div><\/div><\/div><\/div><\/div><\/div><\/div><\/div><div id=\"pg-24651-2\"  class=\"panel-grid panel-has-style\" ><div id=\"ministerios\" class=\"panel-row-style panel-row-style-for-24651-2\" ><div id=\"pgc-24651-2-0\"  class=\"panel-grid-cell\" ><div class=\"bordas panel-cell-style panel-cell-style-for-24651-2-0\" ><div id=\"panel-24651-2-0-0\" class=\"so-panel widget widget_sow-headline panel-first-child\" data-index=\"11\" ><div\n\t\t\t\n\t\t\tclass=\"so-widget-sow-headline so-widget-sow-headline-default-925fb3d03f59-24651\"\n\t\t\t\n\t\t><div class=\"sow-headline-container \">\n\t<h1 class='sow-headline'>3\u00aa Semana<\/h1><\/div>\n<\/div><\/div><div id=\"panel-24651-2-0-1\" class=\"so-panel widget widget_siteorigin-panels-builder panel-last-child\" data-index=\"12\" ><div id=\"pl-w69ce6dd330e1e\"  class=\"panel-layout\" ><div id=\"pg-w69ce6dd330e1e-0\"  class=\"panel-grid panel-no-style\" ><div id=\"pgc-w69ce6dd330e1e-0-0\"  class=\"panel-grid-cell\" ><div id=\"panel-w69ce6dd330e1e-0-0-0\" class=\"so-panel widget widget_sow-editor panel-first-child panel-last-child\" data-index=\"0\" ><div class=\"panel-widget-style panel-widget-style-for-w69ce6dd330e1e-0-0-0\" ><div\n\t\t\t\n\t\t\tclass=\"so-widget-sow-editor so-widget-sow-editor-base\"\n\t\t\t\n\t\t>\n<div class=\"siteorigin-widget-tinymce textwidget\">\n\t<p style=\"text-align: center !important;\"><strong>Estudo da Li\u00e7\u00e3o 3:<\/strong><\/p>\n<\/div>\n<\/div><\/div><\/div><\/div><\/div><div id=\"pg-w69ce6dd330e1e-1\"  class=\"panel-grid panel-no-style\" ><div id=\"pgc-w69ce6dd330e1e-1-0\"  class=\"panel-grid-cell\" ><div id=\"panel-w69ce6dd330e1e-1-0-0\" class=\"so-panel widget widget_sow-button panel-first-child panel-last-child\" data-index=\"1\" ><div\n\t\t\t\n\t\t\tclass=\"so-widget-sow-button so-widget-sow-button-flat-083eb5a40b94\"\n\t\t\t\n\t\t><div class=\"ow-button-base ow-button-align-center\">\n\t<a\n\thref=\"https:\/\/www.mediafire.com\/file_premium\/gb837arr9fbpby8\/1_Casas_de_Paz_2026_-_Lic%25CC%25A7a%25CC%2583o_03_-_JESUS_A_LUZ_DO_MUNDO%2528Para_Celular%2529.pdf\/file\"\n\t\tclass=\"ow-icon-placement-left\" target=\"_blank\" rel=\"noopener noreferrer\" \t>\n\t\t<span>\n\t\t\t\n\t\t\tPara o Celular\t\t<\/span>\n\t<\/a>\n<\/div>\n<\/div><\/div><\/div><div id=\"pgc-w69ce6dd330e1e-1-1\"  class=\"panel-grid-cell\" ><div id=\"panel-w69ce6dd330e1e-1-1-0\" class=\"so-panel widget widget_sow-button panel-first-child panel-last-child\" data-index=\"2\" ><div\n\t\t\t\n\t\t\tclass=\"so-widget-sow-button so-widget-sow-button-flat-083eb5a40b94\"\n\t\t\t\n\t\t><div class=\"ow-button-base ow-button-align-center\">\n\t<a\n\thref=\"https:\/\/www.mediafire.com\/file_premium\/jfph3zkmwpbeja1\/1_Estudo_das_Casas_de_Paz_-_Lic%25CC%25A7a%25CC%2583o_03%2528Para_impress%25C3%25A3o%2529.pdf\/file\"\n\t\tclass=\"ow-icon-placement-left\" \t>\n\t\t<span>\n\t\t\t\n\t\t\tPara Imprimir\t\t<\/span>\n\t<\/a>\n<\/div>\n<\/div><\/div><\/div><\/div><\/div><\/div><\/div><\/div><div id=\"pgc-24651-2-1\"  class=\"panel-grid-cell\" ><div class=\"bordas panel-cell-style panel-cell-style-for-24651-2-1\" ><div id=\"panel-24651-2-1-0\" class=\"so-panel widget widget_sow-headline panel-first-child\" data-index=\"13\" ><div\n\t\t\t\n\t\t\tclass=\"so-widget-sow-headline so-widget-sow-headline-default-925fb3d03f59-24651\"\n\t\t\t\n\t\t><div class=\"sow-headline-container \">\n\t<h1 class='sow-headline'>4\u00aa Semana<\/h1><\/div>\n<\/div><\/div><div id=\"panel-24651-2-1-1\" class=\"so-panel widget widget_siteorigin-panels-builder panel-last-child\" data-index=\"14\" ><div id=\"pl-w69cd904713478\"  class=\"panel-layout\" ><div id=\"pg-w69cd904713478-0\"  class=\"panel-grid panel-no-style\" ><div id=\"pgc-w69cd904713478-0-0\"  class=\"panel-grid-cell\" ><div id=\"panel-w69cd904713478-0-0-0\" class=\"so-panel widget widget_sow-editor panel-first-child panel-last-child\" data-index=\"0\" ><div class=\"panel-widget-style panel-widget-style-for-w69cd904713478-0-0-0\" ><div\n\t\t\t\n\t\t\tclass=\"so-widget-sow-editor so-widget-sow-editor-base\"\n\t\t\t\n\t\t>\n<div class=\"siteorigin-widget-tinymce textwidget\">\n\t<p style=\"text-align: center !important;\"><strong>Estudo da Li\u00e7\u00e3o 4:<\/strong><\/p>\n<\/div>\n<\/div><\/div><\/div><\/div><\/div><div id=\"pg-w69cd904713478-1\"  class=\"panel-grid panel-no-style\" ><div id=\"pgc-w69cd904713478-1-0\"  class=\"panel-grid-cell\" ><div id=\"panel-w69cd904713478-1-0-0\" class=\"so-panel widget widget_sow-button panel-first-child panel-last-child\" data-index=\"1\" ><div\n\t\t\t\n\t\t\tclass=\"so-widget-sow-button so-widget-sow-button-flat-083eb5a40b94\"\n\t\t\t\n\t\t><div class=\"ow-button-base ow-button-align-center\">\n\t<a\n\thref=\"https:\/\/www.mediafire.com\/file_premium\/qcwd5tdvlfh1d1j\/Casas_de_Paz_2026_-_Lic%25CC%25A7a%25CC%2583o_04_-_No_lugar_de_pedras%252C_Amor.pdf\/file\"\n\t\tclass=\"ow-icon-placement-left\" target=\"_blank\" rel=\"noopener noreferrer\" \t>\n\t\t<span>\n\t\t\t\n\t\t\tPara o Celular\t\t<\/span>\n\t<\/a>\n<\/div>\n<\/div><\/div><\/div><div id=\"pgc-w69cd904713478-1-1\"  class=\"panel-grid-cell\" ><div id=\"panel-w69cd904713478-1-1-0\" class=\"so-panel widget widget_sow-button panel-first-child panel-last-child\" data-index=\"2\" ><div\n\t\t\t\n\t\t\tclass=\"so-widget-sow-button so-widget-sow-button-flat-083eb5a40b94\"\n\t\t\t\n\t\t><div class=\"ow-button-base ow-button-align-center\">\n\t<a\n\thref=\"https:\/\/www.mediafire.com\/file_premium\/zusnmo0ppn7tlrf\/Estudo_das_Casas_de_Paz_-_Lic%25CC%25A7a%25CC%2583o_04.pdf\/file\"\n\t\tclass=\"ow-icon-placement-left\" \t>\n\t\t<span>\n\t\t\t\n\t\t\tPara Imprimir\t\t<\/span>\n\t<\/a>\n<\/div>\n<\/div><\/div><\/div><\/div><\/div><\/div><\/div><\/div><\/div><\/div><\/div>","protected":false},"excerpt":{"rendered":"<p>Treinamento Estudo da Li\u00e7\u00e3o 1: Para o Celular Para Imprimir 1\u00aa Semana Estudo da Li\u00e7\u00e3o 1: Para o Celular Para Imprimir 2\u00aa Semana | Casais Para baixar: Instru\u00e7\u00f5es para Telefone Baixar V\u00eddeo 2\u00aa Semana | Jovens Para baixar: Instru\u00e7\u00f5es Baixar V\u00eddeo 3\u00aa Semana Estudo da Li\u00e7\u00e3o 3: Para o Celular Para Imprimir 4\u00aa Semana EstudoContinue reading &rarr;<\/p>\n","protected":false},"author":1,"featured_media":24577,"parent":0,"menu_order":0,"comment_status":"closed","ping_status":"closed","template":"","meta":{"_seopress_robots_primary_cat":"","footnotes":""},"_links":{"self":[{"href":"https:\/\/paz.church\/fortaleza\/wp-json\/wp\/v2\/pages\/24651"}],"collection":[{"href":"https:\/\/paz.church\/fortaleza\/wp-json\/wp\/v2\/pages"}],"about":[{"href":"https:\/\/paz.church\/fortaleza\/wp-json\/wp\/v2\/types\/page"}],"author":[{"embeddable":true,"href":"https:\/\/paz.church\/fortaleza\/wp-json\/wp\/v2\/users\/1"}],"replies":[{"embeddable":true,"href":"https:\/\/paz.church\/fortaleza\/wp-json\/wp\/v2\/comments?post=24651"}],"version-history":[{"count":3,"href":"https:\/\/paz.church\/fortaleza\/wp-json\/wp\/v2\/pages\/24651\/revisions"}],"predecessor-version":[{"id":24654,"href":"https:\/\/paz.church\/fortaleza\/wp-json\/wp\/v2\/pages\/24651\/revisions\/24654"}],"wp:featuredmedia":[{"embeddable":true,"href":"https:\/\/paz.church\/fortaleza\/wp-json\/wp\/v2\/media\/24577"}],"wp:attachment":[{"href":"https:\/\/paz.church\/fortaleza\/wp-json\/wp\/v2\/media?parent=24651"}],"curies":[{"name":"wp","href":"https:\/\/api.w.org\/{rel}","templated":true}]}}