{"id":3605,"date":"2019-03-14T00:27:34","date_gmt":"2019-03-14T03:27:34","guid":{"rendered":"https:\/\/paz.church\/saopaulo\/?page_id=3605"},"modified":"2019-03-14T00:27:34","modified_gmt":"2019-03-14T03:27:34","slug":"series","status":"publish","type":"page","link":"https:\/\/paz.church\/guaratuba\/series\/","title":{"rendered":"S\u00e9ries"},"content":{"rendered":"<div id=\"pl-3605\"  class=\"panel-layout\" ><div id=\"pg-3605-0\"  class=\"panel-grid panel-no-style\" ><div id=\"pgc-3605-0-0\"  class=\"panel-grid-cell\" ><div id=\"panel-3605-0-0-0\" class=\"so-panel widget widget_sow-editor panel-first-child panel-last-child\" data-index=\"0\" ><div\n\t\t\t\n\t\t\tclass=\"so-widget-sow-editor so-widget-sow-editor-base\"\n\t\t\t\n\t\t>\n<div class=\"siteorigin-widget-tinymce textwidget\">\n\t<ul id=\"wpfc_images_grid\"><li class=\"wpfc_grid_image\"><a href=\"https:\/\/paz.church\/guaratuba\/ministracoes\/series\/o-princepe-prometido\/\"><img loading=\"lazy\" decoding=\"async\" width=\"1920\" height=\"1080\" src=\"https:\/\/paz.church\/guaratuba\/wp-content\/uploads\/2024\/12\/Natal-o-principe-prometido-1920-x-1080-px-1.jpg\" class=\"attachment- size-\" alt=\"\" srcset=\"https:\/\/paz.church\/guaratuba\/wp-content\/uploads\/2024\/12\/Natal-o-principe-prometido-1920-x-1080-px-1.jpg 1920w, https:\/\/paz.church\/guaratuba\/wp-content\/uploads\/2024\/12\/Natal-o-principe-prometido-1920-x-1080-px-1-300x169.jpg 300w, https:\/\/paz.church\/guaratuba\/wp-content\/uploads\/2024\/12\/Natal-o-principe-prometido-1920-x-1080-px-1-1024x576.jpg 1024w, https:\/\/paz.church\/guaratuba\/wp-content\/uploads\/2024\/12\/Natal-o-principe-prometido-1920-x-1080-px-1-768x432.jpg 768w, https:\/\/paz.church\/guaratuba\/wp-content\/uploads\/2024\/12\/Natal-o-principe-prometido-1920-x-1080-px-1-1536x864.jpg 1536w, https:\/\/paz.church\/guaratuba\/wp-content\/uploads\/2024\/12\/Natal-o-principe-prometido-1920-x-1080-px-1-1080x608.jpg 1080w, https:\/\/paz.church\/guaratuba\/wp-content\/uploads\/2024\/12\/Natal-o-principe-prometido-1920-x-1080-px-1-426x240.jpg 426w\" sizes=\"(max-width: 1920px) 100vw, 1920px\" \/><\/a><h3 class=\"wpfc_grid_title\"><a href=\"https:\/\/paz.church\/guaratuba\/ministracoes\/series\/o-princepe-prometido\/\">O pr\u00edncepe prometido.<\/a><\/h3><\/li><li class=\"wpfc_grid_image\"><a href=\"https:\/\/paz.church\/guaratuba\/ministracoes\/series\/os-7-eu-sou-de-jesus\/\"><img loading=\"lazy\" decoding=\"async\" width=\"1920\" height=\"1080\" src=\"https:\/\/paz.church\/guaratuba\/wp-content\/uploads\/2024\/07\/Design-sem-nome-4.jpg\" class=\"attachment- size-\" alt=\"\" srcset=\"https:\/\/paz.church\/guaratuba\/wp-content\/uploads\/2024\/07\/Design-sem-nome-4.jpg 1920w, https:\/\/paz.church\/guaratuba\/wp-content\/uploads\/2024\/07\/Design-sem-nome-4-300x169.jpg 300w, https:\/\/paz.church\/guaratuba\/wp-content\/uploads\/2024\/07\/Design-sem-nome-4-1024x576.jpg 1024w, https:\/\/paz.church\/guaratuba\/wp-content\/uploads\/2024\/07\/Design-sem-nome-4-768x432.jpg 768w, https:\/\/paz.church\/guaratuba\/wp-content\/uploads\/2024\/07\/Design-sem-nome-4-1536x864.jpg 1536w, https:\/\/paz.church\/guaratuba\/wp-content\/uploads\/2024\/07\/Design-sem-nome-4-1080x608.jpg 1080w, https:\/\/paz.church\/guaratuba\/wp-content\/uploads\/2024\/07\/Design-sem-nome-4-426x240.jpg 426w\" sizes=\"(max-width: 1920px) 100vw, 1920px\" \/><\/a><h3 class=\"wpfc_grid_title\"><a href=\"https:\/\/paz.church\/guaratuba\/ministracoes\/series\/os-7-eu-sou-de-jesus\/\">Os 7 \"Eu Sou\" de Jesus<\/a><\/h3><\/li><li class=\"wpfc_grid_image\"><a href=\"https:\/\/paz.church\/guaratuba\/ministracoes\/series\/um-legado-que-transforma\/\"><img loading=\"lazy\" decoding=\"async\" width=\"1920\" height=\"1080\" src=\"https:\/\/paz.church\/guaratuba\/wp-content\/uploads\/2024\/01\/CAPA-TEMA-2024F.jpg\" class=\"attachment- size-\" alt=\"\" srcset=\"https:\/\/paz.church\/guaratuba\/wp-content\/uploads\/2024\/01\/CAPA-TEMA-2024F.jpg 1920w, https:\/\/paz.church\/guaratuba\/wp-content\/uploads\/2024\/01\/CAPA-TEMA-2024F-300x169.jpg 300w, https:\/\/paz.church\/guaratuba\/wp-content\/uploads\/2024\/01\/CAPA-TEMA-2024F-1024x576.jpg 1024w, https:\/\/paz.church\/guaratuba\/wp-content\/uploads\/2024\/01\/CAPA-TEMA-2024F-768x432.jpg 768w, https:\/\/paz.church\/guaratuba\/wp-content\/uploads\/2024\/01\/CAPA-TEMA-2024F-1536x864.jpg 1536w, https:\/\/paz.church\/guaratuba\/wp-content\/uploads\/2024\/01\/CAPA-TEMA-2024F-1080x608.jpg 1080w, https:\/\/paz.church\/guaratuba\/wp-content\/uploads\/2024\/01\/CAPA-TEMA-2024F-426x240.jpg 426w\" sizes=\"(max-width: 1920px) 100vw, 1920px\" \/><\/a><h3 class=\"wpfc_grid_title\"><a href=\"https:\/\/paz.church\/guaratuba\/ministracoes\/series\/um-legado-que-transforma\/\">Um legado que transforma<\/a><\/h3><\/li><li class=\"wpfc_grid_image\"><a href=\"https:\/\/paz.church\/guaratuba\/ministracoes\/series\/natal\/\"><img loading=\"lazy\" decoding=\"async\" width=\"1536\" height=\"864\" src=\"https:\/\/paz.church\/guaratuba\/wp-content\/uploads\/2023\/12\/Natal-1536x864-1.jpg\" class=\"attachment- size-\" alt=\"\" srcset=\"https:\/\/paz.church\/guaratuba\/wp-content\/uploads\/2023\/12\/Natal-1536x864-1.jpg 1536w, https:\/\/paz.church\/guaratuba\/wp-content\/uploads\/2023\/12\/Natal-1536x864-1-300x169.jpg 300w, https:\/\/paz.church\/guaratuba\/wp-content\/uploads\/2023\/12\/Natal-1536x864-1-1024x576.jpg 1024w, https:\/\/paz.church\/guaratuba\/wp-content\/uploads\/2023\/12\/Natal-1536x864-1-768x432.jpg 768w, https:\/\/paz.church\/guaratuba\/wp-content\/uploads\/2023\/12\/Natal-1536x864-1-1080x608.jpg 1080w, https:\/\/paz.church\/guaratuba\/wp-content\/uploads\/2023\/12\/Natal-1536x864-1-426x240.jpg 426w\" sizes=\"(max-width: 1536px) 100vw, 1536px\" \/><\/a><h3 class=\"wpfc_grid_title\"><a href=\"https:\/\/paz.church\/guaratuba\/ministracoes\/series\/natal\/\">Natal<\/a><\/h3><\/li><li class=\"wpfc_grid_image\"><a href=\"https:\/\/paz.church\/guaratuba\/ministracoes\/series\/essencia-2\/\"><img loading=\"lazy\" decoding=\"async\" width=\"1536\" height=\"864\" src=\"https:\/\/paz.church\/guaratuba\/wp-content\/uploads\/2023\/10\/Copia-de-Copia-de-Essencia-1.jpg\" class=\"attachment- size-\" alt=\"\" srcset=\"https:\/\/paz.church\/guaratuba\/wp-content\/uploads\/2023\/10\/Copia-de-Copia-de-Essencia-1.jpg 1536w, https:\/\/paz.church\/guaratuba\/wp-content\/uploads\/2023\/10\/Copia-de-Copia-de-Essencia-1-300x169.jpg 300w, https:\/\/paz.church\/guaratuba\/wp-content\/uploads\/2023\/10\/Copia-de-Copia-de-Essencia-1-1024x576.jpg 1024w, https:\/\/paz.church\/guaratuba\/wp-content\/uploads\/2023\/10\/Copia-de-Copia-de-Essencia-1-768x432.jpg 768w, https:\/\/paz.church\/guaratuba\/wp-content\/uploads\/2023\/10\/Copia-de-Copia-de-Essencia-1-1080x608.jpg 1080w, https:\/\/paz.church\/guaratuba\/wp-content\/uploads\/2023\/10\/Copia-de-Copia-de-Essencia-1-426x240.jpg 426w\" sizes=\"(max-width: 1536px) 100vw, 1536px\" \/><\/a><h3 class=\"wpfc_grid_title\"><a href=\"https:\/\/paz.church\/guaratuba\/ministracoes\/series\/essencia-2\/\">Ess\u00eancia.<\/a><\/h3><\/li><li class=\"wpfc_grid_image\"><a href=\"https:\/\/paz.church\/guaratuba\/ministracoes\/series\/transbordante-uma-vida-abencoada\/\"><img loading=\"lazy\" decoding=\"async\" width=\"1536\" height=\"864\" src=\"https:\/\/paz.church\/guaratuba\/wp-content\/uploads\/2023\/06\/Serie-1536-\u00d7-864-px.jpg\" class=\"attachment- size-\" alt=\"\" srcset=\"https:\/\/paz.church\/guaratuba\/wp-content\/uploads\/2023\/06\/Serie-1536-\u00d7-864-px.jpg 1536w, https:\/\/paz.church\/guaratuba\/wp-content\/uploads\/2023\/06\/Serie-1536-\u00d7-864-px-300x169.jpg 300w, https:\/\/paz.church\/guaratuba\/wp-content\/uploads\/2023\/06\/Serie-1536-\u00d7-864-px-1024x576.jpg 1024w, https:\/\/paz.church\/guaratuba\/wp-content\/uploads\/2023\/06\/Serie-1536-\u00d7-864-px-768x432.jpg 768w, https:\/\/paz.church\/guaratuba\/wp-content\/uploads\/2023\/06\/Serie-1536-\u00d7-864-px-1080x608.jpg 1080w, https:\/\/paz.church\/guaratuba\/wp-content\/uploads\/2023\/06\/Serie-1536-\u00d7-864-px-426x240.jpg 426w\" sizes=\"(max-width: 1536px) 100vw, 1536px\" \/><\/a><h3 class=\"wpfc_grid_title\"><a href=\"https:\/\/paz.church\/guaratuba\/ministracoes\/series\/transbordante-uma-vida-abencoada\/\">TRANSBORDANTE: Uma vida aben\u00e7oada<\/a><\/h3><\/li><li class=\"wpfc_grid_image\"><a href=\"https:\/\/paz.church\/guaratuba\/ministracoes\/series\/redencao\/\"><img loading=\"lazy\" decoding=\"async\" width=\"1280\" height=\"720\" src=\"https:\/\/paz.church\/guaratuba\/wp-content\/uploads\/2023\/04\/Capa-serie-de-mensagens.jpg\" class=\"attachment- size-\" alt=\"\" srcset=\"https:\/\/paz.church\/guaratuba\/wp-content\/uploads\/2023\/04\/Capa-serie-de-mensagens.jpg 1280w, https:\/\/paz.church\/guaratuba\/wp-content\/uploads\/2023\/04\/Capa-serie-de-mensagens-300x169.jpg 300w, https:\/\/paz.church\/guaratuba\/wp-content\/uploads\/2023\/04\/Capa-serie-de-mensagens-1024x576.jpg 1024w, https:\/\/paz.church\/guaratuba\/wp-content\/uploads\/2023\/04\/Capa-serie-de-mensagens-768x432.jpg 768w, https:\/\/paz.church\/guaratuba\/wp-content\/uploads\/2023\/04\/Capa-serie-de-mensagens-1080x608.jpg 1080w, https:\/\/paz.church\/guaratuba\/wp-content\/uploads\/2023\/04\/Capa-serie-de-mensagens-426x240.jpg 426w\" sizes=\"(max-width: 1280px) 100vw, 1280px\" \/><\/a><h3 class=\"wpfc_grid_title\"><a href=\"https:\/\/paz.church\/guaratuba\/ministracoes\/series\/redencao\/\">Reden\u00e7\u00e3o<\/a><\/h3><\/li><li class=\"wpfc_grid_image\"><a href=\"https:\/\/paz.church\/guaratuba\/ministracoes\/series\/a-mentalidade-da-volta-de-jesus\/\"><img loading=\"lazy\" decoding=\"async\" width=\"1280\" height=\"720\" src=\"https:\/\/paz.church\/guaratuba\/wp-content\/uploads\/2023\/02\/WhatsApp-Image-2023-02-12-at-08.50.59.jpeg\" class=\"attachment- size-\" alt=\"\" srcset=\"https:\/\/paz.church\/guaratuba\/wp-content\/uploads\/2023\/02\/WhatsApp-Image-2023-02-12-at-08.50.59.jpeg 1280w, https:\/\/paz.church\/guaratuba\/wp-content\/uploads\/2023\/02\/WhatsApp-Image-2023-02-12-at-08.50.59-300x169.jpeg 300w, https:\/\/paz.church\/guaratuba\/wp-content\/uploads\/2023\/02\/WhatsApp-Image-2023-02-12-at-08.50.59-1024x576.jpeg 1024w, https:\/\/paz.church\/guaratuba\/wp-content\/uploads\/2023\/02\/WhatsApp-Image-2023-02-12-at-08.50.59-768x432.jpeg 768w, https:\/\/paz.church\/guaratuba\/wp-content\/uploads\/2023\/02\/WhatsApp-Image-2023-02-12-at-08.50.59-1080x608.jpeg 1080w, https:\/\/paz.church\/guaratuba\/wp-content\/uploads\/2023\/02\/WhatsApp-Image-2023-02-12-at-08.50.59-426x240.jpeg 426w\" sizes=\"(max-width: 1280px) 100vw, 1280px\" \/><\/a><h3 class=\"wpfc_grid_title\"><a href=\"https:\/\/paz.church\/guaratuba\/ministracoes\/series\/a-mentalidade-da-volta-de-jesus\/\">A mentalidade da volta de Jesus<\/a><\/h3><\/li><li class=\"wpfc_grid_image\"><a href=\"https:\/\/paz.church\/guaratuba\/ministracoes\/series\/a-cruz-vem-antes-da-gloria\/\"><img loading=\"lazy\" decoding=\"async\" width=\"1920\" height=\"1080\" src=\"https:\/\/paz.church\/guaratuba\/wp-content\/uploads\/2022\/07\/capa-a-cruz-vem-antes-da-gloria-cp-serie.jpg\" class=\"attachment- size-\" alt=\"\" srcset=\"https:\/\/paz.church\/guaratuba\/wp-content\/uploads\/2022\/07\/capa-a-cruz-vem-antes-da-gloria-cp-serie.jpg 1920w, https:\/\/paz.church\/guaratuba\/wp-content\/uploads\/2022\/07\/capa-a-cruz-vem-antes-da-gloria-cp-serie-300x169.jpg 300w, https:\/\/paz.church\/guaratuba\/wp-content\/uploads\/2022\/07\/capa-a-cruz-vem-antes-da-gloria-cp-serie-1024x576.jpg 1024w, https:\/\/paz.church\/guaratuba\/wp-content\/uploads\/2022\/07\/capa-a-cruz-vem-antes-da-gloria-cp-serie-768x432.jpg 768w, https:\/\/paz.church\/guaratuba\/wp-content\/uploads\/2022\/07\/capa-a-cruz-vem-antes-da-gloria-cp-serie-1536x864.jpg 1536w, https:\/\/paz.church\/guaratuba\/wp-content\/uploads\/2022\/07\/capa-a-cruz-vem-antes-da-gloria-cp-serie-1080x608.jpg 1080w, https:\/\/paz.church\/guaratuba\/wp-content\/uploads\/2022\/07\/capa-a-cruz-vem-antes-da-gloria-cp-serie-426x240.jpg 426w\" sizes=\"(max-width: 1920px) 100vw, 1920px\" \/><\/a><h3 class=\"wpfc_grid_title\"><a href=\"https:\/\/paz.church\/guaratuba\/ministracoes\/series\/a-cruz-vem-antes-da-gloria\/\">A cruz vem antes da gl\u00f3ria<\/a><\/h3><\/li><li class=\"wpfc_grid_image\"><a href=\"https:\/\/paz.church\/guaratuba\/ministracoes\/series\/a-fe-que-move-montanhas\/\"><img loading=\"lazy\" decoding=\"async\" width=\"1920\" height=\"1080\" src=\"https:\/\/paz.church\/guaratuba\/wp-content\/uploads\/2022\/03\/serie-uma-fe-que-move-montanhas-cp.jpg\" class=\"attachment- size-\" alt=\"\" srcset=\"https:\/\/paz.church\/guaratuba\/wp-content\/uploads\/2022\/03\/serie-uma-fe-que-move-montanhas-cp.jpg 1920w, https:\/\/paz.church\/guaratuba\/wp-content\/uploads\/2022\/03\/serie-uma-fe-que-move-montanhas-cp-300x169.jpg 300w, https:\/\/paz.church\/guaratuba\/wp-content\/uploads\/2022\/03\/serie-uma-fe-que-move-montanhas-cp-1024x576.jpg 1024w, https:\/\/paz.church\/guaratuba\/wp-content\/uploads\/2022\/03\/serie-uma-fe-que-move-montanhas-cp-768x432.jpg 768w, https:\/\/paz.church\/guaratuba\/wp-content\/uploads\/2022\/03\/serie-uma-fe-que-move-montanhas-cp-1536x864.jpg 1536w, https:\/\/paz.church\/guaratuba\/wp-content\/uploads\/2022\/03\/serie-uma-fe-que-move-montanhas-cp-1080x608.jpg 1080w, https:\/\/paz.church\/guaratuba\/wp-content\/uploads\/2022\/03\/serie-uma-fe-que-move-montanhas-cp-426x240.jpg 426w\" sizes=\"(max-width: 1920px) 100vw, 1920px\" \/><\/a><h3 class=\"wpfc_grid_title\"><a href=\"https:\/\/paz.church\/guaratuba\/ministracoes\/series\/a-fe-que-move-montanhas\/\">A f\u00e9 que move montanhas<\/a><\/h3><\/li><li class=\"wpfc_grid_image\"><a href=\"https:\/\/paz.church\/guaratuba\/ministracoes\/series\/eu-edificarei-a-minha-igreja\/\"><img loading=\"lazy\" decoding=\"async\" width=\"1920\" height=\"1080\" src=\"https:\/\/paz.church\/guaratuba\/wp-content\/uploads\/2022\/01\/tela-tema-2022.jpg\" class=\"attachment- size-\" alt=\"\" srcset=\"https:\/\/paz.church\/guaratuba\/wp-content\/uploads\/2022\/01\/tela-tema-2022.jpg 1920w, https:\/\/paz.church\/guaratuba\/wp-content\/uploads\/2022\/01\/tela-tema-2022-300x169.jpg 300w, https:\/\/paz.church\/guaratuba\/wp-content\/uploads\/2022\/01\/tela-tema-2022-1024x576.jpg 1024w, https:\/\/paz.church\/guaratuba\/wp-content\/uploads\/2022\/01\/tela-tema-2022-768x432.jpg 768w, https:\/\/paz.church\/guaratuba\/wp-content\/uploads\/2022\/01\/tela-tema-2022-1536x864.jpg 1536w, https:\/\/paz.church\/guaratuba\/wp-content\/uploads\/2022\/01\/tela-tema-2022-1080x608.jpg 1080w, https:\/\/paz.church\/guaratuba\/wp-content\/uploads\/2022\/01\/tela-tema-2022-426x240.jpg 426w\" sizes=\"(max-width: 1920px) 100vw, 1920px\" \/><\/a><h3 class=\"wpfc_grid_title\"><a href=\"https:\/\/paz.church\/guaratuba\/ministracoes\/series\/eu-edificarei-a-minha-igreja\/\">Eu Edificarei a minha Igreja<\/a><\/h3><\/li><li class=\"wpfc_grid_image\"><a href=\"https:\/\/paz.church\/guaratuba\/ministracoes\/series\/seminario-de-intercessao\/\"><img loading=\"lazy\" decoding=\"async\" width=\"1920\" height=\"1080\" src=\"https:\/\/paz.church\/guaratuba\/wp-content\/uploads\/2021\/06\/Seminario-de-intercessao-serie.jpg\" class=\"attachment- size-\" alt=\"\" srcset=\"https:\/\/paz.church\/guaratuba\/wp-content\/uploads\/2021\/06\/Seminario-de-intercessao-serie.jpg 1920w, https:\/\/paz.church\/guaratuba\/wp-content\/uploads\/2021\/06\/Seminario-de-intercessao-serie-300x169.jpg 300w, https:\/\/paz.church\/guaratuba\/wp-content\/uploads\/2021\/06\/Seminario-de-intercessao-serie-1024x576.jpg 1024w, https:\/\/paz.church\/guaratuba\/wp-content\/uploads\/2021\/06\/Seminario-de-intercessao-serie-768x432.jpg 768w, https:\/\/paz.church\/guaratuba\/wp-content\/uploads\/2021\/06\/Seminario-de-intercessao-serie-1536x864.jpg 1536w, https:\/\/paz.church\/guaratuba\/wp-content\/uploads\/2021\/06\/Seminario-de-intercessao-serie-1080x608.jpg 1080w, https:\/\/paz.church\/guaratuba\/wp-content\/uploads\/2021\/06\/Seminario-de-intercessao-serie-426x240.jpg 426w\" sizes=\"(max-width: 1920px) 100vw, 1920px\" \/><\/a><h3 class=\"wpfc_grid_title\"><a href=\"https:\/\/paz.church\/guaratuba\/ministracoes\/series\/seminario-de-intercessao\/\">Semin\u00e1rio de Intercess\u00e3o - Junho\/2021<\/a><\/h3><\/li><li class=\"wpfc_grid_image\"><a href=\"https:\/\/paz.church\/guaratuba\/ministracoes\/series\/conferencia-da-familia\/\"><img loading=\"lazy\" decoding=\"async\" width=\"1920\" height=\"1080\" src=\"https:\/\/paz.church\/guaratuba\/wp-content\/uploads\/2021\/06\/conferencia-da-Fmailia-serie.jpg\" class=\"attachment- size-\" alt=\"\" srcset=\"https:\/\/paz.church\/guaratuba\/wp-content\/uploads\/2021\/06\/conferencia-da-Fmailia-serie.jpg 1920w, https:\/\/paz.church\/guaratuba\/wp-content\/uploads\/2021\/06\/conferencia-da-Fmailia-serie-300x169.jpg 300w, https:\/\/paz.church\/guaratuba\/wp-content\/uploads\/2021\/06\/conferencia-da-Fmailia-serie-1024x576.jpg 1024w, https:\/\/paz.church\/guaratuba\/wp-content\/uploads\/2021\/06\/conferencia-da-Fmailia-serie-768x432.jpg 768w, https:\/\/paz.church\/guaratuba\/wp-content\/uploads\/2021\/06\/conferencia-da-Fmailia-serie-1536x864.jpg 1536w, https:\/\/paz.church\/guaratuba\/wp-content\/uploads\/2021\/06\/conferencia-da-Fmailia-serie-1080x608.jpg 1080w, https:\/\/paz.church\/guaratuba\/wp-content\/uploads\/2021\/06\/conferencia-da-Fmailia-serie-426x240.jpg 426w\" sizes=\"(max-width: 1920px) 100vw, 1920px\" \/><\/a><h3 class=\"wpfc_grid_title\"><a href=\"https:\/\/paz.church\/guaratuba\/ministracoes\/series\/conferencia-da-familia\/\">Confer\u00eancia da Fam\u00edlia - MAIO\/2021<\/a><\/h3><\/li><li class=\"wpfc_grid_image\"><a href=\"https:\/\/paz.church\/guaratuba\/ministracoes\/series\/urgencia-do-tempo\/\"><img loading=\"lazy\" decoding=\"async\" width=\"1920\" height=\"1080\" src=\"https:\/\/paz.church\/guaratuba\/wp-content\/uploads\/2020\/11\/serie-urgencia-do-tempo.jpg\" class=\"attachment- size-\" alt=\"\" srcset=\"https:\/\/paz.church\/guaratuba\/wp-content\/uploads\/2020\/11\/serie-urgencia-do-tempo.jpg 1920w, https:\/\/paz.church\/guaratuba\/wp-content\/uploads\/2020\/11\/serie-urgencia-do-tempo-300x169.jpg 300w, https:\/\/paz.church\/guaratuba\/wp-content\/uploads\/2020\/11\/serie-urgencia-do-tempo-1024x576.jpg 1024w, https:\/\/paz.church\/guaratuba\/wp-content\/uploads\/2020\/11\/serie-urgencia-do-tempo-768x432.jpg 768w, https:\/\/paz.church\/guaratuba\/wp-content\/uploads\/2020\/11\/serie-urgencia-do-tempo-1536x864.jpg 1536w, https:\/\/paz.church\/guaratuba\/wp-content\/uploads\/2020\/11\/serie-urgencia-do-tempo-1080x608.jpg 1080w, https:\/\/paz.church\/guaratuba\/wp-content\/uploads\/2020\/11\/serie-urgencia-do-tempo-426x240.jpg 426w\" sizes=\"(max-width: 1920px) 100vw, 1920px\" \/><\/a><h3 class=\"wpfc_grid_title\"><a href=\"https:\/\/paz.church\/guaratuba\/ministracoes\/series\/urgencia-do-tempo\/\">Urg\u00eancia do Tempo<\/a><\/h3><\/li><li class=\"wpfc_grid_image\"><a href=\"https:\/\/paz.church\/guaratuba\/ministracoes\/series\/igreja-de-filipenses\/\"><img loading=\"lazy\" decoding=\"async\" width=\"1920\" height=\"1080\" src=\"https:\/\/paz.church\/guaratuba\/wp-content\/uploads\/2020\/10\/serie-igreja-de-filipenses.jpg\" class=\"attachment- size-\" alt=\"\" srcset=\"https:\/\/paz.church\/guaratuba\/wp-content\/uploads\/2020\/10\/serie-igreja-de-filipenses.jpg 1920w, https:\/\/paz.church\/guaratuba\/wp-content\/uploads\/2020\/10\/serie-igreja-de-filipenses-300x169.jpg 300w, https:\/\/paz.church\/guaratuba\/wp-content\/uploads\/2020\/10\/serie-igreja-de-filipenses-1024x576.jpg 1024w, https:\/\/paz.church\/guaratuba\/wp-content\/uploads\/2020\/10\/serie-igreja-de-filipenses-768x432.jpg 768w, https:\/\/paz.church\/guaratuba\/wp-content\/uploads\/2020\/10\/serie-igreja-de-filipenses-1536x864.jpg 1536w, https:\/\/paz.church\/guaratuba\/wp-content\/uploads\/2020\/10\/serie-igreja-de-filipenses-1080x608.jpg 1080w, https:\/\/paz.church\/guaratuba\/wp-content\/uploads\/2020\/10\/serie-igreja-de-filipenses-426x240.jpg 426w\" sizes=\"(max-width: 1920px) 100vw, 1920px\" \/><\/a><h3 class=\"wpfc_grid_title\"><a href=\"https:\/\/paz.church\/guaratuba\/ministracoes\/series\/igreja-de-filipenses\/\">Igreja de Filipenses<\/a><\/h3><\/li><li class=\"wpfc_grid_image\"><a href=\"https:\/\/paz.church\/guaratuba\/ministracoes\/series\/essencia\/\"><img loading=\"lazy\" decoding=\"async\" width=\"1920\" height=\"1080\" src=\"https:\/\/paz.church\/guaratuba\/wp-content\/uploads\/2020\/08\/s\u00e9rie-ess\u00eancia.jpg\" class=\"attachment- size-\" alt=\"\" srcset=\"https:\/\/paz.church\/guaratuba\/wp-content\/uploads\/2020\/08\/s\u00e9rie-ess\u00eancia.jpg 1920w, https:\/\/paz.church\/guaratuba\/wp-content\/uploads\/2020\/08\/s\u00e9rie-ess\u00eancia-300x169.jpg 300w, https:\/\/paz.church\/guaratuba\/wp-content\/uploads\/2020\/08\/s\u00e9rie-ess\u00eancia-1024x576.jpg 1024w, https:\/\/paz.church\/guaratuba\/wp-content\/uploads\/2020\/08\/s\u00e9rie-ess\u00eancia-768x432.jpg 768w, https:\/\/paz.church\/guaratuba\/wp-content\/uploads\/2020\/08\/s\u00e9rie-ess\u00eancia-1536x864.jpg 1536w, https:\/\/paz.church\/guaratuba\/wp-content\/uploads\/2020\/08\/s\u00e9rie-ess\u00eancia-1080x608.jpg 1080w, https:\/\/paz.church\/guaratuba\/wp-content\/uploads\/2020\/08\/s\u00e9rie-ess\u00eancia-426x240.jpg 426w\" sizes=\"(max-width: 1920px) 100vw, 1920px\" \/><\/a><h3 class=\"wpfc_grid_title\"><a href=\"https:\/\/paz.church\/guaratuba\/ministracoes\/series\/essencia\/\">Ess\u00eancia<\/a><\/h3><\/li><\/ul>\n<\/div>\n<\/div><\/div><\/div><\/div><\/div>","protected":false},"excerpt":{"rendered":"<p>O pr\u00edncepe prometido.Os 7 &#8220;Eu Sou&#8221; de JesusUm legado que transformaNatalEss\u00eancia.TRANSBORDANTE: Uma vida aben\u00e7oadaReden\u00e7\u00e3oA mentalidade da volta de JesusA cruz vem antes da gl\u00f3riaA f\u00e9 que move montanhasEu Edificarei a minha IgrejaSemin\u00e1rio de Intercess\u00e3o &#8211; Junho\/2021Confer\u00eancia da Fam\u00edlia &#8211; MAIO\/2021Urg\u00eancia do TempoIgreja de FilipensesEss\u00eancia<\/p>\n","protected":false},"author":1,"featured_media":0,"parent":0,"menu_order":0,"comment_status":"closed","ping_status":"closed","template":"","meta":{"footnotes":""},"aioseo_notices":[],"_links":{"self":[{"href":"https:\/\/paz.church\/guaratuba\/wp-json\/wp\/v2\/pages\/3605"}],"collection":[{"href":"https:\/\/paz.church\/guaratuba\/wp-json\/wp\/v2\/pages"}],"about":[{"href":"https:\/\/paz.church\/guaratuba\/wp-json\/wp\/v2\/types\/page"}],"author":[{"embeddable":true,"href":"https:\/\/paz.church\/guaratuba\/wp-json\/wp\/v2\/users\/1"}],"replies":[{"embeddable":true,"href":"https:\/\/paz.church\/guaratuba\/wp-json\/wp\/v2\/comments?post=3605"}],"version-history":[{"count":1,"href":"https:\/\/paz.church\/guaratuba\/wp-json\/wp\/v2\/pages\/3605\/revisions"}],"predecessor-version":[{"id":8636,"href":"https:\/\/paz.church\/guaratuba\/wp-json\/wp\/v2\/pages\/3605\/revisions\/8636"}],"wp:attachment":[{"href":"https:\/\/paz.church\/guaratuba\/wp-json\/wp\/v2\/media?parent=3605"}],"curies":[{"name":"wp","href":"https:\/\/api.w.org\/{rel}","templated":true}]}}