{"id":14450,"date":"2021-06-17T02:33:51","date_gmt":"2021-06-17T05:33:51","guid":{"rendered":"https:\/\/paz.church\/saopaulo\/?page_id=14450"},"modified":"2025-09-07T01:08:49","modified_gmt":"2025-09-07T04:08:49","slug":"contribua","status":"publish","type":"page","link":"https:\/\/paz.church\/itapetininga\/contribua\/","title":{"rendered":"Contribua"},"content":{"rendered":"<div id=\"pl-14450\"  class=\"panel-layout\" ><a id=\"bordas\"><\/a><div id=\"pg-14450-0\"  class=\"panel-grid panel-has-style\"  data-extraid=\"bordas\" ><div class=\"bordas panel-row-style panel-row-style-for-14450-0\" ><div id=\"pgc-14450-0-0\"  class=\"panel-grid-cell\" ><div id=\"panel-14450-0-0-0\" class=\"so-panel widget widget_sow-editor panel-first-child panel-last-child\" data-index=\"0\" ><div\n\t\t\t\n\t\t\tclass=\"so-widget-sow-editor so-widget-sow-editor-base\"\n\t\t\t\n\t\t>\n<div class=\"siteorigin-widget-tinymce textwidget\">\n\t<p>Sua generosidade est\u00e1 transformando o mundo! O avan\u00e7o do Reino de Deus em v\u00e1rios pa\u00edses, a restaura\u00e7\u00e3o de fam\u00edlias e o socorro aos necessitados atrav\u00e9s da a\u00e7\u00e3o social da igreja, tem sido beneficiados com o seu fiel apoio financeiro.<\/p>\n<p>Contribua a qualquer hora, em qualquer lugar.<\/p>\n<\/div>\n<\/div><\/div><\/div><\/div><\/div><div id=\"pg-14450-1\"  class=\"panel-grid panel-no-style\" ><div id=\"pgc-14450-1-0\"  class=\"panel-grid-cell\" ><div id=\"panel-14450-1-0-0\" class=\"so-panel widget widget_sow-headline panel-first-child panel-last-child\" data-index=\"1\" ><div class=\"panel-widget-style panel-widget-style-for-14450-1-0-0\" ><div\n\t\t\t\n\t\t\tclass=\"so-widget-sow-headline so-widget-sow-headline-default-367535a748c1-14450\"\n\t\t\t\n\t\t><div class=\"sow-headline-container \">\n\t<h3 class='sow-headline'>D\u00edzimos e Ofertas<\/h3><\/div>\n<\/div><\/div><\/div><\/div><\/div><a id=\"bordas\"><\/a><div id=\"pg-14450-2\"  class=\"panel-grid panel-has-style\"  data-extraid=\"bordas\" ><div class=\"bordas panel-row-style panel-row-style-for-14450-2\" ><div id=\"pgc-14450-2-0\"  class=\"panel-grid-cell\" ><div id=\"panel-14450-2-0-0\" class=\"so-panel widget widget_sow-image panel-first-child\" data-index=\"2\" ><div\n\t\t\t\n\t\t\tclass=\"so-widget-sow-image so-widget-sow-image-default-72463164d13f-14450\"\n\t\t\t\n\t\t>\n\n<div class=\"sow-image-container\">\n\t\t<img decoding=\"async\" src=\"https:\/\/paz.church\/itapetininga\/wp-content\/uploads\/2025\/09\/ITAU_LOGO_HEX_48X48-1-75x75.png\" width=\"40\" height=\"40\" srcset=\"https:\/\/paz.church\/itapetininga\/wp-content\/uploads\/2025\/09\/ITAU_LOGO_HEX_48X48-1-75x75.png 75w, https:\/\/paz.church\/itapetininga\/wp-content\/uploads\/2025\/09\/ITAU_LOGO_HEX_48X48-1-300x300.png 300w, https:\/\/paz.church\/itapetininga\/wp-content\/uploads\/2025\/09\/ITAU_LOGO_HEX_48X48-1-180x180.png 180w, https:\/\/paz.church\/itapetininga\/wp-content\/uploads\/2025\/09\/ITAU_LOGO_HEX_48X48-1-330x330.png 330w, https:\/\/paz.church\/itapetininga\/wp-content\/uploads\/2025\/09\/ITAU_LOGO_HEX_48X48-1-426x426.png 426w, https:\/\/paz.church\/itapetininga\/wp-content\/uploads\/2025\/09\/ITAU_LOGO_HEX_48X48-1.png 600w\" sizes=\"auto, (max-width: 40px) 100vw, 40px\" title=\"ITAU_LOGO_HEX_48X48\" alt=\"\" loading=\"lazy\" \t\tclass=\"so-widget-image\"\/>\n\t<\/div>\n\n<\/div><\/div><div id=\"panel-14450-2-0-1\" class=\"so-panel widget widget_sow-editor\" data-index=\"3\" ><div\n\t\t\t\n\t\t\tclass=\"so-widget-sow-editor so-widget-sow-editor-base\"\n\t\t\t\n\t\t>\n<div class=\"siteorigin-widget-tinymce textwidget\">\n\t<p style=\"text-align: center;\"><span class=\"JsGRdQ\"><strong>Banco Ita\u00fa<\/strong> (Banco 341)<br \/>\nAg\u00eancia: 6452 | CC: 003883-6<br \/>\n<\/span><\/p>\n<\/div>\n<\/div><\/div><div id=\"panel-14450-2-0-2\" class=\"widget_text so-panel widget widget_custom_html panel-last-child\" data-index=\"4\" ><div class=\"textwidget custom-html-widget\"><div style=\"text-align:center; margin-top:20px;\">\n  <button \n    style=\"padding:10px 20px;border:none;border-radius:8px;background:#1E73BE;color:#fff;cursor:pointer;font-size:16px;\"\n    onclick=\"navigator.clipboard.writeText('18.588.849\/0001-93'); this.innerText='Copiado!'; setTimeout(() => this.innerText='Copiar chave Pix', 2000);\">\n    Copiar chave Pix\n  <\/button>\n<\/div><\/div><\/div><\/div><div id=\"pgc-14450-2-1\"  class=\"panel-grid-cell\" ><div id=\"panel-14450-2-1-0\" class=\"so-panel widget widget_sow-image panel-first-child\" data-index=\"5\" ><div\n\t\t\t\n\t\t\tclass=\"so-widget-sow-image so-widget-sow-image-default-72463164d13f-14450\"\n\t\t\t\n\t\t>\n\n<div class=\"sow-image-container\">\n\t\t<img decoding=\"async\" src=\"https:\/\/paz.church\/itapetininga\/wp-content\/uploads\/2025\/09\/banco.png\" width=\"150\" height=\"25\" srcset=\"https:\/\/paz.church\/itapetininga\/wp-content\/uploads\/2025\/09\/banco.png 1280w, https:\/\/paz.church\/itapetininga\/wp-content\/uploads\/2025\/09\/banco-300x51.png 300w, https:\/\/paz.church\/itapetininga\/wp-content\/uploads\/2025\/09\/banco-1024x174.png 1024w, https:\/\/paz.church\/itapetininga\/wp-content\/uploads\/2025\/09\/banco-768x130.png 768w\" sizes=\"auto, (max-width: 150px) 100vw, 150px\" alt=\"\" loading=\"lazy\" \t\tclass=\"so-widget-image\"\/>\n\t<\/div>\n\n<\/div><\/div><div id=\"panel-14450-2-1-1\" class=\"so-panel widget widget_sow-editor\" data-index=\"6\" ><div\n\t\t\t\n\t\t\tclass=\"so-widget-sow-editor so-widget-sow-editor-base\"\n\t\t\t\n\t\t>\n<div class=\"siteorigin-widget-tinymce textwidget\">\n\t<p style=\"text-align: center;\"><span class=\"JsGRdQ\"><strong>Banco do Brasil<\/strong> (Banco 001)<br \/>\nAg\u00eancia: 6522-6 | CC: 33167-8<\/span><\/p><\/p>\n<\/div>\n<\/div><\/div><div id=\"panel-14450-2-1-2\" class=\"widget_text so-panel widget widget_custom_html panel-last-child\" data-index=\"7\" ><div class=\"textwidget custom-html-widget\"><div style=\"text-align:center; margin-top:20px;\">\n  <button \n    style=\"padding:10px 20px;border:none;border-radius:8px;background:#1E73BE;color:#fff;cursor:pointer;font-size:16px;\"\n    onclick=\"navigator.clipboard.writeText('15991116001'); this.innerText='Copiado!'; setTimeout(() => this.innerText='Copiar chave Pix', 2000);\">\n    Copiar chave Pix\n  <\/button>\n<\/div><\/div><\/div><\/div><div id=\"pgc-14450-2-2\"  class=\"panel-grid-cell\" ><div id=\"panel-14450-2-2-0\" class=\"so-panel widget widget_sow-image panel-first-child\" data-index=\"8\" ><div\n\t\t\t\n\t\t\tclass=\"so-widget-sow-image so-widget-sow-image-default-17bc2272b535-14450\"\n\t\t\t\n\t\t>\n\n<div class=\"sow-image-container\">\n\t\t<img decoding=\"async\" src=\"https:\/\/paz.church\/itapetininga\/wp-content\/uploads\/2025\/09\/amor-em-acao.jpg\" width=\"150\" height=\"42\" srcset=\"https:\/\/paz.church\/itapetininga\/wp-content\/uploads\/2025\/09\/amor-em-acao.jpg 1600w, https:\/\/paz.church\/itapetininga\/wp-content\/uploads\/2025\/09\/amor-em-acao-300x84.jpg 300w, https:\/\/paz.church\/itapetininga\/wp-content\/uploads\/2025\/09\/amor-em-acao-1024x287.jpg 1024w, https:\/\/paz.church\/itapetininga\/wp-content\/uploads\/2025\/09\/amor-em-acao-768x215.jpg 768w, https:\/\/paz.church\/itapetininga\/wp-content\/uploads\/2025\/09\/amor-em-acao-1536x430.jpg 1536w\" sizes=\"auto, (max-width: 150px) 100vw, 150px\" title=\"amor em acao\" alt=\"\" loading=\"lazy\" \t\tclass=\"so-widget-image\"\/>\n\t<\/div>\n\n<\/div><\/div><div id=\"panel-14450-2-2-1\" class=\"so-panel widget widget_sow-editor\" data-index=\"9\" ><div\n\t\t\t\n\t\t\tclass=\"so-widget-sow-editor so-widget-sow-editor-base\"\n\t\t\t\n\t\t>\n<div class=\"siteorigin-widget-tinymce textwidget\">\n\t<p style=\"text-align: center;\"><span class=\"JsGRdQ\"><strong>Banco Cora<\/strong> (Banco 403)<br \/>\nAg\u00eancia: 0001 | CC: 3846406-4<\/span><\/p>\n<\/div>\n<\/div><\/div><div id=\"panel-14450-2-2-2\" class=\"widget_text so-panel widget widget_custom_html panel-last-child\" data-index=\"10\" ><div class=\"textwidget custom-html-widget\"><div style=\"text-align:center; margin-top:20px;\">\n  <button \n    style=\"padding:10px 20px;border:none;border-radius:8px;background:#1E73BE;color:#fff;cursor:pointer;font-size:16px;\"\n    onclick=\"navigator.clipboard.writeText('pazchurchitapetininga@gmail.com'); this.innerText='Copiado!'; setTimeout(() => this.innerText='Copiar chave Pix', 2000);\">\n    Copiar chave Pix\n  <\/button>\n<\/div><\/div><\/div><\/div><\/div><\/div><a id=\"bordas\"><\/a><div id=\"pg-14450-3\"  class=\"panel-grid panel-has-style\"  data-extraid=\"bordas\" ><div class=\"bordas panel-row-style panel-row-style-for-14450-3\" ><div id=\"pgc-14450-3-0\"  class=\"panel-grid-cell\" ><div id=\"panel-14450-3-0-0\" class=\"so-panel widget widget_sow-icon panel-first-child panel-last-child\" data-index=\"11\" ><div\n\t\t\t\n\t\t\tclass=\"so-widget-sow-icon so-widget-sow-icon-default-b6d7bacdc231-14450\"\n\t\t\t\n\t\t>\n<div class=\"sow-icon-container sow-icon\">\n\t\t\t<span class=\"sow-icon-icomoon\" data-sow-icon=\"&#xe93f;\"\n\t\t \n\t\taria-hidden=\"true\"><\/span>\t<\/div>\n<\/div><\/div><\/div><div id=\"pgc-14450-3-1\"  class=\"panel-grid-cell\" ><div id=\"panel-14450-3-1-0\" class=\"so-panel widget widget_sow-headline panel-first-child\" data-index=\"12\" ><div\n\t\t\t\n\t\t\tclass=\"so-widget-sow-headline so-widget-sow-headline-default-a311599587c3-14450\"\n\t\t\t\n\t\t><div class=\"sow-headline-container \">\n\t<h3 class='sow-headline'>Doa\u00e7\u00e3o online<\/h3><\/div>\n<\/div><\/div><div id=\"panel-14450-3-1-1\" class=\"so-panel widget widget_sow-editor panel-last-child\" data-index=\"13\" ><div\n\t\t\t\n\t\t\tclass=\"so-widget-sow-editor so-widget-sow-editor-base\"\n\t\t\t\n\t\t>\n<div class=\"siteorigin-widget-tinymce textwidget\">\n\t<p>Contribua com cart\u00e3o de cr\u00e9dito, boleto ou pix. Em um ambiente 100% seguro.<\/p>\n<\/div>\n<\/div><\/div><\/div><div id=\"pgc-14450-3-2\"  class=\"panel-grid-cell\" ><div id=\"panel-14450-3-2-0\" class=\"so-panel widget widget_sow-button panel-first-child panel-last-child\" data-index=\"14\" ><div\n\t\t\t\n\t\t\tclass=\"so-widget-sow-button so-widget-sow-button-flat-b10d824bcea2-14450\"\n\t\t\t\n\t\t><div class=\"ow-button-base ow-button-align-center\">\n\t<a\n\thref=\"https:\/\/www.asaas.com\/c\/ambk4xkpf9il00at\"\n\t\tclass=\"ow-icon-placement-left\" target=\"_blank\" rel=\"noopener noreferrer\" \t>\n\t\t<span>\n\t\t\t\n\t\t\tClique aqui\t\t<\/span>\n\t<\/a>\n<\/div>\n<\/div><\/div><\/div><\/div><\/div><div id=\"pg-14450-4\"  class=\"panel-grid panel-has-style\" ><div class=\"panel-row-style panel-row-style-for-14450-4\" ><div id=\"pgc-14450-4-0\"  class=\"panel-grid-cell\" ><div id=\"panel-14450-4-0-0\" class=\"so-panel widget widget_sow-editor panel-first-child panel-last-child\" data-index=\"15\" ><div\n\t\t\t\n\t\t\tclass=\"so-widget-sow-editor so-widget-sow-editor-base\"\n\t\t\t\n\t\t>\n<div class=\"siteorigin-widget-tinymce textwidget\">\n\t<p style=\"text-align: center;\"><strong><em>\u201cE Deus pode dar muito mais do que voc\u00eas precisam para que voc\u00eas tenham sempre tudo o que necessitam e ainda mais do que o necess\u00e1rio para fazerem todo tipo de boas obras.\u201d<\/em><br \/>\n<\/strong>(2 Cor\u00edntios 9.8 NTLH)<\/p>\n<\/div>\n<\/div><\/div><\/div><\/div><\/div><\/div>","protected":false},"excerpt":{"rendered":"<p>Sua generosidade est\u00e1 transformando o mundo! O avan\u00e7o do Reino de Deus em v\u00e1rios pa\u00edses, a restaura\u00e7\u00e3o de fam\u00edlias e o socorro aos necessitados atrav\u00e9s da a\u00e7\u00e3o social da igreja, tem sido beneficiados com o seu fiel apoio financeiro. Contribua a qualquer hora, em qualquer lugar.<\/p>\n","protected":false},"author":1,"featured_media":19794,"parent":0,"menu_order":0,"comment_status":"closed","ping_status":"closed","template":"","meta":{"_seopress_robots_primary_cat":"","footnotes":""},"class_list":["post-14450","page","type-page","status-publish","has-post-thumbnail","has-thumb"],"_links":{"self":[{"href":"https:\/\/paz.church\/itapetininga\/wp-json\/wp\/v2\/pages\/14450","targetHints":{"allow":["GET"]}}],"collection":[{"href":"https:\/\/paz.church\/itapetininga\/wp-json\/wp\/v2\/pages"}],"about":[{"href":"https:\/\/paz.church\/itapetininga\/wp-json\/wp\/v2\/types\/page"}],"author":[{"embeddable":true,"href":"https:\/\/paz.church\/itapetininga\/wp-json\/wp\/v2\/users\/1"}],"replies":[{"embeddable":true,"href":"https:\/\/paz.church\/itapetininga\/wp-json\/wp\/v2\/comments?post=14450"}],"version-history":[{"count":41,"href":"https:\/\/paz.church\/itapetininga\/wp-json\/wp\/v2\/pages\/14450\/revisions"}],"predecessor-version":[{"id":21349,"href":"https:\/\/paz.church\/itapetininga\/wp-json\/wp\/v2\/pages\/14450\/revisions\/21349"}],"wp:featuredmedia":[{"embeddable":true,"href":"https:\/\/paz.church\/itapetininga\/wp-json\/wp\/v2\/media\/19794"}],"wp:attachment":[{"href":"https:\/\/paz.church\/itapetininga\/wp-json\/wp\/v2\/media?parent=14450"}],"curies":[{"name":"wp","href":"https:\/\/api.w.org\/{rel}","templated":true}]}}