{"id":1249,"date":"2018-12-11T21:10:16","date_gmt":"2018-12-11T23:10:16","guid":{"rendered":"https:\/\/paz.church\/saopaulo\/?page_id=1249"},"modified":"2022-10-31T16:14:49","modified_gmt":"2022-10-31T19:14:49","slug":"pastores","status":"publish","type":"page","link":"https:\/\/paz.church\/itapipoca\/pastores\/","title":{"rendered":"Nossos Pastores"},"content":{"rendered":"<div id=\"pl-1249\"  class=\"panel-layout\" ><div id=\"pg-1249-0\"  class=\"panel-grid panel-has-style\" ><div id=\"Team01\" class=\"panel-row-style panel-row-style-for-1249-0\" ><div id=\"pgc-1249-0-0\"  class=\"panel-grid-cell\" ><div id=\"colunas-widget\" class=\"panel-cell-style panel-cell-style-for-1249-0-0\" ><div id=\"panel-1249-0-0-0\" class=\"so-panel widget widget_sow-headline panel-first-child panel-last-child\" data-index=\"0\" ><div class=\"titulo panel-widget-style panel-widget-style-for-1249-0-0-0\" ><div\n\t\t\t\n\t\t\tclass=\"so-widget-sow-headline so-widget-sow-headline-default-b0e2e7a73887-1249\"\n\t\t\t\n\t\t><div class=\"sow-headline-container \">\n\t<h3 class='sow-headline'>Pastores Seniores<\/h3><\/div>\n<\/div><\/div><\/div><\/div><\/div><\/div><\/div><a id=\"bordas\"><\/a><div id=\"pg-1249-1\"  class=\"panel-grid panel-has-style\"  data-extraid=\"bordas\" ><div class=\"bordas panel-row-style panel-row-style-for-1249-1\" id=\"team\" ><div id=\"pgc-1249-1-0\"  class=\"panel-grid-cell\" ><div id=\"panel-1249-1-0-0\" class=\"so-panel widget widget_sow-image panel-first-child panel-last-child\" data-index=\"1\" ><div\n\t\t\t\n\t\t\tclass=\"so-widget-sow-image so-widget-sow-image-default-d6014b76747a-1249\"\n\t\t\t\n\t\t>\n\n<div class=\"sow-image-container\">\n\t\t<img decoding=\"async\" src=\"https:\/\/paz.church\/itapipoca\/wp-content\/uploads\/2022\/10\/160568449_761076371089108_1877107410742486186_n-426x426.jpg\" width=\"426\" height=\"426\" srcset=\"https:\/\/paz.church\/itapipoca\/wp-content\/uploads\/2022\/10\/160568449_761076371089108_1877107410742486186_n-426x426.jpg 426w, https:\/\/paz.church\/itapipoca\/wp-content\/uploads\/2022\/10\/160568449_761076371089108_1877107410742486186_n-300x300.jpg 300w, https:\/\/paz.church\/itapipoca\/wp-content\/uploads\/2022\/10\/160568449_761076371089108_1877107410742486186_n-180x180.jpg 180w, https:\/\/paz.church\/itapipoca\/wp-content\/uploads\/2022\/10\/160568449_761076371089108_1877107410742486186_n-330x330.jpg 330w, https:\/\/paz.church\/itapipoca\/wp-content\/uploads\/2022\/10\/160568449_761076371089108_1877107410742486186_n-75x75.jpg 75w, https:\/\/paz.church\/itapipoca\/wp-content\/uploads\/2022\/10\/160568449_761076371089108_1877107410742486186_n.jpg 640w\" sizes=\"(max-width: 426px) 100vw, 426px\" alt=\"\" loading=\"lazy\" \t\tclass=\"so-widget-image\"\/>\n\t<\/div>\n\n<\/div><\/div><\/div><div id=\"pgc-1249-1-1\"  class=\"panel-grid-cell\" ><div id=\"panel-1249-1-1-0\" class=\"so-panel widget widget_sow-editor panel-first-child\" data-index=\"2\" ><div\n\t\t\t\n\t\t\tclass=\"so-widget-sow-editor so-widget-sow-editor-base\"\n\t\t\t\n\t\t><h3 class=\"widget-title\">Anderson &amp; Rose Barroso<\/h3>\n<div class=\"siteorigin-widget-tinymce textwidget\">\n\t<p>Alcan\u00e7ados pela Gra\u00e7a de Jesus, s\u00e3o apaixonados pela expans\u00e3o do Reino de Deus e pela salva\u00e7\u00e3o de vidas. No ano de 2014, mudaram da capital Fortaleza para a cidade de Itapipoca, no Cear\u00e1. Debaixo da ben\u00e7\u00e3o dos seus l\u00edderes iniciaram uma relevante igreja da qual s\u00e3o os pastores seniores, a Paz Church Itapipoca.<\/p>\n<\/div>\n<\/div><\/div><div id=\"panel-1249-1-1-1\" class=\"so-panel widget widget_sow-social-media-buttons panel-last-child\" data-index=\"3\" ><div class=\"panel-widget-style panel-widget-style-for-1249-1-1-1\" ><div\n\t\t\t\n\t\t\tclass=\"so-widget-sow-social-media-buttons so-widget-sow-social-media-buttons-flat-a0a1fdd071a5-1249\"\n\t\t\t\n\t\t>\n\n<div class=\"social-media-button-container\">\n\t\n\t\t<a class=\"sow-social-media-button-facebook-0 sow-social-media-button\" title=\"Paz Church | Itapipoca em Facebook\" aria-label=\"Paz Church | Itapipoca em Facebook\" target=\"_blank\" rel=\"noopener noreferrer\" href=\"https:\/\/facebook.com\/anderson.barroso.3194\" >\n\t\t\t<span>\n\t\t\t\t\t\t\t\t<span class=\"sow-icon-fontawesome sow-fab\" data-sow-icon=\"&#xf39e;\"\n\t\t \n\t\taria-hidden=\"true\"><\/span>\t\t\t\t\t\t\t<\/span>\n\t\t<\/a>\n\t\n\t\t<a class=\"sow-social-media-button-instagram-0 sow-social-media-button\" title=\"Paz Church | Itapipoca em Instagram\" aria-label=\"Paz Church | Itapipoca em Instagram\" target=\"_blank\" rel=\"noopener noreferrer\" href=\"https:\/\/www.instagram.com\/andersonbarrosofarias\/\" >\n\t\t\t<span>\n\t\t\t\t\t\t\t\t<span class=\"sow-icon-fontawesome sow-fab\" data-sow-icon=\"&#xf16d;\"\n\t\t \n\t\taria-hidden=\"true\"><\/span>\t\t\t\t\t\t\t<\/span>\n\t\t<\/a>\n\t\n\t\t<a class=\"sow-social-media-button-youtube-0 sow-social-media-button\" title=\"Paz Church | Itapipoca em Youtube\" aria-label=\"Paz Church | Itapipoca em Youtube\" target=\"_blank\" rel=\"noopener noreferrer\" href=\"https:\/\/www.youtube.com\/channel\/UCagy618QTsNL4qCtZ445wRA\" >\n\t\t\t<span>\n\t\t\t\t\t\t\t\t<span class=\"sow-icon-fontawesome sow-fab\" data-sow-icon=\"&#xf167;\"\n\t\t \n\t\taria-hidden=\"true\"><\/span>\t\t\t\t\t\t\t<\/span>\n\t\t<\/a>\n\t<\/div>\n<\/div><\/div><\/div><\/div><\/div><\/div><\/div>","protected":false},"excerpt":{"rendered":"<p>Alcan\u00e7ados pela Gra\u00e7a de Jesus, s\u00e3o apaixonados pela expans\u00e3o do Reino de Deus e pela salva\u00e7\u00e3o de vidas. No ano de 2014, mudaram da capital Fortaleza para a cidade de Itapipoca, no Cear\u00e1. Debaixo da ben\u00e7\u00e3o dos seus l\u00edderes iniciaram uma relevante igreja da qual s\u00e3o os pastores seniores, a Paz Church Itapipoca.<\/p>\n","protected":false},"author":1,"featured_media":20637,"parent":0,"menu_order":0,"comment_status":"closed","ping_status":"closed","template":"","meta":{"_seopress_robots_primary_cat":"","footnotes":""},"_links":{"self":[{"href":"https:\/\/paz.church\/itapipoca\/wp-json\/wp\/v2\/pages\/1249"}],"collection":[{"href":"https:\/\/paz.church\/itapipoca\/wp-json\/wp\/v2\/pages"}],"about":[{"href":"https:\/\/paz.church\/itapipoca\/wp-json\/wp\/v2\/types\/page"}],"author":[{"embeddable":true,"href":"https:\/\/paz.church\/itapipoca\/wp-json\/wp\/v2\/users\/1"}],"replies":[{"embeddable":true,"href":"https:\/\/paz.church\/itapipoca\/wp-json\/wp\/v2\/comments?post=1249"}],"version-history":[{"count":21,"href":"https:\/\/paz.church\/itapipoca\/wp-json\/wp\/v2\/pages\/1249\/revisions"}],"predecessor-version":[{"id":20647,"href":"https:\/\/paz.church\/itapipoca\/wp-json\/wp\/v2\/pages\/1249\/revisions\/20647"}],"wp:featuredmedia":[{"embeddable":true,"href":"https:\/\/paz.church\/itapipoca\/wp-json\/wp\/v2\/media\/20637"}],"wp:attachment":[{"href":"https:\/\/paz.church\/itapipoca\/wp-json\/wp\/v2\/media?parent=1249"}],"curies":[{"name":"wp","href":"https:\/\/api.w.org\/{rel}","templated":true}]}}