{"id":8336,"date":"2017-02-01T01:22:58","date_gmt":"2017-02-01T03:22:58","guid":{"rendered":"https:\/\/paz.church\/saopaulo\/?page_id=8336"},"modified":"2022-10-28T20:39:23","modified_gmt":"2022-10-28T23:39:23","slug":"links","status":"publish","type":"page","link":"https:\/\/paz.church\/itapipoca\/links\/","title":{"rendered":"Links"},"content":{"rendered":"<div id=\"pl-8336\"  class=\"panel-layout\" ><div id=\"pg-8336-0\"  class=\"panel-grid panel-has-style\" ><div id=\"Links-Page\" class=\"panel-row-style panel-row-style-for-8336-0\" ><div id=\"pgc-8336-0-0\"  class=\"panel-grid-cell\" ><div id=\"panel-8336-0-0-0\" class=\"so-panel widget widget_media_image panel-first-child panel-last-child\" data-index=\"0\" ><div class=\"panel-widget-style panel-widget-style-for-8336-0-0-0\" ><img loading=\"lazy\" decoding=\"async\" width=\"220\" height=\"64\" src=\"https:\/\/paz.church\/itapipoca\/wp-content\/uploads\/2022\/09\/logo_top.png\" class=\"image wp-image-7  attachment-full size-full\" alt=\"\" style=\"max-width: 100%; height: auto;\" \/><\/div><\/div><\/div><\/div><\/div><div id=\"pg-8336-1\"  class=\"panel-grid panel-has-style\" ><div id=\"Links-Page\" class=\"panel-row-style panel-row-style-for-8336-1\" ><div id=\"pgc-8336-1-0\"  class=\"panel-grid-cell\" ><div id=\"panel-8336-1-0-0\" class=\"so-panel widget widget_sow-button panel-first-child\" data-index=\"1\" ><div\n\t\t\t\n\t\t\tclass=\"so-widget-sow-button so-widget-sow-button-flat-3117d568db76-8336\"\n\t\t\t\n\t\t><div class=\"ow-button-base ow-button-align-center\">\n\t<a\n\thref=\"https:\/\/paz.church\/itapipoca\/jesus\/\"\n\t\tclass=\"ow-icon-placement-left\" target=\"_blank\" rel=\"noopener noreferrer\" \t>\n\t\t<span>\n\t\t\t\n\t\t\tFiz a decis\u00e3o por Jesus\t\t<\/span>\n\t<\/a>\n<\/div>\n<\/div><\/div><div id=\"panel-8336-1-0-1\" class=\"so-panel widget widget_sow-button\" data-index=\"2\" ><div\n\t\t\t\n\t\t\tclass=\"so-widget-sow-button so-widget-sow-button-flat-3117d568db76-8336\"\n\t\t\t\n\t\t><div class=\"ow-button-base ow-button-align-center\">\n\t<a\n\thref=\"https:\/\/paz.church\/itapipoca\/celulas\/\"\n\t\tclass=\"ow-icon-placement-left\" target=\"_blank\" rel=\"noopener noreferrer\" \t>\n\t\t<span>\n\t\t\t\n\t\t\tQuero uma C\u00e9lula\t\t<\/span>\n\t<\/a>\n<\/div>\n<\/div><\/div><div id=\"panel-8336-1-0-2\" class=\"so-panel widget widget_sow-button\" data-index=\"3\" ><div\n\t\t\t\n\t\t\tclass=\"so-widget-sow-button so-widget-sow-button-flat-3117d568db76-8336\"\n\t\t\t\n\t\t><div class=\"ow-button-base ow-button-align-center\">\n\t<a\n\thref=\"https:\/\/paz.church\/itapipoca\/contribua\/\"\n\t\tclass=\"ow-icon-placement-left\" target=\"_blank\" rel=\"noopener noreferrer\" \t>\n\t\t<span>\n\t\t\t\n\t\t\tD\u00edzimos e Ofertas\t\t<\/span>\n\t<\/a>\n<\/div>\n<\/div><\/div><div id=\"panel-8336-1-0-3\" class=\"so-panel widget widget_sow-button\" data-index=\"4\" ><div\n\t\t\t\n\t\t\tclass=\"so-widget-sow-button so-widget-sow-button-flat-3117d568db76-8336\"\n\t\t\t\n\t\t><div class=\"ow-button-base ow-button-align-center\">\n\t<a\n\thref=\"https:\/\/paz.church\/itapipoca\/\"\n\t\tclass=\"ow-icon-placement-left\" target=\"_blank\" rel=\"noopener noreferrer\" \t>\n\t\t<span>\n\t\t\t\n\t\t\tCultos de Celebra\u00e7\u00e3o\t\t<\/span>\n\t<\/a>\n<\/div>\n<\/div><\/div><div id=\"panel-8336-1-0-4\" class=\"so-panel widget widget_sow-button\" data-index=\"5\" ><div\n\t\t\t\n\t\t\tclass=\"so-widget-sow-button so-widget-sow-button-flat-3117d568db76-8336\"\n\t\t\t\n\t\t><div class=\"ow-button-base ow-button-align-center\">\n\t<a\n\thref=\"https:\/\/paz.church\/itapipoca\/voluntarios\/\"\n\t\tclass=\"ow-icon-placement-left\" target=\"_blank\" rel=\"noopener noreferrer\" \t>\n\t\t<span>\n\t\t\t\n\t\t\tQuero ser volunt\u00e1rio\t\t<\/span>\n\t<\/a>\n<\/div>\n<\/div><\/div><div id=\"panel-8336-1-0-5\" class=\"so-panel widget widget_sow-button panel-last-child\" data-index=\"6\" ><div\n\t\t\t\n\t\t\tclass=\"so-widget-sow-button so-widget-sow-button-flat-3117d568db76-8336\"\n\t\t\t\n\t\t><div class=\"ow-button-base ow-button-align-center\">\n\t<a\n\thref=\"https:\/\/paz.church\/itapipoca\/agenda\/\"\n\t\tclass=\"ow-icon-placement-left\" target=\"_blank\" rel=\"noopener noreferrer\" \t>\n\t\t<span>\n\t\t\t\n\t\t\tPr\u00f3ximos eventos\t\t<\/span>\n\t<\/a>\n<\/div>\n<\/div><\/div><\/div><\/div><\/div><div id=\"pg-8336-2\"  class=\"panel-grid panel-no-style\" ><div id=\"pgc-8336-2-0\"  class=\"panel-grid-cell\" ><div id=\"panel-8336-2-0-0\" class=\"so-panel widget widget_sow-social-media-buttons panel-first-child\" data-index=\"7\" ><div class=\"panel-widget-style panel-widget-style-for-8336-2-0-0\" ><div\n\t\t\t\n\t\t\tclass=\"so-widget-sow-social-media-buttons so-widget-sow-social-media-buttons-wire-4e4e6fac13dd-8336\"\n\t\t\t\n\t\t>\n\n<div class=\"social-media-button-container\">\n\t\n\t\t<a class=\"sow-social-media-button-facebook-0 sow-social-media-button\" title=\"Paz Church | Itapipoca em Facebook\" aria-label=\"Paz Church | Itapipoca em Facebook\" target=\"_blank\" rel=\"noopener noreferrer\" href=\"https:\/\/web.facebook.com\/PazItapipocaCE\" >\n\t\t\t<span>\n\t\t\t\t\t\t\t\t<span class=\"sow-icon-fontawesome sow-fab\" data-sow-icon=\"&#xf39e;\"\n\t\t \n\t\taria-hidden=\"true\"><\/span>\t\t\t\t\t\t\t<\/span>\n\t\t<\/a>\n\t\n\t\t<a class=\"sow-social-media-button-instagram-0 sow-social-media-button\" title=\"Paz Church | Itapipoca em Instagram\" aria-label=\"Paz Church | Itapipoca em Instagram\" target=\"_blank\" rel=\"noopener noreferrer\" href=\"https:\/\/instagram.com\/pazitapipoca\" >\n\t\t\t<span>\n\t\t\t\t\t\t\t\t<span class=\"sow-icon-fontawesome sow-fab\" data-sow-icon=\"&#xf16d;\"\n\t\t \n\t\taria-hidden=\"true\"><\/span>\t\t\t\t\t\t\t<\/span>\n\t\t<\/a>\n\t\n\t\t<a class=\"sow-social-media-button-youtube-0 sow-social-media-button\" title=\"Paz Church | Itapipoca em Youtube\" aria-label=\"Paz Church | Itapipoca em Youtube\" target=\"_blank\" rel=\"noopener noreferrer\" href=\"https:\/\/www.youtube.com\/channel\/UCagy618QTsNL4qCtZ445wRA\" >\n\t\t\t<span>\n\t\t\t\t\t\t\t\t<span class=\"sow-icon-fontawesome sow-fab\" data-sow-icon=\"&#xf167;\"\n\t\t \n\t\taria-hidden=\"true\"><\/span>\t\t\t\t\t\t\t<\/span>\n\t\t<\/a>\n\t\n\t\t<a class=\"sow-social-media-button-spotify-0 sow-social-media-button\" title=\"Podcast\" aria-label=\"Podcast\" target=\"_blank\" rel=\"noopener noreferrer\" href=\"https:\/\/open.spotify.com\/show\/0E3lN55HT32pRTo7b6I9fv\" >\n\t\t\t<span>\n\t\t\t\t\t\t\t\t<span class=\"sow-icon-fontawesome sow-fab\" data-sow-icon=\"&#xf1bc;\"\n\t\t \n\t\taria-hidden=\"true\"><\/span>\t\t\t\t\t\t\t<\/span>\n\t\t<\/a>\n\t<\/div>\n<\/div><\/div><\/div><div id=\"panel-8336-2-0-1\" class=\"so-panel widget widget_siteorigin-panels-builder panel-last-child\" data-index=\"8\" ><div class=\"panel-widget-style panel-widget-style-for-8336-2-0-1\" ><div id=\"pl-w63572b40cc32d\"  class=\"panel-layout\" ><div id=\"pg-w63572b40cc32d-0\"  class=\"panel-grid panel-no-style\" ><div id=\"pgc-w63572b40cc32d-0-0\"  class=\"panel-grid-cell\" ><div id=\"panel-w63572b40cc32d-0-0-0\" class=\"so-panel widget widget_sow-icon panel-first-child panel-last-child\" data-index=\"0\" ><div\n\t\t\t\n\t\t\tclass=\"so-widget-sow-icon so-widget-sow-icon-default-a3f5af5d557b\"\n\t\t\t\n\t\t>\n<div class=\"sow-icon-container sow-icon\">\n\t\t\t<a href=\"https:\/\/paz.church\/itapipoca\" >\n\t\t\t<span class=\"sow-icon-elegantline\" data-sow-icon=\"&#xe052;\"\n\t\t \n\t\taria-hidden=\"true\"><\/span>\t\t\t<\/a>\n\t<\/div>\n<\/div><\/div><\/div><div id=\"pgc-w63572b40cc32d-0-1\"  class=\"panel-grid-cell\" ><div id=\"panel-w63572b40cc32d-0-1-0\" class=\"so-panel widget widget_sow-headline panel-first-child panel-last-child\" data-index=\"1\" ><div class=\"panel-widget-style panel-widget-style-for-w63572b40cc32d-0-1-0\" ><div\n\t\t\t\n\t\t\tclass=\"so-widget-sow-headline so-widget-sow-headline-default-212526f6ca9a\"\n\t\t\t\n\t\t><div class=\"sow-headline-container \">\n\t<p class='sow-headline'>\t\t\t\t\t\t<a href=\"https:\/\/paz.church\/itapipoca\" target=\"_blank\" rel=\"noopener noreferrer\">\n\t\t\t\t\tSite completo<\/a><\/p><\/div>\n<\/div><\/div><\/div><\/div><\/div><\/div><\/div><\/div><\/div><\/div><\/div>","protected":false},"excerpt":{"rendered":"<p>Fiz a decis\u00e3o por Jesus Quero uma C\u00e9lula D\u00edzimos e Ofertas Cultos de Celebra\u00e7\u00e3o Quero ser volunt\u00e1rio Pr\u00f3ximos eventos Site completo<\/p>\n","protected":false},"author":1,"featured_media":0,"parent":0,"menu_order":0,"comment_status":"closed","ping_status":"closed","template":"page-links.php","meta":{"_seopress_robots_primary_cat":"","footnotes":""},"_links":{"self":[{"href":"https:\/\/paz.church\/itapipoca\/wp-json\/wp\/v2\/pages\/8336"}],"collection":[{"href":"https:\/\/paz.church\/itapipoca\/wp-json\/wp\/v2\/pages"}],"about":[{"href":"https:\/\/paz.church\/itapipoca\/wp-json\/wp\/v2\/types\/page"}],"author":[{"embeddable":true,"href":"https:\/\/paz.church\/itapipoca\/wp-json\/wp\/v2\/users\/1"}],"replies":[{"embeddable":true,"href":"https:\/\/paz.church\/itapipoca\/wp-json\/wp\/v2\/comments?post=8336"}],"version-history":[{"count":15,"href":"https:\/\/paz.church\/itapipoca\/wp-json\/wp\/v2\/pages\/8336\/revisions"}],"predecessor-version":[{"id":20597,"href":"https:\/\/paz.church\/itapipoca\/wp-json\/wp\/v2\/pages\/8336\/revisions\/20597"}],"wp:attachment":[{"href":"https:\/\/paz.church\/itapipoca\/wp-json\/wp\/v2\/media?parent=8336"}],"curies":[{"name":"wp","href":"https:\/\/api.w.org\/{rel}","templated":true}]}}