{"id":5023,"date":"2020-03-07T18:25:40","date_gmt":"2020-03-07T09:25:40","guid":{"rendered":"https:\/\/paz.church\/japan\/live\/"},"modified":"2021-07-06T15:04:06","modified_gmt":"2021-07-06T06:04:06","slug":"live","status":"publish","type":"page","link":"https:\/\/paz.church\/japan\/ja\/live\/","title":{"rendered":"\u30e9\u30a4\u30d6 \u30b9\u30c8\u30ea\u30fc\u30df\u30f3\u30b0"},"content":{"rendered":"<div id=\"pl-5023\"  class=\"panel-layout\" ><div id=\"pg-5023-0\"  class=\"panel-grid panel-has-style\" ><div class=\"siteorigin-panels-stretch panel-row-style panel-row-style-for-5023-0\" data-stretch-type=\"full\" ><div id=\"pgc-5023-0-0\"  class=\"panel-grid-cell\" ><div id=\"panel-5023-0-0-0\" class=\"so-panel widget widget_sow-editor panel-first-child\" data-index=\"0\" ><div class=\"panel-widget-style panel-widget-style-for-5023-0-0-0\" ><div\n\t\t\t\n\t\t\tclass=\"so-widget-sow-editor so-widget-sow-editor-base\"\n\t\t\t\n\t\t>\n<div class=\"siteorigin-widget-tinymce textwidget\">\n\t<h2 style=\"text-align: center;\"><a href=\"https:\/\/paztokyo.online.church\">\u6bce\u9031\u65e5\u66dc\u65e5\u30c1\u30e3\u30fc\u30c1\u30aa\u30f3\u30e9\u30a4\u30f3<\/a><\/h2>\n<p style=\"text-align: center;\">\n<\/div>\n<\/div><\/div><\/div><div id=\"panel-5023-0-0-1\" class=\"widget_text so-panel widget widget_custom_html\" data-index=\"1\" ><div class=\"widget_text panel-widget-style panel-widget-style-for-5023-0-0-1\" ><div class=\"textwidget custom-html-widget\"><center><button class=\"tithely-give-btn\" style=\"background-color: #00DB72;font-family: inherit;font-weight: bold;font-size: 19px; padding: 15px 70px; border-radius: 4px; cursor: pointer; background-image: none; color: white; text-shadow: none; display: inline-block; float: none; border: none;\" data-church-id=\"196796\">\u30aa\u30f3\u30e9\u30a4\u30f3\u732e\u91d1\u306f\u3053\u3061\u3089\u3092\u30af\u30ea\u30c3\u30af<\/button>\n<script src=\"https:\/\/tithe.ly\/widget\/v3\/give.js?3\"><\/script>\n<script>\nvar tw = create_tithely_widget();\n<\/script><\/center><\/div><\/div><\/div><div id=\"panel-5023-0-0-2\" class=\"so-panel widget widget_sow-editor\" data-index=\"2\" ><div class=\"panel-widget-style panel-widget-style-for-5023-0-0-2\" ><div\n\t\t\t\n\t\t\tclass=\"so-widget-sow-editor so-widget-sow-editor-base\"\n\t\t\t\n\t\t>\n<div class=\"siteorigin-widget-tinymce textwidget\">\n\t<p>\u3088\u3046\u3053\u305d\uff01\u662f\u975e\u3001\u307f\u306a\u3055\u3093\u304c\u4eca\u3069\u3053\u304b\u3089\u898b\u3066\u3044\u308b\u306e\u304b\u6559\u3048\u3066\u304f\u3060\u3055\u3044\uff01<br \/>\nYouTube\u304b\u3089\u95b2\u89a7\u3001\u30b3\u30e1\u30f3\u30c8\u3092\u3057\u305f\u3044\u65b9\u306f\u3001<a href=\"https:\/\/youtu.be\/vTnWFWGd8hA\">\u3053\u3061\u3089\u3092\u30af\u30ea\u30c3\u30af\u3057\u3066\u304f\u3060\u3055\u3044<\/a>\u3002<\/p>\n<p>10\u5206\u306e1\u732e\u91d1\u3092\u3057\u305f\u3044\u65b9\u306f\u3001<a href=\"https:\/\/tithe.ly\/give?c=196796\">\u3053\u3061\u3089\u3092\u30af\u30ea\u30c3\u30af\u3057\u3066\u304f\u3060\u3055\u3044<\/a>\u3002<\/p>\n<p class=\"p1\">\u4eca\u65e5\u306e\u30e1\u30c3\u30bb\u30fc\u30b8\u306e\u30cf\u30f3\u30c9\u30a2\u30a6\u30c8\u306f<a href=\"http:\/\/bible.com\/events\/48571121\"><span class=\"s1\">\u3053\u3061\u3089\u3092\u30af\u30ea\u30c3\u30af\u3057\u3066\u304f\u3060\u3055\u3044<\/span><\/a>\u3002<\/p>\n<p>\u500b\u4eba\u7684\u306b\u8cea\u554f\u3084\u30b3\u30e1\u30f3\u30c8\u3092\u3057\u305f\u3044\u65b9\u306f\u3001<a href=\"https:\/\/lin.ee\/ngolxL3\">\u30d1\u30ba\u30c1\u30e3\u30fc\u30c1\u306eLINE\u306b\u9001\u3063\u3066\u304f\u3060\u3055\u3044<\/a>\u3002<\/p>\n<\/div>\n<\/div><\/div><\/div><div id=\"panel-5023-0-0-3\" class=\"so-panel widget widget_sow-editor panel-last-child\" data-index=\"3\" ><div class=\"panel-widget-style panel-widget-style-for-5023-0-0-3\" ><div\n\t\t\t\n\t\t\tclass=\"so-widget-sow-editor so-widget-sow-editor-base\"\n\t\t\t\n\t\t>\n<div class=\"siteorigin-widget-tinymce textwidget\">\n\t<p><iframe loading=\"lazy\" src=\"https:\/\/www.youtube.com\/embed\/vTnWFWGd8hA\" width=\"560\" height=\"315\" frameborder=\"0\" allowfullscreen=\"allowfullscreen\"><\/iframe><\/p>\n<\/div>\n<\/div><\/div><\/div><\/div><\/div><\/div><div id=\"pg-5023-1\"  class=\"panel-grid panel-has-style\" ><div class=\"siteorigin-panels-stretch panel-row-style panel-row-style-for-5023-1\" data-stretch-type=\"full\" ><div id=\"pgc-5023-1-0\"  class=\"panel-grid-cell\" ><div id=\"panel-5023-1-0-0\" class=\"so-panel widget widget_sow-editor panel-first-child\" data-index=\"4\" ><div class=\"panel-widget-style panel-widget-style-for-5023-1-0-0\" ><div\n\t\t\t\n\t\t\tclass=\"so-widget-sow-editor so-widget-sow-editor-base\"\n\t\t\t\n\t\t>\n<div class=\"siteorigin-widget-tinymce textwidget\">\n\t<h2 style=\"text-align: center;\">Culto Online com Tradu\u00e7\u00e3o em Portugu\u00eas<\/h2>\n<\/div>\n<\/div><\/div><\/div><div id=\"panel-5023-1-0-1\" class=\"so-panel widget widget_sow-editor\" data-index=\"5\" ><div class=\"panel-widget-style panel-widget-style-for-5023-1-0-1\" ><div\n\t\t\t\n\t\t\tclass=\"so-widget-sow-editor so-widget-sow-editor-base\"\n\t\t\t\n\t\t>\n<div class=\"siteorigin-widget-tinymce textwidget\">\n\t<p><iframe loading=\"lazy\" src=\"https:\/\/www.youtube.com\/embed\/jqQPYjbpngw\" width=\"560\" height=\"315\" frameborder=\"0\" allowfullscreen=\"allowfullscreen\"><\/iframe><\/p>\n<\/div>\n<\/div><\/div><\/div><div id=\"panel-5023-1-0-2\" class=\"widget_text so-panel widget widget_custom_html\" data-index=\"6\" ><div class=\"widget_text panel-widget-style panel-widget-style-for-5023-1-0-2\" ><div class=\"textwidget custom-html-widget\"><center><button class=\"tithely-give-btn\" style=\"background-color: #00DB72;font-family: inherit;font-weight: bold;font-size: 19px; padding: 15px 70px; border-radius: 4px; cursor: pointer; background-image: none; color: white; text-shadow: none; display: inline-block; float: none; border: none;\" data-church-id=\"196796\">Clique para Ofertar Online<\/button>\n<script src=\"https:\/\/tithe.ly\/widget\/v3\/give.js?3\"><\/script>\n<script>\nvar tw = create_tithely_widget();\n<\/script><\/center><\/div><\/div><\/div><div id=\"panel-5023-1-0-3\" class=\"so-panel widget widget_sow-editor panel-last-child\" data-index=\"7\" ><div class=\"panel-widget-style panel-widget-style-for-5023-1-0-3\" ><div\n\t\t\t\n\t\t\tclass=\"so-widget-sow-editor so-widget-sow-editor-base\"\n\t\t\t\n\t\t>\n<div class=\"siteorigin-widget-tinymce textwidget\">\n\t<p style=\"text-align: center;\">Acompanhe a prega\u00e7\u00e3o com o <a href=\"http:\/\/bible.com\/events\/48555696\">folheto eletr\u00f4nico aqui<\/a>.<\/p>\n<\/div>\n<\/div><\/div><\/div><\/div><\/div><\/div><div id=\"pg-5023-2\"  class=\"panel-grid panel-has-style\" ><div class=\"siteorigin-panels-stretch panel-row-style panel-row-style-for-5023-2\" id=\"firstservice\" data-stretch-type=\"full\" ><div id=\"pgc-5023-2-0\"  class=\"panel-grid-cell\" ><div id=\"panel-5023-2-0-0\" class=\"so-panel widget widget_sow-editor panel-first-child\" data-index=\"8\" ><div class=\"panel-widget-style panel-widget-style-for-5023-2-0-0\" ><div\n\t\t\t\n\t\t\tclass=\"so-widget-sow-editor so-widget-sow-editor-base\"\n\t\t\t\n\t\t>\n<div class=\"siteorigin-widget-tinymce textwidget\">\n\t<h2 style=\"text-align: center;\">\u65e5\u66dc\u65e5\u30c1\u30e3\u30fc\u30c1\u30aa\u30f3\u30e9\u30a4\u30f3\u5348\u524d\uff19\u6642\uff13\uff10\u5206<\/h2>\n<\/div>\n<\/div><\/div><\/div><div id=\"panel-5023-2-0-1\" class=\"so-panel widget widget_sow-editor panel-last-child\" data-index=\"9\" ><div class=\"panel-widget-style panel-widget-style-for-5023-2-0-1\" ><div\n\t\t\t\n\t\t\tclass=\"so-widget-sow-editor so-widget-sow-editor-base\"\n\t\t\t\n\t\t>\n<div class=\"siteorigin-widget-tinymce textwidget\">\n\t<p><iframe loading=\"lazy\" src=\"https:\/\/www.youtube.com\/embed\/vfs4hIKChvc\" width=\"560\" height=\"315\" frameborder=\"0\" allowfullscreen=\"allowfullscreen\"><\/iframe><\/p>\n<\/div>\n<\/div><\/div><\/div><\/div><\/div><\/div><\/div>","protected":false},"excerpt":{"rendered":"<p>\u6bce\u9031\u65e5\u66dc\u65e5\u30c1\u30e3\u30fc\u30c1\u30aa\u30f3\u30e9\u30a4\u30f3 \u3088\u3046\u3053\u305d\uff01\u662f\u975e\u3001\u307f\u306a\u3055\u3093\u304c\u4eca\u3069\u3053\u304b\u3089\u898b\u3066\u3044\u308b\u306e\u304b\u6559\u3048\u3066\u304f\u3060\u3055\u3044\uff01 YouTube\u304b\u3089\u95b2\u89a7\u3001\u30b3\u30e1\u30f3\u30c8\u3092\u3057\u305f\u3044\u65b9\u306f\u3001\u3053\u3061\u3089\u3092\u30af\u30ea\u30c3\u30af\u3057\u3066\u304f\u3060\u3055\u3044\u3002 10\u5206\u306e1\u732e\u91d1\u3092\u3057\u305f\u3044\u65b9\u306f\u3001\u3053\u3061\u3089\u3092\u30af\u30ea\u30c3\u30af\u3057\u3066\u304f\u3060\u3055\u3044\u3002 \u4eca\u65e5\u306e\u30e1\u30c3\u30bb\u30fc\u30b8\u306e\u30cf\u30f3\u30c9\u30a2\u30a6\u30c8\u306f\u3053\u3061\u3089\u3092\u30af\u30ea\u30c3\u30af\u3057\u3066\u304f\u3060\u3055\u3044\u3002 \u500b\u4eba\u7684\u306b\u8cea\u554f\u3084\u30b3\u30e1\u30f3\u30c8\u3092\u3057\u305f\u3044\u65b9\u306f\u3001\u30d1\u30ba\u30c1\u30e3\u30fc\u30c1\u306eLINE\u306b\u9001\u3063\u3066\u304f\u3060\u3055\u3044\u3002 Culto Online com Tradu\u00e7\u00e3o em Portugu\u00eas Acompanhe a prega\u00e7\u00e3o com o folheto eletr\u00f4nico aqui.<\/p>\n","protected":false},"author":3,"featured_media":5005,"parent":0,"menu_order":0,"comment_status":"closed","ping_status":"closed","template":"","meta":[],"aioseo_notices":[],"_links":{"self":[{"href":"https:\/\/paz.church\/japan\/wp-json\/wp\/v2\/pages\/5023"}],"collection":[{"href":"https:\/\/paz.church\/japan\/wp-json\/wp\/v2\/pages"}],"about":[{"href":"https:\/\/paz.church\/japan\/wp-json\/wp\/v2\/types\/page"}],"author":[{"embeddable":true,"href":"https:\/\/paz.church\/japan\/wp-json\/wp\/v2\/users\/3"}],"replies":[{"embeddable":true,"href":"https:\/\/paz.church\/japan\/wp-json\/wp\/v2\/comments?post=5023"}],"version-history":[{"count":0,"href":"https:\/\/paz.church\/japan\/wp-json\/wp\/v2\/pages\/5023\/revisions"}],"wp:featuredmedia":[{"embeddable":true,"href":"https:\/\/paz.church\/japan\/wp-json\/wp\/v2\/media\/5005"}],"wp:attachment":[{"href":"https:\/\/paz.church\/japan\/wp-json\/wp\/v2\/media?parent=5023"}],"curies":[{"name":"wp","href":"https:\/\/api.w.org\/{rel}","templated":true}]}}