{"id":23175,"date":"2018-12-11T21:10:16","date_gmt":"2018-12-11T23:10:16","guid":{"rendered":"https:\/\/paz.church\/saopaulo\/?page_id=1249"},"modified":"2025-07-25T00:46:04","modified_gmt":"2025-07-25T03:46:04","slug":"time","status":"publish","type":"page","link":"https:\/\/paz.church\/lencois\/time\/","title":{"rendered":"Nosso time"},"content":{"rendered":"<div id=\"pl-23175\"  class=\"panel-layout\" ><div id=\"pg-23175-0\"  class=\"panel-grid panel-has-style\" ><div id=\"Team01\" class=\"panel-row-style panel-row-style-for-23175-0\" ><div id=\"pgc-23175-0-0\"  class=\"panel-grid-cell\" ><div id=\"colunas-widget\" class=\"panel-cell-style panel-cell-style-for-23175-0-0\" ><div id=\"panel-23175-0-0-0\" class=\"so-panel widget widget_sow-headline panel-first-child panel-last-child\" data-index=\"0\" ><div class=\"titulo panel-widget-style panel-widget-style-for-23175-0-0-0\" ><div\n\t\t\t\n\t\t\tclass=\"so-widget-sow-headline so-widget-sow-headline-default-b0e2e7a73887-23175\"\n\t\t\t\n\t\t><div class=\"sow-headline-container \">\n\t\t\t\t\t\t\t<h3 class=\"sow-headline\">\n\t\t\t\t\t\tPastores Seniores\t\t\t\t\t\t<\/h3>\n\t\t\t\t\t\t<\/div>\n<\/div><\/div><\/div><\/div><\/div><\/div><\/div><a id=\"bordas\"><\/a><div id=\"pg-23175-1\"  class=\"panel-grid panel-has-style\"  data-extraid=\"bordas\" ><div class=\"bordas panel-row-style panel-row-style-for-23175-1\" id=\"team\" ><div id=\"pgc-23175-1-0\"  class=\"panel-grid-cell\" ><div id=\"panel-23175-1-0-0\" class=\"so-panel widget widget_sow-image panel-first-child panel-last-child\" data-index=\"1\" ><div\n\t\t\t\n\t\t\tclass=\"so-widget-sow-image so-widget-sow-image-default-8b5b6f678277-23175\"\n\t\t\t\n\t\t>\n\n<div class=\"sow-image-container\">\n\t\t<img loading=\"lazy\" decoding=\"async\" src=\"https:\/\/paz.church\/lencois\/wp-content\/uploads\/2025\/07\/WhatsApp-Image-2025-07-24-at-22.56.54-426x426.jpeg\" width=\"426\" height=\"426\" srcset=\"https:\/\/paz.church\/lencois\/wp-content\/uploads\/2025\/07\/WhatsApp-Image-2025-07-24-at-22.56.54-426x426.jpeg 426w, https:\/\/paz.church\/lencois\/wp-content\/uploads\/2025\/07\/WhatsApp-Image-2025-07-24-at-22.56.54-180x180.jpeg 180w, https:\/\/paz.church\/lencois\/wp-content\/uploads\/2025\/07\/WhatsApp-Image-2025-07-24-at-22.56.54-330x330.jpeg 330w, https:\/\/paz.church\/lencois\/wp-content\/uploads\/2025\/07\/WhatsApp-Image-2025-07-24-at-22.56.54-75x75.jpeg 75w\" sizes=\"auto, (max-width: 426px) 100vw, 426px\" title=\"WhatsApp Image 2025-07-24 at 22.56.54\" alt=\"\" \t\tclass=\"so-widget-image\"\/>\n\t<\/div>\n\n<\/div><\/div><\/div><div id=\"pgc-23175-1-1\"  class=\"panel-grid-cell\" ><div id=\"panel-23175-1-1-0\" class=\"so-panel widget widget_sow-editor panel-first-child\" data-index=\"2\" ><div\n\t\t\t\n\t\t\tclass=\"so-widget-sow-editor so-widget-sow-editor-base\"\n\t\t\t\n\t\t><h3 class=\"widget-title\">Pito &amp; Neiva Cruzeiro<\/h3>\n<div class=\"siteorigin-widget-tinymce textwidget\">\n\t<p>L\u00edderes da PAZ Church Len\u00e7\u00f3is Paulista desde 2012, quando foram enviados por seus<br \/>\ndiscipuladores Pr. Samuel e M\u00e1rcia Gomes de Macatuba, s\u00e3o apaixonados pela obra de Deus.<br \/>\nAtrav\u00e9s de seu amor pela igreja em c\u00e9lulas e discipulado, t\u00eam contribu\u00eddo grandemente com<br \/>\na expans\u00e3o do Reino na cidade.<\/p>\n<\/div>\n<\/div><\/div><div id=\"panel-23175-1-1-1\" class=\"so-panel widget widget_sow-social-media-buttons panel-last-child\" data-index=\"3\" ><div class=\"panel-widget-style panel-widget-style-for-23175-1-1-1\" ><div\n\t\t\t\n\t\t\tclass=\"so-widget-sow-social-media-buttons so-widget-sow-social-media-buttons-flat-f48e51188ea6-23175\"\n\t\t\t\n\t\t>\n\n<div class=\"social-media-button-container\">\n\t\n\t\t<a class=\"sow-social-media-button-facebook-0 sow-social-media-button\" title=\"Paz Church | Len\u00e7\u00f3is Paulista em Facebook\" aria-label=\"Paz Church | Len\u00e7\u00f3is Paulista em Facebook\" target=\"_blank\" rel=\"noopener noreferrer\" href=\"https:\/\/www.facebook.com\/neiva.cruzeiro?locale=pt_BR\" >\n\t\t\t<span>\n\t\t\t\t\t\t\t\t<span class=\"sow-icon-fontawesome sow-fab\" data-sow-icon=\"&#xf39e;\"\n\t\t \n\t\taria-hidden=\"true\"><\/span>\t\t\t\t\t\t\t<\/span>\n\t\t<\/a>\n\t\n\t\t<a class=\"sow-social-media-button-instagram-0 sow-social-media-button\" title=\"Paz Church | Len\u00e7\u00f3is Paulista em Instagram\" aria-label=\"Paz Church | Len\u00e7\u00f3is Paulista em Instagram\" target=\"_blank\" rel=\"noopener noreferrer\" href=\"https:\/\/www.instagram.com\/pr.pito\/\" >\n\t\t\t<span>\n\t\t\t\t\t\t\t\t<span class=\"sow-icon-fontawesome sow-fab\" data-sow-icon=\"&#xf16d;\"\n\t\t \n\t\taria-hidden=\"true\"><\/span>\t\t\t\t\t\t\t<\/span>\n\t\t<\/a>\n\t<\/div>\n<\/div><\/div><\/div><\/div><\/div><\/div><\/div>","protected":false},"excerpt":{"rendered":"<p>L\u00edderes da PAZ Church Len\u00e7\u00f3is Paulista desde 2012, quando foram enviados por seus discipuladores Pr. Samuel e M\u00e1rcia Gomes de Macatuba, s\u00e3o apaixonados pela obra de Deus. Atrav\u00e9s de seu amor pela igreja em c\u00e9lulas e discipulado, t\u00eam contribu\u00eddo grandemente com a expans\u00e3o do Reino na cidade.<\/p>\n","protected":false},"author":1,"featured_media":23359,"parent":0,"menu_order":0,"comment_status":"closed","ping_status":"closed","template":"","meta":{"_seopress_robots_primary_cat":"","_seopress_titles_title":"","_seopress_titles_desc":"","_seopress_robots_index":"","footnotes":""},"class_list":["post-23175","page","type-page","status-publish","has-post-thumbnail","has-thumb"],"_links":{"self":[{"href":"https:\/\/paz.church\/lencois\/wp-json\/wp\/v2\/pages\/23175","targetHints":{"allow":["GET"]}}],"collection":[{"href":"https:\/\/paz.church\/lencois\/wp-json\/wp\/v2\/pages"}],"about":[{"href":"https:\/\/paz.church\/lencois\/wp-json\/wp\/v2\/types\/page"}],"author":[{"embeddable":true,"href":"https:\/\/paz.church\/lencois\/wp-json\/wp\/v2\/users\/1"}],"replies":[{"embeddable":true,"href":"https:\/\/paz.church\/lencois\/wp-json\/wp\/v2\/comments?post=23175"}],"version-history":[{"count":6,"href":"https:\/\/paz.church\/lencois\/wp-json\/wp\/v2\/pages\/23175\/revisions"}],"predecessor-version":[{"id":23374,"href":"https:\/\/paz.church\/lencois\/wp-json\/wp\/v2\/pages\/23175\/revisions\/23374"}],"wp:featuredmedia":[{"embeddable":true,"href":"https:\/\/paz.church\/lencois\/wp-json\/wp\/v2\/media\/23359"}],"wp:attachment":[{"href":"https:\/\/paz.church\/lencois\/wp-json\/wp\/v2\/media?parent=23175"}],"curies":[{"name":"wp","href":"https:\/\/api.w.org\/{rel}","templated":true}]}}