{"id":3605,"date":"2019-03-14T00:27:34","date_gmt":"2019-03-14T03:27:34","guid":{"rendered":"https:\/\/paz.church\/saopaulo\/?page_id=3605"},"modified":"2019-03-14T00:27:34","modified_gmt":"2019-03-14T03:27:34","slug":"series","status":"publish","type":"page","link":"https:\/\/paz.church\/rioclaro\/series\/","title":{"rendered":"S\u00e9ries"},"content":{"rendered":"<div id=\"pl-3605\"  class=\"panel-layout\" ><div id=\"pg-3605-0\"  class=\"panel-grid panel-no-style\" ><div id=\"pgc-3605-0-0\"  class=\"panel-grid-cell\" ><div id=\"panel-3605-0-0-0\" class=\"so-panel widget widget_sow-editor panel-first-child panel-last-child\" data-index=\"0\" ><div\n\t\t\t\n\t\t\tclass=\"so-widget-sow-editor so-widget-sow-editor-base\"\n\t\t\t\n\t\t>\n<div class=\"siteorigin-widget-tinymce textwidget\">\n\t<ul id=\"wpfc_images_grid\"><li class=\"wpfc_grid_image\"><a href=\"https:\/\/paz.church\/rioclaro\/ministracoes\/series\/a-viagem\/\"><img loading=\"lazy\" decoding=\"async\" width=\"1536\" height=\"864\" src=\"https:\/\/paz.church\/rioclaro\/wp-content\/uploads\/2022\/03\/A-Viagem-1536x864-1.jpg\" class=\"attachment- size-\" alt=\"\" srcset=\"https:\/\/paz.church\/rioclaro\/wp-content\/uploads\/2022\/03\/A-Viagem-1536x864-1.jpg 1536w, https:\/\/paz.church\/rioclaro\/wp-content\/uploads\/2022\/03\/A-Viagem-1536x864-1-300x169.jpg 300w, https:\/\/paz.church\/rioclaro\/wp-content\/uploads\/2022\/03\/A-Viagem-1536x864-1-1024x576.jpg 1024w, https:\/\/paz.church\/rioclaro\/wp-content\/uploads\/2022\/03\/A-Viagem-1536x864-1-768x432.jpg 768w, https:\/\/paz.church\/rioclaro\/wp-content\/uploads\/2022\/03\/A-Viagem-1536x864-1-1080x608.jpg 1080w, https:\/\/paz.church\/rioclaro\/wp-content\/uploads\/2022\/03\/A-Viagem-1536x864-1-426x240.jpg 426w\" sizes=\"auto, (max-width: 1536px) 100vw, 1536px\" \/><\/a><h3 class=\"wpfc_grid_title\"><a href=\"https:\/\/paz.church\/rioclaro\/ministracoes\/series\/a-viagem\/\">A Viagem<\/a><\/h3><\/li><li class=\"wpfc_grid_image\"><a href=\"https:\/\/paz.church\/rioclaro\/ministracoes\/series\/eh-nois\/\"><img loading=\"lazy\" decoding=\"async\" width=\"1280\" height=\"720\" src=\"https:\/\/paz.church\/rioclaro\/wp-content\/uploads\/sermons\/2021\/11\/WhatsApp-Image-2021-11-03-at-13.57.00.jpeg\" class=\"attachment- size-\" alt=\"\" srcset=\"https:\/\/paz.church\/rioclaro\/wp-content\/uploads\/sermons\/2021\/11\/WhatsApp-Image-2021-11-03-at-13.57.00.jpeg 1280w, https:\/\/paz.church\/rioclaro\/wp-content\/uploads\/sermons\/2021\/11\/WhatsApp-Image-2021-11-03-at-13.57.00-300x169.jpeg 300w, https:\/\/paz.church\/rioclaro\/wp-content\/uploads\/sermons\/2021\/11\/WhatsApp-Image-2021-11-03-at-13.57.00-1024x576.jpeg 1024w, https:\/\/paz.church\/rioclaro\/wp-content\/uploads\/sermons\/2021\/11\/WhatsApp-Image-2021-11-03-at-13.57.00-768x432.jpeg 768w, https:\/\/paz.church\/rioclaro\/wp-content\/uploads\/sermons\/2021\/11\/WhatsApp-Image-2021-11-03-at-13.57.00-1080x608.jpeg 1080w, https:\/\/paz.church\/rioclaro\/wp-content\/uploads\/sermons\/2021\/11\/WhatsApp-Image-2021-11-03-at-13.57.00-426x240.jpeg 426w\" sizes=\"auto, (max-width: 1280px) 100vw, 1280px\" \/><\/a><h3 class=\"wpfc_grid_title\"><a href=\"https:\/\/paz.church\/rioclaro\/ministracoes\/series\/eh-nois\/\">\u00c9h N\u00f3is<\/a><\/h3><\/li><li class=\"wpfc_grid_image\"><a href=\"https:\/\/paz.church\/rioclaro\/ministracoes\/series\/o-poder-das-palavras\/\"><img loading=\"lazy\" decoding=\"async\" width=\"1920\" height=\"1080\" src=\"https:\/\/paz.church\/rioclaro\/wp-content\/uploads\/2021\/10\/O-Poder-das-Palavras.jpg\" class=\"attachment- size-\" alt=\"\" srcset=\"https:\/\/paz.church\/rioclaro\/wp-content\/uploads\/2021\/10\/O-Poder-das-Palavras.jpg 1920w, https:\/\/paz.church\/rioclaro\/wp-content\/uploads\/2021\/10\/O-Poder-das-Palavras-300x169.jpg 300w, https:\/\/paz.church\/rioclaro\/wp-content\/uploads\/2021\/10\/O-Poder-das-Palavras-1024x576.jpg 1024w, https:\/\/paz.church\/rioclaro\/wp-content\/uploads\/2021\/10\/O-Poder-das-Palavras-768x432.jpg 768w, https:\/\/paz.church\/rioclaro\/wp-content\/uploads\/2021\/10\/O-Poder-das-Palavras-1536x864.jpg 1536w, https:\/\/paz.church\/rioclaro\/wp-content\/uploads\/2021\/10\/O-Poder-das-Palavras-1080x608.jpg 1080w, https:\/\/paz.church\/rioclaro\/wp-content\/uploads\/2021\/10\/O-Poder-das-Palavras-426x240.jpg 426w\" sizes=\"auto, (max-width: 1920px) 100vw, 1920px\" \/><\/a><h3 class=\"wpfc_grid_title\"><a href=\"https:\/\/paz.church\/rioclaro\/ministracoes\/series\/o-poder-das-palavras\/\">O Poder Das Palavras<\/a><\/h3><\/li><li class=\"wpfc_grid_image\"><a href=\"https:\/\/paz.church\/rioclaro\/ministracoes\/series\/a-volta-por-cima\/\"><img loading=\"lazy\" decoding=\"async\" width=\"1280\" height=\"720\" src=\"https:\/\/paz.church\/rioclaro\/wp-content\/uploads\/2021\/09\/Serie.jpeg\" class=\"attachment- size-\" alt=\"\" srcset=\"https:\/\/paz.church\/rioclaro\/wp-content\/uploads\/2021\/09\/Serie.jpeg 1280w, https:\/\/paz.church\/rioclaro\/wp-content\/uploads\/2021\/09\/Serie-300x169.jpeg 300w, https:\/\/paz.church\/rioclaro\/wp-content\/uploads\/2021\/09\/Serie-1024x576.jpeg 1024w, https:\/\/paz.church\/rioclaro\/wp-content\/uploads\/2021\/09\/Serie-768x432.jpeg 768w, https:\/\/paz.church\/rioclaro\/wp-content\/uploads\/2021\/09\/Serie-1080x608.jpeg 1080w, https:\/\/paz.church\/rioclaro\/wp-content\/uploads\/2021\/09\/Serie-426x240.jpeg 426w\" sizes=\"auto, (max-width: 1280px) 100vw, 1280px\" \/><\/a><h3 class=\"wpfc_grid_title\"><a href=\"https:\/\/paz.church\/rioclaro\/ministracoes\/series\/a-volta-por-cima\/\">A Volta Por Cima<\/a><\/h3><\/li><li class=\"wpfc_grid_image\"><a href=\"https:\/\/paz.church\/rioclaro\/ministracoes\/series\/fluindo-no-espirito\/\"><img loading=\"lazy\" decoding=\"async\" width=\"1920\" height=\"1080\" src=\"https:\/\/paz.church\/rioclaro\/wp-content\/uploads\/2021\/07\/Serie-Fluindo-no-Espirito.jpg\" class=\"attachment- size-\" alt=\"\" srcset=\"https:\/\/paz.church\/rioclaro\/wp-content\/uploads\/2021\/07\/Serie-Fluindo-no-Espirito.jpg 1920w, https:\/\/paz.church\/rioclaro\/wp-content\/uploads\/2021\/07\/Serie-Fluindo-no-Espirito-300x169.jpg 300w, https:\/\/paz.church\/rioclaro\/wp-content\/uploads\/2021\/07\/Serie-Fluindo-no-Espirito-1024x576.jpg 1024w, https:\/\/paz.church\/rioclaro\/wp-content\/uploads\/2021\/07\/Serie-Fluindo-no-Espirito-768x432.jpg 768w, https:\/\/paz.church\/rioclaro\/wp-content\/uploads\/2021\/07\/Serie-Fluindo-no-Espirito-1536x864.jpg 1536w, https:\/\/paz.church\/rioclaro\/wp-content\/uploads\/2021\/07\/Serie-Fluindo-no-Espirito-1080x608.jpg 1080w, https:\/\/paz.church\/rioclaro\/wp-content\/uploads\/2021\/07\/Serie-Fluindo-no-Espirito-426x240.jpg 426w\" sizes=\"auto, (max-width: 1920px) 100vw, 1920px\" \/><\/a><h3 class=\"wpfc_grid_title\"><a href=\"https:\/\/paz.church\/rioclaro\/ministracoes\/series\/fluindo-no-espirito\/\">Fluindo no Esp\u00edrito<\/a><\/h3><\/li><\/ul>\n<\/div>\n<\/div><\/div><\/div><\/div><\/div>","protected":false},"excerpt":{"rendered":"<p>A Viagem\u00c9h N\u00f3isO Poder Das PalavrasA Volta Por CimaFluindo no Esp\u00edrito<\/p>\n","protected":false},"author":1,"featured_media":0,"parent":0,"menu_order":0,"comment_status":"closed","ping_status":"closed","template":"","meta":{"_seopress_robots_primary_cat":"","footnotes":""},"class_list":["post-3605","page","type-page","status-publish","no-thumb"],"_links":{"self":[{"href":"https:\/\/paz.church\/rioclaro\/wp-json\/wp\/v2\/pages\/3605","targetHints":{"allow":["GET"]}}],"collection":[{"href":"https:\/\/paz.church\/rioclaro\/wp-json\/wp\/v2\/pages"}],"about":[{"href":"https:\/\/paz.church\/rioclaro\/wp-json\/wp\/v2\/types\/page"}],"author":[{"embeddable":true,"href":"https:\/\/paz.church\/rioclaro\/wp-json\/wp\/v2\/users\/1"}],"replies":[{"embeddable":true,"href":"https:\/\/paz.church\/rioclaro\/wp-json\/wp\/v2\/comments?post=3605"}],"version-history":[{"count":1,"href":"https:\/\/paz.church\/rioclaro\/wp-json\/wp\/v2\/pages\/3605\/revisions"}],"predecessor-version":[{"id":15034,"href":"https:\/\/paz.church\/rioclaro\/wp-json\/wp\/v2\/pages\/3605\/revisions\/15034"}],"wp:attachment":[{"href":"https:\/\/paz.church\/rioclaro\/wp-json\/wp\/v2\/media?parent=3605"}],"curies":[{"name":"wp","href":"https:\/\/api.w.org\/{rel}","templated":true}]}}