{"id":17190,"date":"2021-10-19T16:46:49","date_gmt":"2021-10-19T19:46:49","guid":{"rendered":"https:\/\/paz.church\/saopaulo\/?page_id=17190"},"modified":"2022-10-11T04:44:43","modified_gmt":"2022-10-11T07:44:43","slug":"balcao-de-informacoes","status":"publish","type":"page","link":"https:\/\/paz.church\/saopaulo\/voluntarios\/balcao-de-informacoes\/","title":{"rendered":"Servir no Balc\u00e3o de Informa\u00e7\u00f5es"},"content":{"rendered":"<div id=\"pl-17190\"  class=\"panel-layout\" ><div id=\"pg-17190-0\"  class=\"panel-grid panel-no-style\" ><div id=\"pgc-17190-0-0\"  class=\"panel-grid-cell\" ><div id=\"panel-17190-0-0-0\" class=\"so-panel widget widget_sow-editor panel-first-child panel-last-child\" data-index=\"0\" ><div class=\"bordas panel-widget-style panel-widget-style-for-17190-0-0-0\" ><div\n\t\t\t\n\t\t\tclass=\"so-widget-sow-editor so-widget-sow-editor-base\"\n\t\t\t\n\t\t>\n<div class=\"siteorigin-widget-tinymce textwidget\">\n\t<p>Ol\u00e1, que tal voc\u00ea colaborar conosco na miss\u00e3o de informar as pessoas que frequentam nossa igreja nos cultos e eventos (confer\u00eancias, treinamentos e cursos)? O Minist\u00e9rio de informa\u00e7\u00e3o tem essa meta.<\/p>\n<p>\u00c9 no balc\u00e3o que todos podem ficar bem-informados de todos os assuntos necess\u00e1rios para ficarem atualizados. Nossa responsabilidade \u00e9 fazer com que nosso p\u00fablico interno e externo possa estar conectado com todos os nossos eventos. O Balc\u00e3o tamb\u00e9m \u00e9 o lugar onde s\u00e3o realizadas as inscri\u00e7\u00f5es para Encontros, Caf\u00e9 com Pastor, Confer\u00eancias, Apresenta\u00e7\u00e3o de Crian\u00e7as e onde as pessoas t\u00eam o primeiro contato para tirarem as d\u00favidas sobre a nossa igreja, os nossos lifes group e minist\u00e9rios.<\/p>\n<p>Manter as pessoas informadas \u00e9 um servi\u00e7o essencial ao reino de Deus como qualquer outro minist\u00e9rio. Por isso, contamos com sua participa\u00e7\u00e3o como volunt\u00e1rio. A coordena\u00e7\u00e3o do minist\u00e9rio de informa\u00e7\u00e3o vai garantir treinamento e todas as ferramentas para que nossos volunt\u00e1rios possam efetuar seu servi\u00e7o de forma f\u00e1cil e pr\u00e1tica.<\/p>\n<p>Se voc\u00ea estiver interessado em servir nessa \u00e1rea em nossa igreja, preencha com seus dados este formul\u00e1rio.<\/p>\n<\/div>\n<\/div><\/div><\/div><\/div><div id=\"pgc-17190-0-1\"  class=\"panel-grid-cell\" ><div id=\"panel-17190-0-1-0\" class=\"so-panel widget widget_sow-editor panel-first-child panel-last-child\" data-index=\"1\" ><div\n\t\t\t\n\t\t\tclass=\"so-widget-sow-editor so-widget-sow-editor-base\"\n\t\t\t\n\t\t><h3 class=\"widget-title\">Fa\u00e7a a sua inscri\u00e7\u00e3o<\/h3>\n<div class=\"siteorigin-widget-tinymce textwidget\">\n\t\n<div class=\"wpcf7 no-js\" id=\"wpcf7-f17188-o1\" lang=\"pt-BR\" dir=\"ltr\" data-wpcf7-id=\"17188\">\n<div class=\"screen-reader-response\"><p role=\"status\" aria-live=\"polite\" aria-atomic=\"true\"><\/p> <ul><\/ul><\/div>\n<form action=\"\/saopaulo\/wp-json\/wp\/v2\/pages\/17190#wpcf7-f17188-o1\" method=\"post\" class=\"wpcf7-form init\" aria-label=\"Formul\u00e1rios de contato\" novalidate=\"novalidate\" data-status=\"init\">\n<div style=\"display: none;\">\n<input type=\"hidden\" name=\"_wpcf7\" value=\"17188\" \/>\n<input type=\"hidden\" name=\"_wpcf7_version\" value=\"6.0.6\" \/>\n<input type=\"hidden\" name=\"_wpcf7_locale\" value=\"pt_BR\" \/>\n<input type=\"hidden\" name=\"_wpcf7_unit_tag\" value=\"wpcf7-f17188-o1\" \/>\n<input type=\"hidden\" name=\"_wpcf7_container_post\" value=\"0\" \/>\n<input type=\"hidden\" name=\"_wpcf7_posted_data_hash\" value=\"\" \/>\n<input type=\"hidden\" name=\"_wpcf7_recaptcha_response\" value=\"\" \/>\n<\/div>\n<div class=\"campo-esq\">\n\t<p>Nome e sobrenome*\n\t<\/p>\n\t<p><span class=\"wpcf7-form-control-wrap\" data-name=\"your-name\"><input size=\"40\" maxlength=\"400\" class=\"wpcf7-form-control wpcf7-text wpcf7-validates-as-required\" aria-required=\"true\" aria-invalid=\"false\" value=\"\" type=\"text\" name=\"your-name\" \/><\/span>\n\t<\/p>\n<\/div>\n<div class=\"campo-dir\">\n\t<p>Email*\n\t<\/p>\n\t<p><span class=\"wpcf7-form-control-wrap\" data-name=\"your-email\"><input size=\"40\" maxlength=\"400\" class=\"wpcf7-form-control wpcf7-email wpcf7-validates-as-required wpcf7-text wpcf7-validates-as-email\" aria-required=\"true\" aria-invalid=\"false\" value=\"\" type=\"email\" name=\"your-email\" \/><\/span>\n\t<\/p>\n<\/div>\n<div class=\"clear\">\n<\/div>\n<div class=\"campo-25\">\n\t<p>Sexo*\n\t<\/p>\n\t<p><span class=\"wpcf7-form-control-wrap\" data-name=\"menu-23\"><select class=\"wpcf7-form-control wpcf7-select\" aria-invalid=\"false\" name=\"menu-23\"><option value=\"\">&#8212;Escolha uma op\u00e7\u00e3o&#8212;<\/option><option value=\"Masculino\">Masculino<\/option><option value=\"Feminino\">Feminino<\/option><\/select><\/span>\n\t<\/p>\n<\/div>\n<div class=\"campo-25\">\n\t<p>Faixa et\u00e1ria*\n\t<\/p>\n\t<p><span class=\"wpcf7-form-control-wrap\" data-name=\"menu-24\"><select class=\"wpcf7-form-control wpcf7-select\" aria-invalid=\"false\" name=\"menu-24\"><option value=\"\">&#8212;Escolha uma op\u00e7\u00e3o&#8212;<\/option><option value=\"Adulto\">Adulto<\/option><option value=\"Jovem\">Jovem<\/option><option value=\"Adolescente\">Adolescente<\/option><\/select><\/span>\n\t<\/p>\n<\/div>\n<div class=\"campo-dir\">\n\t<p>Telefone\/WhatsApp*\n\t<\/p>\n\t<p><span class=\"wpcf7-form-control-wrap\" data-name=\"your-phone\"><input size=\"40\" maxlength=\"400\" class=\"wpcf7-form-control wpcf7-text wpcf7-validates-as-required\" aria-required=\"true\" aria-invalid=\"false\" value=\"\" type=\"text\" name=\"your-phone\" \/><\/span>\n\t<\/p>\n<\/div>\n<div class=\"clear\">\n<\/div>\n<div class=\"campo-esq\">\n\t<p>Endere\u00e7o completo*\n\t<\/p>\n\t<p><span class=\"wpcf7-form-control-wrap\" data-name=\"your-endereco\"><input size=\"40\" maxlength=\"400\" class=\"wpcf7-form-control wpcf7-text wpcf7-validates-as-required\" aria-required=\"true\" aria-invalid=\"false\" value=\"\" type=\"text\" name=\"your-endereco\" \/><\/span>\n\t<\/p>\n<\/div>\n<div class=\"campo-dir\">\n\t<p>L\u00edder de Life Group*\n\t<\/p>\n\t<p><span class=\"wpcf7-form-control-wrap\" data-name=\"your-lider-lg\"><input size=\"40\" maxlength=\"400\" class=\"wpcf7-form-control wpcf7-text wpcf7-validates-as-required\" aria-required=\"true\" aria-invalid=\"false\" value=\"\" type=\"text\" name=\"your-lider-lg\" \/><\/span>\n\t<\/p>\n<\/div>\n<div class=\"clear\">\n<\/div>\n<div class=\"campo-full\">\n\t<p>Observa\u00e7\u00e3o\n\t<\/p>\n\t<p><span class=\"wpcf7-form-control-wrap\" data-name=\"your-observacao\"><textarea cols=\"40\" rows=\"5\" maxlength=\"2000\" class=\"wpcf7-form-control wpcf7-textarea\" aria-invalid=\"false\" name=\"your-observacao\"><\/textarea><\/span>\n\t<\/p>\n<\/div>\n<div class=\"clear\">\n<\/div>\n<p><input class=\"wpcf7-form-control wpcf7-submit has-spinner\" type=\"submit\" value=\"Enviar\" \/>\n<\/p><p style=\"display: none !important;\" class=\"akismet-fields-container\" data-prefix=\"_wpcf7_ak_\"><label>&#916;<textarea name=\"_wpcf7_ak_hp_textarea\" cols=\"45\" rows=\"8\" maxlength=\"100\"><\/textarea><\/label><input type=\"hidden\" id=\"ak_js_1\" name=\"_wpcf7_ak_js\" value=\"18\"\/><script>document.getElementById( \"ak_js_1\" ).setAttribute( \"value\", ( new Date() ).getTime() );<\/script><\/p><div class=\"wpcf7-response-output\" aria-hidden=\"true\"><\/div>\n<\/form>\n<\/div>\n\n<\/div>\n<\/div><\/div><\/div><\/div><\/div>","protected":false},"excerpt":{"rendered":"<p>Ol\u00e1, que tal voc\u00ea colaborar conosco na miss\u00e3o de informar as pessoas que frequentam nossa igreja nos cultos e eventos (confer\u00eancias, treinamentos e cursos)? O Minist\u00e9rio de informa\u00e7\u00e3o tem essa meta. \u00c9 no balc\u00e3o que todos podem ficar bem-informados de todos os assuntos necess\u00e1rios para ficarem atualizados. Nossa responsabilidade \u00e9 fazer com que nosso p\u00fablicoContinue reading &rarr;<\/p>\n","protected":false},"author":2,"featured_media":20484,"parent":3727,"menu_order":0,"comment_status":"closed","ping_status":"closed","template":"","meta":{"_acf_changed":false,"_seopress_robots_primary_cat":"","_seopress_titles_title":"","_seopress_titles_desc":"","_seopress_robots_index":"","_joinchat":[],"footnotes":""},"class_list":["post-17190","page","type-page","status-publish","has-post-thumbnail","has-thumb"],"acf":[],"_links":{"self":[{"href":"https:\/\/paz.church\/saopaulo\/wp-json\/wp\/v2\/pages\/17190","targetHints":{"allow":["GET"]}}],"collection":[{"href":"https:\/\/paz.church\/saopaulo\/wp-json\/wp\/v2\/pages"}],"about":[{"href":"https:\/\/paz.church\/saopaulo\/wp-json\/wp\/v2\/types\/page"}],"author":[{"embeddable":true,"href":"https:\/\/paz.church\/saopaulo\/wp-json\/wp\/v2\/users\/2"}],"replies":[{"embeddable":true,"href":"https:\/\/paz.church\/saopaulo\/wp-json\/wp\/v2\/comments?post=17190"}],"version-history":[{"count":6,"href":"https:\/\/paz.church\/saopaulo\/wp-json\/wp\/v2\/pages\/17190\/revisions"}],"predecessor-version":[{"id":20493,"href":"https:\/\/paz.church\/saopaulo\/wp-json\/wp\/v2\/pages\/17190\/revisions\/20493"}],"up":[{"embeddable":true,"href":"https:\/\/paz.church\/saopaulo\/wp-json\/wp\/v2\/pages\/3727"}],"wp:featuredmedia":[{"embeddable":true,"href":"https:\/\/paz.church\/saopaulo\/wp-json\/wp\/v2\/media\/20484"}],"wp:attachment":[{"href":"https:\/\/paz.church\/saopaulo\/wp-json\/wp\/v2\/media?parent=17190"}],"curies":[{"name":"wp","href":"https:\/\/api.w.org\/{rel}","templated":true}]}}