{"id":1253,"date":"2018-02-11T21:11:46","date_gmt":"2018-02-11T23:11:46","guid":{"rendered":"https:\/\/paz.church\/saopaulo\/?page_id=1253"},"modified":"2020-06-25T09:09:18","modified_gmt":"2020-06-25T13:09:18","slug":"oracao","status":"publish","type":"page","link":"https:\/\/paz.church\/sinop\/oracao\/","title":{"rendered":"Queremos orar por voc\u00ea"},"content":{"rendered":"<div id=\"pl-1253\"  class=\"panel-layout\" ><div id=\"pg-1253-0\"  class=\"panel-grid panel-no-style\" ><div id=\"pgc-1253-0-0\"  class=\"panel-grid-cell\" ><div id=\"panel-1253-0-0-0\" class=\"so-panel widget widget_sow-editor panel-first-child panel-last-child\" data-index=\"0\" ><div\n\t\t\t\n\t\t\tclass=\"so-widget-sow-editor so-widget-sow-editor-base\"\n\t\t\t\n\t\t>\n<div class=\"siteorigin-widget-tinymce textwidget\">\n\t<blockquote>\n<p><em>\u201cOrem no Esp\u00edrito em todas as ocasi\u00f5es, com toda ora\u00e7\u00e3o e s\u00faplica; tendo isso em mente, estejam atentos e perseverem na ora\u00e7\u00e3o por todos os santos.\u201d<\/em><br \/>\n- Ef\u00e9sios 6.18<\/p>\n<\/blockquote>\n<p><strong>Deixe aqui o seu pedido de ora\u00e7\u00e3o.<\/strong><\/p>\n<p>Estaremos levando para nosso time de intercessores e aplicando f\u00e9 na sua vit\u00f3ria.<\/p>\n<\/div>\n<\/div><\/div><\/div><div id=\"pgc-1253-0-1\"  class=\"panel-grid-cell\" ><div id=\"panel-1253-0-1-0\" class=\"so-panel widget widget_sow-editor panel-first-child panel-last-child\" data-index=\"1\" ><div\n\t\t\t\n\t\t\tclass=\"so-widget-sow-editor so-widget-sow-editor-base\"\n\t\t\t\n\t\t>\n<div class=\"siteorigin-widget-tinymce textwidget\">\n\t<div role=\"form\" class=\"wpcf7\" id=\"wpcf7-f2215-o1\" lang=\"pt-BR\" dir=\"ltr\">\n<div class=\"screen-reader-response\"><p role=\"status\" aria-live=\"polite\" aria-atomic=\"true\"><\/p> <ul><\/ul><\/div>\n<form action=\"\/sinop\/wp-json\/wp\/v2\/pages\/1253#wpcf7-f2215-o1\" method=\"post\" class=\"wpcf7-form init\" novalidate=\"novalidate\" data-status=\"init\">\n<div style=\"display: none;\">\n<input type=\"hidden\" name=\"_wpcf7\" value=\"2215\" \/>\n<input type=\"hidden\" name=\"_wpcf7_version\" value=\"5.6.3\" \/>\n<input type=\"hidden\" name=\"_wpcf7_locale\" value=\"pt_BR\" \/>\n<input type=\"hidden\" name=\"_wpcf7_unit_tag\" value=\"wpcf7-f2215-o1\" \/>\n<input type=\"hidden\" name=\"_wpcf7_container_post\" value=\"0\" \/>\n<input type=\"hidden\" name=\"_wpcf7_posted_data_hash\" value=\"\" \/>\n<input type=\"hidden\" name=\"_wpcf7_recaptcha_response\" value=\"\" \/>\n<\/div>\n<p>Nome e sobrenome*<br \/>\n    <span class=\"wpcf7-form-control-wrap\" data-name=\"your-name\"><input type=\"text\" name=\"your-name\" value=\"\" size=\"40\" class=\"wpcf7-form-control wpcf7-text wpcf7-validates-as-required\" aria-required=\"true\" aria-invalid=\"false\" \/><\/span> <\/p>\n<p>Seu email*<br \/>\n    <span class=\"wpcf7-form-control-wrap\" data-name=\"your-email\"><input type=\"email\" name=\"your-email\" value=\"\" size=\"40\" class=\"wpcf7-form-control wpcf7-text wpcf7-email wpcf7-validates-as-required wpcf7-validates-as-email\" aria-required=\"true\" aria-invalid=\"false\" \/><\/span> <\/p>\n<p>Cidade\/Estado*<br \/>\n    <span class=\"wpcf7-form-control-wrap\" data-name=\"cidade-estado\"><input type=\"text\" name=\"cidade-estado\" value=\"\" size=\"40\" class=\"wpcf7-form-control wpcf7-text wpcf7-validates-as-required\" aria-required=\"true\" aria-invalid=\"false\" \/><\/span> <\/p>\n<p>Motivo de ora\u00e7\u00e3o<br \/>\n    <span class=\"wpcf7-form-control-wrap\" data-name=\"your-message\"><textarea name=\"your-message\" cols=\"40\" rows=\"10\" class=\"wpcf7-form-control wpcf7-textarea\" aria-invalid=\"false\"><\/textarea><\/span> <\/p>\n<div class=\"clear\"><\/div>\n<p><input type=\"submit\" value=\"Enviar\" class=\"wpcf7-form-control has-spinner wpcf7-submit\" \/><\/p>\n<p style=\"display: none !important;\"><label>&#916;<textarea name=\"_wpcf7_ak_hp_textarea\" cols=\"45\" rows=\"8\" maxlength=\"100\"><\/textarea><\/label><input type=\"hidden\" id=\"ak_js_1\" name=\"_wpcf7_ak_js\" value=\"23\"\/><script>document.getElementById( \"ak_js_1\" ).setAttribute( \"value\", ( new Date() ).getTime() );<\/script><\/p><div class=\"wpcf7-response-output\" aria-hidden=\"true\"><\/div><\/form><\/div>\n<\/div>\n<\/div><\/div><\/div><\/div><\/div>","protected":false},"excerpt":{"rendered":"<p>\u201cOrem no Esp\u00edrito em todas as ocasi\u00f5es, com toda ora\u00e7\u00e3o e s\u00faplica; tendo isso em mente, estejam atentos e perseverem na ora\u00e7\u00e3o por todos os santos.\u201d &#8211; Ef\u00e9sios 6.18 Deixe aqui o seu pedido de ora\u00e7\u00e3o. Estaremos levando para nosso time de intercessores e aplicando f\u00e9 na sua vit\u00f3ria.<\/p>\n","protected":false},"author":2,"featured_media":9037,"parent":0,"menu_order":0,"comment_status":"closed","ping_status":"closed","template":"","meta":[],"aioseo_notices":[],"_links":{"self":[{"href":"https:\/\/paz.church\/sinop\/wp-json\/wp\/v2\/pages\/1253"}],"collection":[{"href":"https:\/\/paz.church\/sinop\/wp-json\/wp\/v2\/pages"}],"about":[{"href":"https:\/\/paz.church\/sinop\/wp-json\/wp\/v2\/types\/page"}],"author":[{"embeddable":true,"href":"https:\/\/paz.church\/sinop\/wp-json\/wp\/v2\/users\/2"}],"replies":[{"embeddable":true,"href":"https:\/\/paz.church\/sinop\/wp-json\/wp\/v2\/comments?post=1253"}],"version-history":[{"count":1,"href":"https:\/\/paz.church\/sinop\/wp-json\/wp\/v2\/pages\/1253\/revisions"}],"predecessor-version":[{"id":9038,"href":"https:\/\/paz.church\/sinop\/wp-json\/wp\/v2\/pages\/1253\/revisions\/9038"}],"wp:featuredmedia":[{"embeddable":true,"href":"https:\/\/paz.church\/sinop\/wp-json\/wp\/v2\/media\/9037"}],"wp:attachment":[{"href":"https:\/\/paz.church\/sinop\/wp-json\/wp\/v2\/media?parent=1253"}],"curies":[{"name":"wp","href":"https:\/\/api.w.org\/{rel}","templated":true}]}}