{"id":8336,"date":"2017-02-01T01:22:58","date_gmt":"2017-02-01T03:22:58","guid":{"rendered":"https:\/\/paz.church\/saopaulo\/?page_id=8336"},"modified":"2022-12-29T11:01:10","modified_gmt":"2022-12-29T14:01:10","slug":"links","status":"publish","type":"page","link":"https:\/\/paz.church\/sobral\/links\/","title":{"rendered":"Links"},"content":{"rendered":"<div id=\"pl-8336\"  class=\"panel-layout\" ><div id=\"pg-8336-0\"  class=\"panel-grid panel-has-style\" ><div id=\"Links-Page\" class=\"panel-row-style panel-row-style-for-8336-0\" ><div id=\"pgc-8336-0-0\"  class=\"panel-grid-cell\" ><div id=\"panel-8336-0-0-0\" class=\"so-panel widget widget_media_image panel-first-child panel-last-child\" data-index=\"0\" ><div class=\"panel-widget-style panel-widget-style-for-8336-0-0-0\" ><a href=\"http:\/\/paz.church\/sobral\"><img loading=\"lazy\" decoding=\"async\" width=\"220\" height=\"64\" src=\"https:\/\/paz.church\/sobral\/wp-content\/uploads\/2022\/09\/logo_top.png\" class=\"image wp-image-7  attachment-full size-full\" alt=\"\" style=\"max-width: 100%; height: auto;\" \/><\/a><\/div><\/div><\/div><\/div><\/div><div id=\"pg-8336-1\"  class=\"panel-grid panel-has-style\" ><div id=\"Links-Page\" class=\"panel-row-style panel-row-style-for-8336-1\" ><div id=\"pgc-8336-1-0\"  class=\"panel-grid-cell\" ><div id=\"panel-8336-1-0-0\" class=\"so-panel widget widget_sow-button panel-first-child\" data-index=\"1\" ><div\n\t\t\t\n\t\t\tclass=\"so-widget-sow-button so-widget-sow-button-flat-3117d568db76-8336\"\n\t\t\t\n\t\t><div class=\"ow-button-base ow-button-align-center\">\n\t<a\n\thref=\"https:\/\/paz.church\/sobral\/jesus\/\"\n\t\tclass=\"ow-icon-placement-left\" target=\"_blank\" rel=\"noopener noreferrer\" \t>\n\t\t<span>\n\t\t\t\n\t\t\tFiz a decis\u00e3o por Jesus\t\t<\/span>\n\t<\/a>\n<\/div>\n<\/div><\/div><div id=\"panel-8336-1-0-1\" class=\"so-panel widget widget_sow-button\" data-index=\"2\" ><div\n\t\t\t\n\t\t\tclass=\"so-widget-sow-button so-widget-sow-button-flat-3117d568db76-8336\"\n\t\t\t\n\t\t><div class=\"ow-button-base ow-button-align-center\">\n\t<a\n\thref=\"https:\/\/paz.church\/sobral\/celulas\/\"\n\t\tclass=\"ow-icon-placement-left\" target=\"_blank\" rel=\"noopener noreferrer\" \t>\n\t\t<span>\n\t\t\t\n\t\t\tQuero um C\u00e9lula\t\t<\/span>\n\t<\/a>\n<\/div>\n<\/div><\/div><div id=\"panel-8336-1-0-2\" class=\"so-panel widget widget_sow-button\" data-index=\"3\" ><div\n\t\t\t\n\t\t\tclass=\"so-widget-sow-button so-widget-sow-button-flat-3117d568db76-8336\"\n\t\t\t\n\t\t><div class=\"ow-button-base ow-button-align-center\">\n\t<a\n\thref=\"https:\/\/paz.church\/sobral\/contribua\/\"\n\t\tclass=\"ow-icon-placement-left\" target=\"_blank\" rel=\"noopener noreferrer\" \t>\n\t\t<span>\n\t\t\t\n\t\t\tD\u00edzimos e Ofertas\t\t<\/span>\n\t<\/a>\n<\/div>\n<\/div><\/div><div id=\"panel-8336-1-0-3\" class=\"so-panel widget widget_sow-button\" data-index=\"4\" ><div\n\t\t\t\n\t\t\tclass=\"so-widget-sow-button so-widget-sow-button-flat-3117d568db76-8336\"\n\t\t\t\n\t\t><div class=\"ow-button-base ow-button-align-center\">\n\t<a\n\thref=\"https:\/\/paz.church\/sobral\/cultos\/\"\n\t\tclass=\"ow-icon-placement-left\" target=\"_blank\" rel=\"noopener noreferrer\" \t>\n\t\t<span>\n\t\t\t\n\t\t\tCultos de Celebra\u00e7\u00e3o\t\t<\/span>\n\t<\/a>\n<\/div>\n<\/div><\/div><div id=\"panel-8336-1-0-4\" class=\"so-panel widget widget_sow-button\" data-index=\"5\" ><div\n\t\t\t\n\t\t\tclass=\"so-widget-sow-button so-widget-sow-button-flat-3117d568db76-8336\"\n\t\t\t\n\t\t><div class=\"ow-button-base ow-button-align-center\">\n\t<a\n\thref=\"https:\/\/paz.church\/sobral\/voluntario\/\"\n\t\tclass=\"ow-icon-placement-left\" target=\"_blank\" rel=\"noopener noreferrer\" \t>\n\t\t<span>\n\t\t\t\n\t\t\tQuero ser volunt\u00e1rio\t\t<\/span>\n\t<\/a>\n<\/div>\n<\/div><\/div><div id=\"panel-8336-1-0-5\" class=\"so-panel widget widget_sow-button panel-last-child\" data-index=\"6\" ><div\n\t\t\t\n\t\t\tclass=\"so-widget-sow-button so-widget-sow-button-flat-3117d568db76-8336\"\n\t\t\t\n\t\t><div class=\"ow-button-base ow-button-align-center\">\n\t<a\n\thref=\"https:\/\/paz.church\/sobral\/agenda\/\"\n\t\tclass=\"ow-icon-placement-left\" target=\"_blank\" rel=\"noopener noreferrer\" \t>\n\t\t<span>\n\t\t\t\n\t\t\tPr\u00f3ximos eventos\t\t<\/span>\n\t<\/a>\n<\/div>\n<\/div><\/div><\/div><\/div><\/div><div id=\"pg-8336-2\"  class=\"panel-grid panel-no-style\" ><div id=\"pgc-8336-2-0\"  class=\"panel-grid-cell\" ><div id=\"panel-8336-2-0-0\" class=\"so-panel widget widget_sow-social-media-buttons panel-first-child\" data-index=\"7\" ><div class=\"panel-widget-style panel-widget-style-for-8336-2-0-0\" ><div\n\t\t\t\n\t\t\tclass=\"so-widget-sow-social-media-buttons so-widget-sow-social-media-buttons-wire-413132b07e36-8336\"\n\t\t\t\n\t\t>\n\n<div class=\"social-media-button-container\">\n\t\n\t\t<a class=\"sow-social-media-button-facebook-0 sow-social-media-button\" title=\"Paz Church | Sobral em Facebook\" aria-label=\"Paz Church | Sobral em Facebook\" target=\"_blank\" rel=\"noopener noreferrer\" href=\"https:\/\/www.facebook.com\/PazChurchSobral\" >\n\t\t\t<span>\n\t\t\t\t\t\t\t\t<span class=\"sow-icon-fontawesome sow-fab\" data-sow-icon=\"&#xf39e;\"\n\t\t \n\t\taria-hidden=\"true\"><\/span>\t\t\t\t\t\t\t<\/span>\n\t\t<\/a>\n\t\n\t\t<a class=\"sow-social-media-button-instagram-0 sow-social-media-button\" title=\"Paz Church | Sobral em Instagram\" aria-label=\"Paz Church | Sobral em Instagram\" target=\"_blank\" rel=\"noopener noreferrer\" href=\"https:\/\/www.instagram.com\/pazsobral\/\" >\n\t\t\t<span>\n\t\t\t\t\t\t\t\t<span class=\"sow-icon-fontawesome sow-fab\" data-sow-icon=\"&#xf16d;\"\n\t\t \n\t\taria-hidden=\"true\"><\/span>\t\t\t\t\t\t\t<\/span>\n\t\t<\/a>\n\t\n\t\t<a class=\"sow-social-media-button-twitter-0 sow-social-media-button\" title=\"Paz Church | Sobral em Twitter\" aria-label=\"Paz Church | Sobral em Twitter\" target=\"_blank\" rel=\"noopener noreferrer\" >\n\t\t\t<span>\n\t\t\t\t\t\t\t\t<span class=\"sow-icon-fontawesome sow-fab\" data-sow-icon=\"&#xf099;\"\n\t\t \n\t\taria-hidden=\"true\"><\/span>\t\t\t\t\t\t\t<\/span>\n\t\t<\/a>\n\t\n\t\t<a class=\"sow-social-media-button-youtube-0 sow-social-media-button\" title=\"Paz Church | Sobral em Youtube\" aria-label=\"Paz Church | Sobral em Youtube\" target=\"_blank\" rel=\"noopener noreferrer\" href=\"https:\/\/www.youtube.com\/@PazChurchSobral\" >\n\t\t\t<span>\n\t\t\t\t\t\t\t\t<span class=\"sow-icon-fontawesome sow-fab\" data-sow-icon=\"&#xf167;\"\n\t\t \n\t\taria-hidden=\"true\"><\/span>\t\t\t\t\t\t\t<\/span>\n\t\t<\/a>\n\t\n\t\t<a class=\"sow-social-media-button-spotify-0 sow-social-media-button\" title=\"Podcast\" aria-label=\"Podcast\" target=\"_blank\" rel=\"noopener noreferrer\" >\n\t\t\t<span>\n\t\t\t\t\t\t\t\t<span class=\"sow-icon-fontawesome sow-fab\" data-sow-icon=\"&#xf1bc;\"\n\t\t \n\t\taria-hidden=\"true\"><\/span>\t\t\t\t\t\t\t<\/span>\n\t\t<\/a>\n\t<\/div>\n<\/div><\/div><\/div><div id=\"panel-8336-2-0-1\" class=\"so-panel widget widget_siteorigin-panels-builder panel-last-child\" data-index=\"8\" ><div class=\"panel-widget-style panel-widget-style-for-8336-2-0-1\" ><div id=\"pl-w63ad9da639ed0\"  class=\"panel-layout\" ><div id=\"pg-w63ad9da639ed0-0\"  class=\"panel-grid panel-no-style\" ><div id=\"pgc-w63ad9da639ed0-0-0\"  class=\"panel-grid-cell\" ><div id=\"panel-w63ad9da639ed0-0-0-0\" class=\"so-panel widget widget_sow-icon panel-first-child panel-last-child\" data-index=\"0\" ><div\n\t\t\t\n\t\t\tclass=\"so-widget-sow-icon so-widget-sow-icon-default-a3f5af5d557b\"\n\t\t\t\n\t\t>\n<div class=\"sow-icon-container sow-icon\">\n\t\t\t<a href=\"https:\/\/paz.church\/sobral\/\" >\n\t\t\t<span class=\"sow-icon-elegantline\" data-sow-icon=\"&#xe052;\"\n\t\t \n\t\taria-hidden=\"true\"><\/span>\t\t\t<\/a>\n\t<\/div>\n<\/div><\/div><\/div><div id=\"pgc-w63ad9da639ed0-0-1\"  class=\"panel-grid-cell\" ><div id=\"panel-w63ad9da639ed0-0-1-0\" class=\"so-panel widget widget_sow-headline panel-first-child panel-last-child\" data-index=\"1\" ><div class=\"panel-widget-style panel-widget-style-for-w63ad9da639ed0-0-1-0\" ><div\n\t\t\t\n\t\t\tclass=\"so-widget-sow-headline so-widget-sow-headline-default-212526f6ca9a\"\n\t\t\t\n\t\t><div class=\"sow-headline-container \">\n\t<p class='sow-headline'>\t\t\t\t\t\t<a href=\"https:\/\/paz.church\/sobral\/\" target=\"_blank\" rel=\"noopener noreferrer\">\n\t\t\t\t\tSite completo<\/a><\/p><\/div>\n<\/div><\/div><\/div><\/div><\/div><\/div><\/div><\/div><\/div><\/div><\/div>","protected":false},"excerpt":{"rendered":"<p>Fiz a decis\u00e3o por Jesus Quero um C\u00e9lula D\u00edzimos e Ofertas Cultos de Celebra\u00e7\u00e3o Quero ser volunt\u00e1rio Pr\u00f3ximos eventos Site completo<\/p>\n","protected":false},"author":1,"featured_media":0,"parent":0,"menu_order":0,"comment_status":"closed","ping_status":"closed","template":"page-links.php","meta":{"_seopress_robots_primary_cat":"","footnotes":""},"class_list":["post-8336","page","type-page","status-publish","no-thumb"],"_links":{"self":[{"href":"https:\/\/paz.church\/sobral\/wp-json\/wp\/v2\/pages\/8336","targetHints":{"allow":["GET"]}}],"collection":[{"href":"https:\/\/paz.church\/sobral\/wp-json\/wp\/v2\/pages"}],"about":[{"href":"https:\/\/paz.church\/sobral\/wp-json\/wp\/v2\/types\/page"}],"author":[{"embeddable":true,"href":"https:\/\/paz.church\/sobral\/wp-json\/wp\/v2\/users\/1"}],"replies":[{"embeddable":true,"href":"https:\/\/paz.church\/sobral\/wp-json\/wp\/v2\/comments?post=8336"}],"version-history":[{"count":7,"href":"https:\/\/paz.church\/sobral\/wp-json\/wp\/v2\/pages\/8336\/revisions"}],"predecessor-version":[{"id":20710,"href":"https:\/\/paz.church\/sobral\/wp-json\/wp\/v2\/pages\/8336\/revisions\/20710"}],"wp:attachment":[{"href":"https:\/\/paz.church\/sobral\/wp-json\/wp\/v2\/media?parent=8336"}],"curies":[{"name":"wp","href":"https:\/\/api.w.org\/{rel}","templated":true}]}}