{"id":1243,"date":"2018-12-11T21:08:04","date_gmt":"2018-12-11T23:08:04","guid":{"rendered":"https:\/\/paz.church\/saopaulo\/?page_id=1243"},"modified":"2024-04-29T15:18:31","modified_gmt":"2024-04-29T18:18:31","slug":"quem-somos","status":"publish","type":"page","link":"https:\/\/paz.church\/taboao\/quem-somos\/","title":{"rendered":"Quem Somos"},"content":{"rendered":"<p>A Paz Church Tabo\u00e3o da Serra \u00e9 uma fam\u00edlia que n\u00e3o para de crescer!<\/p>\n<p>Nossos cultos aos domingos s\u00e3o vibrantes. A come\u00e7ar pela recep\u00e7\u00e3o calorosa de nossa Atmosfera. M\u00fasicas que embalam a sua devo\u00e7\u00e3o com Deus, tanto em um alegre e jovial louvor, quanto na mais profunda adora\u00e7\u00e3o. A ministra\u00e7\u00e3o da Palavra de Deus \u00e9 din\u00e2mica, com conhecimento, interativa e bem humorada. Com certeza marcar\u00e1 a sua vida.<\/p>\n<p>Fazemos parte de uma denomina\u00e7\u00e3o que tem expandido o Reino de Deus, implantando igrejas em v\u00e1rias cidades do mundo, todas organizadas em pequenos grupos e solidificadas em v\u00ednculos fortes e inquebr\u00e1veis de discipulado.<\/p>\n<p>Tamb\u00e9m temos debaixo de nossa cobertura, um n\u00facleo consolidado e muito promissor em Parais\u00f3polis, capital de S\u00e3o Paulo.<\/p>\n<p>Nossa sede regional fica na Avenida Fel\u00edcio Barutti, 660, Cidade-Intercap.<\/p>\n<p>Voc\u00ea e sua fam\u00edlia s\u00e3o os nossos convidados especiais.<\/p>\n<p><strong>Somos fam\u00edlia! Somos a Paz Church Tabo\u00e3o da Serra!<\/strong><\/p>\n","protected":false},"excerpt":{"rendered":"<p>A Paz Church Tabo\u00e3o da Serra \u00e9 uma fam\u00edlia que n\u00e3o para de crescer! Nossos cultos aos domingos s\u00e3o vibrantes. A come\u00e7ar pela recep\u00e7\u00e3o calorosa de nossa Atmosfera. M\u00fasicas que embalam a sua devo\u00e7\u00e3o com Deus, tanto em um alegre e jovial louvor, quanto na mais profunda adora\u00e7\u00e3o. A ministra\u00e7\u00e3o da Palavra de Deus \u00e9Continue reading &rarr;<\/p>\n","protected":false},"author":1,"featured_media":9414,"parent":0,"menu_order":0,"comment_status":"closed","ping_status":"closed","template":"","meta":{"footnotes":""},"aioseo_notices":[],"_links":{"self":[{"href":"https:\/\/paz.church\/taboao\/wp-json\/wp\/v2\/pages\/1243"}],"collection":[{"href":"https:\/\/paz.church\/taboao\/wp-json\/wp\/v2\/pages"}],"about":[{"href":"https:\/\/paz.church\/taboao\/wp-json\/wp\/v2\/types\/page"}],"author":[{"embeddable":true,"href":"https:\/\/paz.church\/taboao\/wp-json\/wp\/v2\/users\/1"}],"replies":[{"embeddable":true,"href":"https:\/\/paz.church\/taboao\/wp-json\/wp\/v2\/comments?post=1243"}],"version-history":[{"count":4,"href":"https:\/\/paz.church\/taboao\/wp-json\/wp\/v2\/pages\/1243\/revisions"}],"predecessor-version":[{"id":9416,"href":"https:\/\/paz.church\/taboao\/wp-json\/wp\/v2\/pages\/1243\/revisions\/9416"}],"wp:featuredmedia":[{"embeddable":true,"href":"https:\/\/paz.church\/taboao\/wp-json\/wp\/v2\/media\/9414"}],"wp:attachment":[{"href":"https:\/\/paz.church\/taboao\/wp-json\/wp\/v2\/media?parent=1243"}],"curies":[{"name":"wp","href":"https:\/\/api.w.org\/{rel}","templated":true}]}}