{"id":1249,"date":"2018-12-11T21:10:16","date_gmt":"2018-12-11T23:10:16","guid":{"rendered":"https:\/\/paz.church\/saopaulo\/?page_id=1249"},"modified":"2024-04-29T14:57:19","modified_gmt":"2024-04-29T17:57:19","slug":"time","status":"publish","type":"page","link":"https:\/\/paz.church\/taboao\/time\/","title":{"rendered":"Nosso time"},"content":{"rendered":"<div id=\"pl-1249\"  class=\"panel-layout\" ><div id=\"pg-1249-0\"  class=\"panel-grid panel-has-style\" ><div class=\"siteorigin-panels-stretch panel-row-style panel-row-style-for-1249-0\" id=\"Team01\" data-stretch-type=\"full\" ><div id=\"pgc-1249-0-0\"  class=\"panel-grid-cell\" ><div id=\"colunas-widget\" class=\"panel-cell-style panel-cell-style-for-1249-0-0\" ><div id=\"panel-1249-0-0-0\" class=\"so-panel widget widget_sow-headline panel-first-child panel-last-child\" data-index=\"0\" ><div class=\"titulo panel-widget-style panel-widget-style-for-1249-0-0-0\" ><div\n\t\t\t\n\t\t\tclass=\"so-widget-sow-headline so-widget-sow-headline-default-781b3de0ede0-1249\"\n\t\t\t\n\t\t><div class=\"sow-headline-container \">\n\t<h3 class='sow-headline'>Pastores Seniores<\/h3><\/div>\n<\/div><\/div><\/div><\/div><\/div><\/div><\/div><div id=\"pg-1249-1\"  class=\"panel-grid panel-has-style\" ><div class=\"siteorigin-panels-stretch panel-row-style panel-row-style-for-1249-1\" id=\"team\" data-stretch-type=\"full\" ><div id=\"pgc-1249-1-0\"  class=\"panel-grid-cell\" ><div id=\"panel-1249-1-0-0\" class=\"so-panel widget widget_sow-editor panel-first-child panel-last-child\" data-index=\"1\" ><div\n\t\t\t\n\t\t\tclass=\"so-widget-sow-editor so-widget-sow-editor-base\"\n\t\t\t\n\t\t><h3 class=\"widget-title\">Almir &amp; Vera<\/h3>\n<div class=\"siteorigin-widget-tinymce textwidget\">\n\t<p><img loading=\"lazy\" decoding=\"async\" class=\"alignleft wp-image-9384 size-medium\" src=\"https:\/\/paz.church\/taboao\/wp-content\/uploads\/2024\/04\/Imagem-do-WhatsApp-de-2024-04-15-as-21.12.32_3a404646-e1714403348835-271x300.jpg\" alt=\"\" width=\"271\" height=\"300\" srcset=\"https:\/\/paz.church\/taboao\/wp-content\/uploads\/2024\/04\/Imagem-do-WhatsApp-de-2024-04-15-as-21.12.32_3a404646-e1714403348835-271x300.jpg 271w, https:\/\/paz.church\/taboao\/wp-content\/uploads\/2024\/04\/Imagem-do-WhatsApp-de-2024-04-15-as-21.12.32_3a404646-e1714403348835-768x849.jpg 768w, https:\/\/paz.church\/taboao\/wp-content\/uploads\/2024\/04\/Imagem-do-WhatsApp-de-2024-04-15-as-21.12.32_3a404646-e1714403348835.jpg 888w\" sizes=\"(max-width: 271px) 100vw, 271px\" \/><\/p>\n<\/div>\n<\/div><\/div><\/div><div id=\"pgc-1249-1-1\"  class=\"panel-grid-cell\" ><div id=\"panel-1249-1-1-0\" class=\"so-panel widget widget_sow-editor panel-first-child\" data-index=\"2\" ><div\n\t\t\t\n\t\t\tclass=\"so-widget-sow-editor so-widget-sow-editor-base\"\n\t\t\t\n\t\t><h3 class=\"widget-title\">Almir &amp; Vera<\/h3>\n<div class=\"siteorigin-widget-tinymce textwidget\">\n\t<p>Os pastores Almir e Vera s\u00e3o figuras centrais na hist\u00f3ria da Paz Church, com uma trajet\u00f3ria de 30 anos de dedica\u00e7\u00e3o \u00e0 igreja. Com quase uma d\u00e9cada de lideran\u00e7a pastoral, eles s\u00e3o exemplos de cuidado e amor, tendo iniciado seu trabalho na Paz Church em Parais\u00f3polis e atualmente pastoreando na Paz Church Tabo\u00e3o. Al\u00e9m de cuidar da comunidade, s\u00e3o reconhecidos como evangelistas apaixonados pelo servi\u00e7o ao\u00a0Reino\u00a0de\u00a0Deus.<\/p>\n<\/div>\n<\/div><\/div><div id=\"panel-1249-1-1-1\" class=\"so-panel widget widget_sow-social-media-buttons panel-last-child\" data-index=\"3\" ><div class=\"redessociais panel-widget-style panel-widget-style-for-1249-1-1-1\" ><div\n\t\t\t\n\t\t\tclass=\"so-widget-sow-social-media-buttons so-widget-sow-social-media-buttons-flat-e1c3f06111d4-1249\"\n\t\t\t\n\t\t>\n\n<div class=\"social-media-button-container\">\n\t\n\t\t<a class=\"sow-social-media-button-youtube-0 sow-social-media-button\" title=\"Paz Church | Tabo\u00e3o da Serra em Youtube\" aria-label=\"Paz Church | Tabo\u00e3o da Serra em Youtube\" target=\"_blank\" rel=\"noopener noreferrer\" href=\"https:\/\/www.youtube.com\/PazTaboao\" >\n\t\t\t<span>\n\t\t\t\t\t\t\t\t<span class=\"sow-icon-fontawesome sow-fab\" data-sow-icon=\"&#xf167;\"\n\t\t \n\t\taria-hidden=\"true\"><\/span>\t\t\t\t\t\t\t<\/span>\n\t\t<\/a>\n\t<\/div>\n<\/div><\/div><\/div><\/div><\/div><\/div><div id=\"pg-1249-2\"  class=\"panel-grid panel-has-style\" ><div class=\"siteorigin-panels-stretch panel-row-style panel-row-style-for-1249-2\" id=\"staff\" data-stretch-type=\"full\" ><div id=\"pgc-1249-2-0\"  class=\"panel-grid-cell panel-grid-cell-empty\" ><div id=\"colunas-widget\" class=\"panel-cell-style panel-cell-style-for-1249-2-0\" ><\/div><\/div><\/div><\/div><div id=\"pg-1249-3\"  class=\"panel-grid panel-has-style\" ><div class=\"siteorigin-panels-stretch panel-row-style panel-row-style-for-1249-3\" id=\"staff\" data-stretch-type=\"full\" ><div id=\"pgc-1249-3-0\"  class=\"panel-grid-cell panel-grid-cell-empty panel-grid-cell-mobile-last\" ><\/div><div id=\"pgc-1249-3-1\"  class=\"panel-grid-cell panel-grid-cell-empty\" ><\/div><\/div><\/div><\/div>","protected":false},"excerpt":{"rendered":"<p>Pastores Seniores Almir &amp; Vera Almir &amp; Vera Os pastores Almir e Vera s\u00e3o figuras centrais na hist\u00f3ria da Paz Church, com uma trajet\u00f3ria de 30 anos de dedica\u00e7\u00e3o \u00e0 igreja. Com quase uma d\u00e9cada de lideran\u00e7a pastoral, eles s\u00e3o exemplos de cuidado e amor, tendo iniciado seu trabalho na Paz Church em Parais\u00f3polis eContinue reading &rarr;<\/p>\n","protected":false},"author":1,"featured_media":9414,"parent":0,"menu_order":0,"comment_status":"closed","ping_status":"closed","template":"","meta":{"footnotes":""},"aioseo_notices":[],"_links":{"self":[{"href":"https:\/\/paz.church\/taboao\/wp-json\/wp\/v2\/pages\/1249"}],"collection":[{"href":"https:\/\/paz.church\/taboao\/wp-json\/wp\/v2\/pages"}],"about":[{"href":"https:\/\/paz.church\/taboao\/wp-json\/wp\/v2\/types\/page"}],"author":[{"embeddable":true,"href":"https:\/\/paz.church\/taboao\/wp-json\/wp\/v2\/users\/1"}],"replies":[{"embeddable":true,"href":"https:\/\/paz.church\/taboao\/wp-json\/wp\/v2\/comments?post=1249"}],"version-history":[{"count":32,"href":"https:\/\/paz.church\/taboao\/wp-json\/wp\/v2\/pages\/1249\/revisions"}],"predecessor-version":[{"id":9413,"href":"https:\/\/paz.church\/taboao\/wp-json\/wp\/v2\/pages\/1249\/revisions\/9413"}],"wp:featuredmedia":[{"embeddable":true,"href":"https:\/\/paz.church\/taboao\/wp-json\/wp\/v2\/media\/9414"}],"wp:attachment":[{"href":"https:\/\/paz.church\/taboao\/wp-json\/wp\/v2\/media?parent=1249"}],"curies":[{"name":"wp","href":"https:\/\/api.w.org\/{rel}","templated":true}]}}