{"id":1249,"date":"2018-12-11T21:10:16","date_gmt":"2018-12-11T20:10:16","guid":{"rendered":"https:\/\/paz.church\/saopaulo\/?page_id=1249"},"modified":"2022-07-28T13:44:43","modified_gmt":"2022-07-28T11:44:43","slug":"il-nostro-pastore","status":"publish","type":"page","link":"https:\/\/paz.church\/torino\/il-nostro-pastore\/","title":{"rendered":"Il nostro pastore"},"content":{"rendered":"<div id=\"pl-1249\"  class=\"panel-layout\" ><div id=\"pg-1249-0\"  class=\"panel-grid panel-has-style\" ><div class=\"siteorigin-panels-stretch panel-row-style panel-row-style-for-1249-0\" id=\"Team01\" data-stretch-type=\"full\" ><div id=\"pgc-1249-0-0\"  class=\"panel-grid-cell\" ><div id=\"colunas-widget\" class=\"panel-cell-style panel-cell-style-for-1249-0-0\" ><div id=\"panel-1249-0-0-0\" class=\"so-panel widget widget_sow-headline panel-first-child panel-last-child\" data-index=\"0\" ><div class=\"titulo panel-widget-style panel-widget-style-for-1249-0-0-0\" ><div\n\t\t\t\n\t\t\tclass=\"so-widget-sow-headline so-widget-sow-headline-default-781b3de0ede0-1249\"\n\t\t\t\n\t\t><div class=\"sow-headline-container \">\n\t<h3 class='sow-headline'>Leadership<\/h3><\/div>\n<\/div><\/div><\/div><\/div><\/div><\/div><\/div><div id=\"pg-1249-1\"  class=\"panel-grid panel-has-style\" ><div class=\"siteorigin-panels-stretch panel-row-style panel-row-style-for-1249-1\" id=\"team\" data-stretch-type=\"full\" ><div id=\"pgc-1249-1-0\"  class=\"panel-grid-cell\" ><div id=\"panel-1249-1-0-0\" class=\"so-panel widget widget_sow-image panel-first-child panel-last-child\" data-index=\"1\" ><div\n\t\t\t\n\t\t\tclass=\"so-widget-sow-image so-widget-sow-image-default-d6014b76747a-1249\"\n\t\t\t\n\t\t>\n\n<div class=\"sow-image-container\">\n\t\t<img decoding=\"async\" src=\"https:\/\/paz.church\/torino\/wp-content\/uploads\/2020\/04\/luisezuleide-330x330.jpg\" width=\"330\" height=\"330\" srcset=\"https:\/\/paz.church\/torino\/wp-content\/uploads\/2020\/04\/luisezuleide-330x330.jpg 330w, https:\/\/paz.church\/torino\/wp-content\/uploads\/2020\/04\/luisezuleide-300x300.jpg 300w, https:\/\/paz.church\/torino\/wp-content\/uploads\/2020\/04\/luisezuleide-180x180.jpg 180w, https:\/\/paz.church\/torino\/wp-content\/uploads\/2020\/04\/luisezuleide-768x768.jpg 768w, https:\/\/paz.church\/torino\/wp-content\/uploads\/2020\/04\/luisezuleide-426x426.jpg 426w, https:\/\/paz.church\/torino\/wp-content\/uploads\/2020\/04\/luisezuleide-75x75.jpg 75w, https:\/\/paz.church\/torino\/wp-content\/uploads\/2020\/04\/luisezuleide.jpg 1000w\" sizes=\"(max-width: 330px) 100vw, 330px\" alt=\"\" loading=\"lazy\" \t\tclass=\"so-widget-image\"\/>\n\t<\/div>\n\n<\/div><\/div><\/div><div id=\"pgc-1249-1-1\"  class=\"panel-grid-cell\" ><div id=\"panel-1249-1-1-0\" class=\"so-panel widget widget_sow-editor panel-first-child panel-last-child\" data-index=\"2\" ><div\n\t\t\t\n\t\t\tclass=\"so-widget-sow-editor so-widget-sow-editor-base\"\n\t\t\t\n\t\t><h3 class=\"widget-title\">Luis &amp; Zuleide Aguiar<\/h3>\n<div class=\"siteorigin-widget-tinymce textwidget\">\n\t<p>Il pastore Luis \u00e8 supervisore delle Paz Church in Italia con sua moglie, La Pastora Zuleide. Laureato in teologia i psicologia, con una vasta esperienza in Life Group e discepolato, serve in Italia da 7 anni e mezzo. Fu uno dei pastori e leader della Paz Church di Santar\u00e9m, dove si moltiplic\u00f2 e form\u00f2 diversi leaders e pastori. Tanto lui come sua moglie entrambi sono visionari e appassionati.<\/p>\n<\/div>\n<\/div><\/div><\/div><\/div><\/div><div id=\"pg-1249-2\"  class=\"panel-grid panel-has-style\" ><div class=\"siteorigin-panels-stretch panel-row-style panel-row-style-for-1249-2\" id=\"staff\" data-stretch-type=\"full\" ><div id=\"pgc-1249-2-0\"  class=\"panel-grid-cell\" ><div id=\"colunas-widget\" class=\"panel-cell-style panel-cell-style-for-1249-2-0\" ><div id=\"panel-1249-2-0-0\" class=\"so-panel widget widget_sow-headline panel-first-child panel-last-child\" data-index=\"3\" ><div class=\"titulo panel-widget-style panel-widget-style-for-1249-2-0-0\" ><div\n\t\t\t\n\t\t\tclass=\"so-widget-sow-headline so-widget-sow-headline-default-781b3de0ede0-1249\"\n\t\t\t\n\t\t><div class=\"sow-headline-container \">\n\t<h3 class='sow-headline'>Squadra<\/h3><\/div>\n<\/div><\/div><\/div><\/div><\/div><\/div><\/div><div id=\"pg-1249-3\"  class=\"panel-grid panel-has-style\" ><div class=\"siteorigin-panels-stretch panel-row-style panel-row-style-for-1249-3\" id=\"staff\" data-stretch-type=\"full\" ><div id=\"pgc-1249-3-0\"  class=\"panel-grid-cell\" ><div id=\"panel-1249-3-0-0\" class=\"so-panel widget widget_sow-image panel-first-child\" data-index=\"4\" ><div\n\t\t\t\n\t\t\tclass=\"so-widget-sow-image so-widget-sow-image-default-d6014b76747a-1249\"\n\t\t\t\n\t\t>\n\n<div class=\"sow-image-container\">\n\t\t<img decoding=\"async\" src=\"https:\/\/paz.church\/torino\/wp-content\/uploads\/2020\/04\/haroldoemarcela-280x180.jpg\" width=\"280\" height=\"180\" sizes=\"(max-width: 280px) 100vw, 280px\" alt=\"\" loading=\"lazy\" \t\tclass=\"so-widget-image\"\/>\n\t<\/div>\n\n<\/div><\/div><div id=\"panel-1249-3-0-1\" class=\"so-panel widget widget_sow-editor panel-last-child\" data-index=\"5\" ><div\n\t\t\t\n\t\t\tclass=\"so-widget-sow-editor so-widget-sow-editor-base\"\n\t\t\t\n\t\t><h3 class=\"widget-title\">Haroldo &amp; Marcela<\/h3>\n<div class=\"siteorigin-widget-tinymce textwidget\">\n\t<p>Coppie \/ Atmosfera<\/p>\n<\/div>\n<\/div><\/div><\/div><div id=\"pgc-1249-3-1\"  class=\"panel-grid-cell panel-grid-cell-empty\" ><\/div><div id=\"pgc-1249-3-2\"  class=\"panel-grid-cell\" ><div id=\"panel-1249-3-2-0\" class=\"so-panel widget widget_sow-image panel-first-child\" data-index=\"6\" ><div\n\t\t\t\n\t\t\tclass=\"so-widget-sow-image so-widget-sow-image-default-d6014b76747a-1249\"\n\t\t\t\n\t\t>\n\n<div class=\"sow-image-container\">\n\t\t<img decoding=\"async\" src=\"https:\/\/paz.church\/torino\/wp-content\/uploads\/2020\/04\/valterecybelle-280x180.jpg\" width=\"280\" height=\"180\" sizes=\"(max-width: 280px) 100vw, 280px\" alt=\"\" loading=\"lazy\" \t\tclass=\"so-widget-image\"\/>\n\t<\/div>\n\n<\/div><\/div><div id=\"panel-1249-3-2-1\" class=\"so-panel widget widget_sow-editor panel-last-child\" data-index=\"7\" ><div\n\t\t\t\n\t\t\tclass=\"so-widget-sow-editor so-widget-sow-editor-base\"\n\t\t\t\n\t\t><h3 class=\"widget-title\">Valter &amp; Cybelle<\/h3>\n<div class=\"siteorigin-widget-tinymce textwidget\">\n\t<p>Giovani e Ragazzi<\/p>\n<\/div>\n<\/div><\/div><\/div><\/div><\/div><\/div>","protected":false},"excerpt":{"rendered":"<p>Il pastore Luis \u00e8 supervisore delle Paz Church in Italia con sua moglie, La Pastora Zuleide. Laureato in teologia i psicologia, con una vasta esperienza in Life Group e discepolato, serve in Italia da 7 anni e mezzo. Fu uno dei pastori e leader della Paz Church di Santar\u00e9m, dove si moltiplic\u00f2 e form\u00f2 diversiContinue reading &rarr;<\/p>\n","protected":false},"author":2,"featured_media":6236,"parent":0,"menu_order":0,"comment_status":"closed","ping_status":"closed","template":"","meta":{"footnotes":""},"aioseo_notices":[],"_links":{"self":[{"href":"https:\/\/paz.church\/torino\/wp-json\/wp\/v2\/pages\/1249"}],"collection":[{"href":"https:\/\/paz.church\/torino\/wp-json\/wp\/v2\/pages"}],"about":[{"href":"https:\/\/paz.church\/torino\/wp-json\/wp\/v2\/types\/page"}],"author":[{"embeddable":true,"href":"https:\/\/paz.church\/torino\/wp-json\/wp\/v2\/users\/2"}],"replies":[{"embeddable":true,"href":"https:\/\/paz.church\/torino\/wp-json\/wp\/v2\/comments?post=1249"}],"version-history":[{"count":21,"href":"https:\/\/paz.church\/torino\/wp-json\/wp\/v2\/pages\/1249\/revisions"}],"predecessor-version":[{"id":8582,"href":"https:\/\/paz.church\/torino\/wp-json\/wp\/v2\/pages\/1249\/revisions\/8582"}],"wp:featuredmedia":[{"embeddable":true,"href":"https:\/\/paz.church\/torino\/wp-json\/wp\/v2\/media\/6236"}],"wp:attachment":[{"href":"https:\/\/paz.church\/torino\/wp-json\/wp\/v2\/media?parent=1249"}],"curies":[{"name":"wp","href":"https:\/\/api.w.org\/{rel}","templated":true}]}}